{"id":7,"date":"2025-01-20T21:31:35","date_gmt":"2025-01-20T19:31:35","guid":{"rendered":"https:\/\/blog.edu.turku.fi\/ylimaarianvy\/?page_id=7"},"modified":"2026-03-26T18:43:51","modified_gmt":"2026-03-26T16:43:51","slug":"kokoukset","status":"publish","type":"page","link":"https:\/\/blog.edu.turku.fi\/ylimaarianvy\/kokoukset\/","title":{"rendered":"Kokoukset"},"content":{"rendered":"\n<p>Yhdistyksen kokoukset ovat kaikille Yli-Maarian koulun oppilaiden vanhemmille sek\u00e4 Yli-Maarian ja Piipari-Moision p\u00e4iv\u00e4kotien lasten vanhemmille avoimia tilaisuuksia. Tule rohkeasti mukaan! Kokouksessa kuulet etunen\u00e4ss\u00e4 koulun ja p\u00e4iv\u00e4kotien ajankohtaisista asioista ja p\u00e4\u00e4set kysym\u00e4\u00e4n mielt\u00e4 askarruttavista asioista.<\/p>\n\n\n\n<div class=\"wp-block-columns is-layout-flex wp-container-core-columns-is-layout-9d6595d7 wp-block-columns-is-layout-flex\">\n<div class=\"wp-block-column is-layout-flow wp-block-column-is-layout-flow\" style=\"flex-basis:66.66%\">\n<h3 class=\"wp-block-heading\"><strong>Tulevat kokoukset<\/strong>:<\/h3>\n\n\n\n<p class=\"has-text-color has-link-color wp-elements-950f82473819c87dd2ea6b835ff37588\" style=\"color:#69086a;font-size:20px\"><strong>ma 27.4.2026 klo 18<\/strong><br>ma 25.5.2026 klo 18<\/p>\n\n\n\n<p>Kokoukseen voi osallistua paikan p\u00e4\u00e4ll\u00e4 Yli-Maarian koululla (Kukkamaariankatu 44, 20400 Turku). Tila V\u00e4h\u00e4tori. K\u00e4ynti nuorisotilan ovesta (K-ovi). <\/p>\n\n\n\n<p>Osallistua voi my\u00f6s verkossa (Microsoft Teams):<\/p>\n\n\n\n<div class=\"wp-block-buttons is-layout-flex wp-block-buttons-is-layout-flex\">\n<div class=\"wp-block-button is-style-fill\"><a class=\"wp-block-button__link has-text-color has-background has-link-color has-custom-font-size wp-element-button\" style=\"color:#7b0583;background-color:#8b618e30;font-size:18px\"><strong>Liity kokoukseen nyt<\/strong><\/a><\/div>\n<\/div>\n\n\n\n<p style=\"font-size:13px\"><\/p>\n\n\n\n<p style=\"font-size:14px\"><strong>Microsoft Teams<\/strong>&nbsp;<a href=\"https:\/\/aka.ms\/JoinTeamsMeeting?omkt=fi-FI\" target=\"_blank\" rel=\"noreferrer noopener\">Tarvitsetko apua?<\/a><\/p>\n<\/div>\n\n\n\n<div class=\"wp-block-column is-layout-flow wp-block-column-is-layout-flow\" style=\"flex-basis:33.33%\">\n\n<!-- iframe plugin v.6.0 wordpress.org\/plugins\/iframe\/ -->\n<iframe loading=\"lazy\" src=\"https:\/\/opaskartta.turku.fi\/IMS\/fi\/embed?layers=Opaskartta&#038;cp=6714795,23462693&#038;z=1&#038;ui=z!g!o\" width=\"100%\" height=\"400\" scrolling=\"yes\" class=\"iframe-class\" frameborder=\"0\"><\/iframe>\n\n<\/div>\n<\/div>\n\n\n\n<hr class=\"wp-block-separator has-alpha-channel-opacity\" \/>\n\n\n\n<h3 class=\"wp-block-heading\">Kokousten p\u00f6yt\u00e4kirjat<\/h3>\n\n\n\n<p><strong>Hallituskausi 2025-2026<\/strong><br><a href=\"https:\/\/blog.edu.turku.fi\/ylimaarianvy\/files\/2025\/09\/1_1-Poytakirja_vuosikokous.pdf\" data-type=\"link\" data-id=\"https:\/\/blog.edu.turku.fi\/ylimaarianvy\/files\/2025\/09\/1_1-Poytakirja_vuosikokous.pdf\">P\u00f6yt\u00e4kirja 1 vuosikokous 1.9.2025 <\/a><br><a href=\"https:\/\/blog.edu.turku.fi\/ylimaarianvy\/files\/2025\/09\/2_1-Poytakirja_hallituksen_jarjestaytymiskokous.pdf\" data-type=\"link\" data-id=\"https:\/\/blog.edu.turku.fi\/ylimaarianvy\/files\/2025\/09\/2_1-Poytakirja_hallituksen_jarjestaytymiskokous.pdf\">P\u00f6yt\u00e4kirja 2 hallituksen j\u00e4rjest\u00e4ytymiskokous<\/a> <br><a href=\"https:\/\/blog.edu.turku.fi\/ylimaarianvy\/files\/2025\/11\/3_1-Poytakirja_29092025.pdf\" data-type=\"attachment\" data-id=\"760\">P\u00f6yt\u00e4kirja 3 kokous 29.9.2025<\/a><br><a href=\"https:\/\/blog.edu.turku.fi\/ylimaarianvy\/files\/2025\/12\/4_1-Poytakirja_03112025-.pdf\" data-type=\"link\" data-id=\"https:\/\/blog.edu.turku.fi\/ylimaarianvy\/files\/2025\/11\/4_1-Poytakirja_03112025-LUONNOS.pdf\">P\u00f6yt\u00e4kirja 4 kokous 3.11.2025<\/a><br><a href=\"https:\/\/blog.edu.turku.fi\/ylimaarianvy\/files\/2026\/01\/5_1-Poytakirja_08122025.pdf\">P\u00f6yt\u00e4kirja 5 kokous 5.12.2025<\/a><br><a href=\"https:\/\/blog.edu.turku.fi\/ylimaarianvy\/files\/2026\/03\/6_1-Po\u0308yta\u0308kirja_12012026.pdf\" data-type=\"link\" data-id=\"https:\/\/blog.edu.turku.fi\/ylimaarianvy\/files\/2026\/03\/6_1-Po\u0308yta\u0308kirja_12012026.pdf\">P\u00f6yt\u00e4kirja 6 kokous 12.1.2026<\/a><br><a href=\"https:\/\/blog.edu.turku.fi\/ylimaarianvy\/files\/2026\/03\/7_1-Po\u0308yta\u0308kirja_23022026.pdf\" data-type=\"link\" data-id=\"https:\/\/blog.edu.turku.fi\/ylimaarianvy\/files\/2026\/03\/7_1-Po\u0308yta\u0308kirja_23022026.pdf\">P\u00f6yt\u00e4kirja 7 kokous 23.2.2026<\/a><br><a href=\"https:\/\/blog.edu.turku.fi\/ylimaarianvy\/files\/2026\/03\/8_1-Po\u0308yta\u0308kirja-23.3.2026-LUONNOS.pdf\" data-type=\"link\" data-id=\"https:\/\/blog.edu.turku.fi\/ylimaarianvy\/files\/2026\/03\/8_1-Po\u0308yta\u0308kirja-23.3.2026-LUONNOS.pdf\">P\u00f6yt\u00e4kirja 8 kokous 23.3.2026 LUONNOS<\/a><br>Asialista 9 kokous 27.4.2026<a href=\"https:\/\/blog.edu.turku.fi\/ylimaarianvy\/files\/2026\/02\/7_Esityslista-23.2.2026.docx.pdf\"><br><\/a><br><strong>Hallituskausi 2024-2025<\/strong><br><a href=\"https:\/\/blog.edu.turku.fi\/ylimaarianvy\/files\/2025\/03\/1.1-VY_Poytakirja-1_vuosikokous-3.10.2024.pdf\" data-type=\"attachment\" data-id=\"327\">P\u00f6yt\u00e4kirja 1 vuosikokous 3.10.2024<\/a><br><a href=\"https:\/\/blog.edu.turku.fi\/ylimaarianvy\/files\/2025\/03\/2.1-VY_Poytakirja-2_hallituksen_jarjestaytymiskokous_3.10.2024.pdf\">P\u00f6yt\u00e4kirja 2 hallituksen j\u00e4rjest\u00e4ytymiskokous<\/a><br><a href=\"https:\/\/blog.edu.turku.fi\/ylimaarianvy\/files\/2025\/03\/3.1-Poytakirja-kokous-3_28.10.2024.docx-1.pdf\" data-type=\"attachment\" data-id=\"339\">P\u00f6yt\u00e4kirja 3 kokous 28.10.2024<\/a><br><a href=\"https:\/\/blog.edu.turku.fi\/ylimaarianvy\/files\/2025\/03\/4.1-VY_Poytakirja-kokous-4_25.11.2024.docx.pdf\" data-type=\"attachment\" data-id=\"329\">P\u00f6yt\u00e4kirja 4 kokous 25.11.2024<\/a><br><a href=\"https:\/\/blog.edu.turku.fi\/ylimaarianvy\/files\/2025\/03\/5.1-VY_Poytakirja-kokous-5_20.1.2025.docx-1.pdf\" data-type=\"attachment\" data-id=\"330\">P\u00f6yt\u00e4kirja 5 kokous 20.1.2025<\/a> <br><a href=\"https:\/\/blog.edu.turku.fi\/ylimaarianvy\/files\/2025\/03\/Poytakirja-kokous-3.3.2025.pdf\" data-type=\"link\" data-id=\"https:\/\/blog.edu.turku.fi\/ylimaarianvy\/files\/2025\/03\/Poytakirja-kokous-3.3.2025.pdf\">P\u00f6yt\u00e4kirja 6 kokous 3.3.2025<\/a><br><a href=\"https:\/\/blog.edu.turku.fi\/ylimaarianvy\/files\/2025\/05\/7.1-Poytakirja-kokous-7.4.2025.pdf\" data-type=\"attachment\" data-id=\"378\">P\u00f6yt\u00e4kirja 7 kokous 7.4.2025 <\/a><br><a href=\"https:\/\/blog.edu.turku.fi\/ylimaarianvy\/files\/2025\/08\/8.1-Poytakirja-kokous-8_12.5.2025.pdf\" data-type=\"attachment\" data-id=\"496\">P\u00f6yt\u00e4kirja 8 kokous 13.5.2025<\/a><br><a href=\"https:\/\/blog.edu.turku.fi\/ylimaarianvy\/files\/2025\/08\/9.1-Poytakirja-kokous-9_13.8.2025.pdf\" data-type=\"link\" data-id=\"https:\/\/blog.edu.turku.fi\/ylimaarianvy\/files\/2025\/08\/9.1-Poytakirja-kokous-9_13.8.2025.pdf\">P\u00f6yt\u00e4kirja 9 kokous 13.8.2025<\/a><\/p>\n\n\n\n<p><a href=\"https:\/\/blog.edu.turku.fi\/ylimaarianvy\/files\/2025\/10\/Vy_Toimintakertomus-2024-2025.pdf\">Toimintakertomus 2024-2025<\/a><\/p>\n\n\n\n<p><\/p>\n\n\n\n<p><\/p>\n","protected":false},"excerpt":{"rendered":"<p>Yhdistyksen kokoukset ovat kaikille Yli-Maarian koulun oppilaiden vanhemmille sek\u00e4 Yli-Maarian ja Piipari-Moision p\u00e4iv\u00e4kotien lasten vanhemmille avoimia tilaisuuksia. Tule rohkeasti mukaan! &hellip; <\/p>\n","protected":false},"author":9,"featured_media":0,"parent":0,"menu_order":0,"comment_status":"closed","ping_status":"closed","template":"","meta":{"footnotes":""},"class_list":["post-7","page","type-page","status-publish","hentry","latest_post"],"_links":{"self":[{"href":"https:\/\/blog.edu.turku.fi\/ylimaarianvy\/wp-json\/wp\/v2\/pages\/7","targetHints":{"allow":["GET"]}}],"collection":[{"href":"https:\/\/blog.edu.turku.fi\/ylimaarianvy\/wp-json\/wp\/v2\/pages"}],"about":[{"href":"https:\/\/blog.edu.turku.fi\/ylimaarianvy\/wp-json\/wp\/v2\/types\/page"}],"author":[{"embeddable":true,"href":"https:\/\/blog.edu.turku.fi\/ylimaarianvy\/wp-json\/wp\/v2\/users\/9"}],"replies":[{"embeddable":true,"href":"https:\/\/blog.edu.turku.fi\/ylimaarianvy\/wp-json\/wp\/v2\/comments?post=7"}],"version-history":[{"count":148,"href":"https:\/\/blog.edu.turku.fi\/ylimaarianvy\/wp-json\/wp\/v2\/pages\/7\/revisions"}],"predecessor-version":[{"id":1073,"href":"https:\/\/blog.edu.turku.fi\/ylimaarianvy\/wp-json\/wp\/v2\/pages\/7\/revisions\/1073"}],"wp:attachment":[{"href":"https:\/\/blog.edu.turku.fi\/ylimaarianvy\/wp-json\/wp\/v2\/media?parent=7"}],"curies":[{"name":"wp","href":"https:\/\/api.w.org\/{rel}","templated":true}]}}