{"id":97,"date":"2024-11-29T12:19:30","date_gmt":"2024-11-29T10:19:30","guid":{"rendered":"https:\/\/blog.edu.turku.fi\/ylimaariamusa\/?page_id=97"},"modified":"2025-03-20T13:52:37","modified_gmt":"2025-03-20T11:52:37","slug":"1990-luku","status":"publish","type":"page","link":"https:\/\/blog.edu.turku.fi\/ylimaariamusa\/kotimaisen-kevyen-musiikin-vuosikymmenet\/1990-luku\/","title":{"rendered":"1990-luku"},"content":{"rendered":"\n<figure class=\"wp-block-image size-large is-resized\"><img loading=\"lazy\" decoding=\"async\" width=\"346\" height=\"252\" src=\"https:\/\/blog.edu.turku.fi\/ylimaariamusa\/files\/2025\/03\/Jyrki-346x252.png\" alt=\"\" class=\"wp-image-323\" style=\"width:545px;height:auto\" srcset=\"https:\/\/blog.edu.turku.fi\/ylimaariamusa\/files\/2025\/03\/Jyrki.png 346w, https:\/\/blog.edu.turku.fi\/ylimaariamusa\/files\/2025\/03\/Jyrki-300x218.png 300w\" sizes=\"auto, (max-width: 346px) 100vw, 346px\" \/><figcaption class=\"wp-element-caption\">Jyrki -televisio-ohjelmaa tehtiin vuosina 1995-2001. Se oli nuorison musiikkikulttuurin kannalta todella t\u00e4rke\u00e4. <\/figcaption><\/figure>\n\n\n\n<div style=\"height:100px\" aria-hidden=\"true\" class=\"wp-block-spacer\"><\/div>\n\n\n\n<div class=\"wp-block-media-text is-stacked-on-mobile\"><figure class=\"wp-block-media-text__media\"><img loading=\"lazy\" decoding=\"async\" width=\"970\" height=\"646\" src=\"https:\/\/blog.edu.turku.fi\/ylimaariamusa\/files\/2025\/03\/group-of-people-playing-instruments-on-stage-1-970x646.jpg\" alt=\"\" class=\"wp-image-369 size-full\" srcset=\"https:\/\/blog.edu.turku.fi\/ylimaariamusa\/files\/2025\/03\/group-of-people-playing-instruments-on-stage-1.jpg 970w, https:\/\/blog.edu.turku.fi\/ylimaariamusa\/files\/2025\/03\/group-of-people-playing-instruments-on-stage-1-300x200.jpg 300w\" sizes=\"auto, (max-width: 970px) 100vw, 970px\" \/><\/figure><div class=\"wp-block-media-text__content\">\n<h2 class=\"wp-block-heading\"><strong>Kevyen musiikin koulutus hyv\u00e4ksyt\u00e4\u00e4n klassisen rinnalle<\/strong><\/h2>\n\n\n\n<p>Pop- ja rockmusiikkiin suuntautuneille opiskelijoille perustetaan omia opiskelulinjoja (esim. Pop-Jazz Konservatorio).<\/p>\n<\/div><\/div>\n\n\n\n<div style=\"height:100px\" aria-hidden=\"true\" class=\"wp-block-spacer\"><\/div>\n\n\n\n<div class=\"wp-block-media-text has-media-on-the-right is-stacked-on-mobile\"><div class=\"wp-block-media-text__content\">\n<h2 class=\"wp-block-heading\"><strong>Englanninkielinen metallimusiikki vie!<\/strong><\/h2>\n\n\n\n<p><strong>Suomalainen raskaampi rock ja heavy<\/strong> myy miljoonia levyj\u00e4 (ensimm\u00e4isen\u00e4 <strong>HIM vuonna 1999)<\/strong>. <\/p>\n\n\n\n<p>Melodinen metallimusiikki (<strong>esim. Nightwish (kuvassa) ja Stratovarius<\/strong>) nousee maailman-maineeseen ja maailmanlaajuisia kiertueita tehd\u00e4\u00e4n.<\/p>\n<\/div><figure class=\"wp-block-media-text__media\"><img loading=\"lazy\" decoding=\"async\" width=\"1024\" height=\"683\" src=\"https:\/\/blog.edu.turku.fi\/ylimaariamusa\/files\/2025\/03\/rok-metal-nightwish-1024x683.jpg\" alt=\"\" class=\"wp-image-371 size-full\" srcset=\"https:\/\/blog.edu.turku.fi\/ylimaariamusa\/files\/2025\/03\/rok-metal-nightwish.jpg 1024w, https:\/\/blog.edu.turku.fi\/ylimaariamusa\/files\/2025\/03\/rok-metal-nightwish-300x200.jpg 300w\" sizes=\"auto, (max-width: 1024px) 100vw, 1024px\" \/><\/figure><\/div>\n\n\n\n<div style=\"height:100px\" aria-hidden=\"true\" class=\"wp-block-spacer\"><\/div>\n\n\n\n<div class=\"wp-block-media-text is-stacked-on-mobile\"><figure class=\"wp-block-media-text__media\"><img loading=\"lazy\" decoding=\"async\" width=\"450\" height=\"599\" src=\"https:\/\/blog.edu.turku.fi\/ylimaariamusa\/files\/2025\/03\/Mi_estudio_de_musica_foto_izquierda-450x599.jpg\" alt=\"\" class=\"wp-image-372 size-full\" srcset=\"https:\/\/blog.edu.turku.fi\/ylimaariamusa\/files\/2025\/03\/Mi_estudio_de_musica_foto_izquierda.jpg 450w, https:\/\/blog.edu.turku.fi\/ylimaariamusa\/files\/2025\/03\/Mi_estudio_de_musica_foto_izquierda-225x300.jpg 225w\" sizes=\"auto, (max-width: 450px) 100vw, 450px\" \/><\/figure><div class=\"wp-block-media-text__content\">\n<h2 class=\"wp-block-heading\">Musiikin teko helpottuu &#8211; kotistudiot ja tietokone<\/h2>\n\n\n\n<p>Erityisesti <strong>elektronisen musiikin tekeminen helpottuu ja syntyy uusia tyylej\u00e4<\/strong> (tekno, dancepop, eurodance, hip hop&#8230;).<\/p>\n\n\n\n<p>Suomalaista elektronista tanssimusiikkia tekev\u00e4t esimerkiksi <strong>Aikakone, Movetron ja Nylon Beat.<\/strong><\/p>\n<\/div><\/div>\n\n\n\n<div style=\"height:100px\" aria-hidden=\"true\" class=\"wp-block-spacer\"><\/div>\n\n\n\n<div class=\"wp-block-media-text has-media-on-the-right is-stacked-on-mobile\"><div class=\"wp-block-media-text__content\">\n<h2 class=\"wp-block-heading\"><strong>Iskelm\u00e4 uudistuu!<\/strong><\/h2>\n\n\n\n<p><strong>Tangomarkkinoilla kuuluisaksi<\/strong> tulleet artistit ovat suosiossa (esim. Jari Sillanp\u00e4\u00e4). <\/p>\n\n\n\n<p>Samalla iskelm\u00e4 ottaa vaikutteita my\u00f6s rockista ja popista -&gt; <strong>rock-iskelm\u00e4, iskelm\u00e4pop<\/strong>. Suuria iskelm\u00e4popin nimi\u00e4 ovat esimerkiksi <strong>Kaija Koo ja Laura Voutilainen. <\/strong><\/p>\n\n\n\n<p>Karaoke mahdollistaa iskelm\u00e4n esitt\u00e4misen kaikille matalla kynnyksell\u00e4.<\/p>\n\n\n\n<p><\/p>\n<\/div><figure class=\"wp-block-media-text__media\"><img loading=\"lazy\" decoding=\"async\" width=\"421\" height=\"600\" src=\"https:\/\/blog.edu.turku.fi\/ylimaariamusa\/files\/2025\/03\/421px-Jari_Sillanpaa_Vihreat_Niityt_Iskelmatapahtumassa.jpg\" alt=\"\" class=\"wp-image-373 size-full\" srcset=\"https:\/\/blog.edu.turku.fi\/ylimaariamusa\/files\/2025\/03\/421px-Jari_Sillanpaa_Vihreat_Niityt_Iskelmatapahtumassa.jpg 421w, https:\/\/blog.edu.turku.fi\/ylimaariamusa\/files\/2025\/03\/421px-Jari_Sillanpaa_Vihreat_Niityt_Iskelmatapahtumassa-211x300.jpg 211w, https:\/\/blog.edu.turku.fi\/ylimaariamusa\/files\/2025\/03\/421px-Jari_Sillanpaa_Vihreat_Niityt_Iskelmatapahtumassa-189x270.jpg 189w\" sizes=\"auto, (max-width: 421px) 100vw, 421px\" \/><\/figure><\/div>\n\n\n\n<div class=\"wp-block-media-text is-stacked-on-mobile\" style=\"grid-template-columns:47% auto\"><figure class=\"wp-block-media-text__media\"><img loading=\"lazy\" decoding=\"async\" width=\"1024\" height=\"613\" src=\"https:\/\/blog.edu.turku.fi\/ylimaariamusa\/files\/2025\/03\/Ultra_Bra.jpg\" alt=\"\" class=\"wp-image-376 size-full\" srcset=\"https:\/\/blog.edu.turku.fi\/ylimaariamusa\/files\/2025\/03\/Ultra_Bra.jpg 1024w, https:\/\/blog.edu.turku.fi\/ylimaariamusa\/files\/2025\/03\/Ultra_Bra-300x180.jpg 300w, https:\/\/blog.edu.turku.fi\/ylimaariamusa\/files\/2025\/03\/Ultra_Bra-768x460.jpg 768w, https:\/\/blog.edu.turku.fi\/ylimaariamusa\/files\/2025\/03\/Ultra_Bra-451x270.jpg 451w\" sizes=\"auto, (max-width: 1024px) 100vw, 1024px\" \/><\/figure><div class=\"wp-block-media-text__content\">\n<h2 class=\"wp-block-heading\"><strong>Musiikkibisneksen ravistelua<\/strong><\/h2>\n\n\n\n<p>Uusi punk-sukupolvi ja <strong>Apulanta <\/strong>tuo vaihtoehdon tarkasti tuotetulle synapopille. <\/p>\n\n\n\n<p>Protestilauluista musiikillisia vaikutteita ottanut <strong>Ultra Bra (kuvassa) <\/strong>nousee suosioon ja haastaa levy-yhti\u00f6it\u00e4 pohtimaan suositun musiikin m\u00e4\u00e4ritelm\u00e4\u00e4. <\/p>\n<\/div><\/div>\n\n\n\n<hr class=\"wp-block-separator has-alpha-channel-opacity\" \/>\n\n\n\n<h2 class=\"wp-block-heading\"><strong>Keskeisi\u00e4 artisteja\/yhtyeit\u00e4:<\/strong><\/h2>\n\n\n\n<p><strong>HIM &#8211; Join Me (1999)<\/strong><\/p>\n\n\n\n<figure class=\"wp-block-embed is-type-video is-provider-youtube wp-block-embed-youtube wp-embed-aspect-16-9 wp-has-aspect-ratio\"><div class=\"wp-block-embed__wrapper\">\n<iframe loading=\"lazy\" title=\"HIM - Join Me In Death\" width=\"640\" height=\"360\" src=\"https:\/\/www.youtube.com\/embed\/1V4AscLidWg?feature=oembed\" frameborder=\"0\" allow=\"accelerometer; autoplay; clipboard-write; encrypted-media; gyroscope; picture-in-picture; web-share\" referrerpolicy=\"strict-origin-when-cross-origin\" allowfullscreen><\/iframe>\n<\/div><\/figure>\n\n\n\n<div style=\"height:100px\" aria-hidden=\"true\" class=\"wp-block-spacer\"><\/div>\n\n\n\n<p><strong>Nightwish &#8211; Wishmaster (2000)<\/strong><\/p>\n\n\n\n<figure class=\"wp-block-embed is-type-video is-provider-youtube wp-block-embed-youtube wp-embed-aspect-4-3 wp-has-aspect-ratio\"><div class=\"wp-block-embed__wrapper\">\n<iframe loading=\"lazy\" title=\"Wishmaster\" width=\"640\" height=\"480\" src=\"https:\/\/www.youtube.com\/embed\/2ZV9Snsk3vU?feature=oembed\" frameborder=\"0\" allow=\"accelerometer; autoplay; clipboard-write; encrypted-media; gyroscope; picture-in-picture; web-share\" referrerpolicy=\"strict-origin-when-cross-origin\" allowfullscreen><\/iframe>\n<\/div><\/figure>\n\n\n\n<div style=\"height:100px\" aria-hidden=\"true\" class=\"wp-block-spacer\"><\/div>\n\n\n\n<p><strong>Stratovarius &#8211; Black Diamond (1997)<\/strong><\/p>\n\n\n\n<figure class=\"wp-block-embed is-type-video is-provider-youtube wp-block-embed-youtube wp-embed-aspect-4-3 wp-has-aspect-ratio\"><div class=\"wp-block-embed__wrapper\">\n<iframe loading=\"lazy\" title=\"Black Diamond (Remastered 2016)\" width=\"640\" height=\"480\" src=\"https:\/\/www.youtube.com\/embed\/y4VhwnJXGb4?feature=oembed\" frameborder=\"0\" allow=\"accelerometer; autoplay; clipboard-write; encrypted-media; gyroscope; picture-in-picture; web-share\" referrerpolicy=\"strict-origin-when-cross-origin\" allowfullscreen><\/iframe>\n<\/div><\/figure>\n\n\n\n<div style=\"height:100px\" aria-hidden=\"true\" class=\"wp-block-spacer\"><\/div>\n\n\n\n<p><strong>Aikakone &#8211; Odota (1995)<\/strong><\/p>\n\n\n\n<figure class=\"wp-block-embed is-type-video is-provider-youtube wp-block-embed-youtube wp-embed-aspect-4-3 wp-has-aspect-ratio\"><div class=\"wp-block-embed__wrapper\">\n<iframe loading=\"lazy\" title=\"Aikakone - Odota\" width=\"640\" height=\"480\" src=\"https:\/\/www.youtube.com\/embed\/_EQNvCi4jRI?feature=oembed\" frameborder=\"0\" allow=\"accelerometer; autoplay; clipboard-write; encrypted-media; gyroscope; picture-in-picture; web-share\" referrerpolicy=\"strict-origin-when-cross-origin\" allowfullscreen><\/iframe>\n<\/div><\/figure>\n\n\n\n<div style=\"height:100px\" aria-hidden=\"true\" class=\"wp-block-spacer\"><\/div>\n\n\n\n<p><strong>Jari Sillanp\u00e4\u00e4 &#8211; Satulinna (1995)<\/strong><\/p>\n\n\n\n<figure class=\"wp-block-embed is-type-video is-provider-youtube wp-block-embed-youtube wp-embed-aspect-16-9 wp-has-aspect-ratio\"><div class=\"wp-block-embed__wrapper\">\n<iframe loading=\"lazy\" title=\"Jari Sillanp\u00e4\u00e4 - Satulinna\" width=\"640\" height=\"360\" src=\"https:\/\/www.youtube.com\/embed\/AtZbtJw_-IQ?feature=oembed\" frameborder=\"0\" allow=\"accelerometer; autoplay; clipboard-write; encrypted-media; gyroscope; picture-in-picture; web-share\" referrerpolicy=\"strict-origin-when-cross-origin\" allowfullscreen><\/iframe>\n<\/div><\/figure>\n\n\n\n<div style=\"height:100px\" aria-hidden=\"true\" class=\"wp-block-spacer\"><\/div>\n\n\n\n<p><strong>Kaija Koo &#8211; Kuka keksi rakkauden (1994)<\/strong><\/p>\n\n\n\n<figure class=\"wp-block-embed is-type-video is-provider-youtube wp-block-embed-youtube wp-embed-aspect-4-3 wp-has-aspect-ratio\"><div class=\"wp-block-embed__wrapper\">\n<iframe loading=\"lazy\" title=\"Kuka keksi rakkauden\" width=\"640\" height=\"480\" src=\"https:\/\/www.youtube.com\/embed\/gmZiJfW2RUg?feature=oembed\" frameborder=\"0\" allow=\"accelerometer; autoplay; clipboard-write; encrypted-media; gyroscope; picture-in-picture; web-share\" referrerpolicy=\"strict-origin-when-cross-origin\" allowfullscreen><\/iframe>\n<\/div><\/figure>\n\n\n\n<div style=\"height:100px\" aria-hidden=\"true\" class=\"wp-block-spacer\"><\/div>\n\n\n\n<hr class=\"wp-block-separator has-alpha-channel-opacity\" \/>\n\n\n\n<p class=\"has-text-align-left\"><a href=\"https:\/\/blog.edu.turku.fi\/ylimaariamusa\/kotimaisen-kevyen-musiikin-vuosikymmenet\/1980-luku\/\">&lt;&lt;&lt; 1980-luku<\/a>             <\/p>\n\n\n\n<p class=\"has-text-align-right\"><a href=\"https:\/\/blog.edu.turku.fi\/ylimaariamusa\/kotimaisen-kevyen-musiikin-vuosikymmenet\/2000-luku\/\" data-type=\"page\" data-id=\"99\">2000-luku &gt;&gt;&gt;<\/a>             <\/p>\n","protected":false},"excerpt":{"rendered":"<p>Kevyen musiikin koulutus hyv\u00e4ksyt\u00e4\u00e4n klassisen rinnalle Pop- ja rockmusiikkiin suuntautuneille opiskelijoille perustetaan omia opiskelulinjoja (esim. Pop-Jazz Konservatorio). Englanninkielinen metallimusiikki vie! Suomalainen raskaampi rock ja heavy myy miljoonia levyj\u00e4 (ensimm\u00e4isen\u00e4 HIM vuonna 1999). Melodinen metallimusiikki (esim. Nightwish (kuvassa) ja Stratovarius) nousee maailman-maineeseen ja maailmanlaajuisia kiertueita tehd\u00e4\u00e4n. Musiikin teko helpottuu &#8211; kotistudiot ja tietokone Erityisesti elektronisen musiikin tekeminen helpottuu ja syntyy uusia tyylej\u00e4 (tekno, dancepop, eurodance, hip hop&#8230;). Suomalaista elektronista tanssimusiikkia tekev\u00e4t esimerkiksi Aikakone, Movetron ja Nylon Beat. Iskelm\u00e4 uudistuu! Tangomarkkinoilla kuuluisaksi&#8230;<\/p>\n<p class=\"read-more\"><a class=\"btn btn-default\" href=\"https:\/\/blog.edu.turku.fi\/ylimaariamusa\/kotimaisen-kevyen-musiikin-vuosikymmenet\/1990-luku\/\"> Read More<span class=\"screen-reader-text\">  Read More<\/span><\/a><\/p>\n","protected":false},"author":3442,"featured_media":0,"parent":72,"menu_order":0,"comment_status":"closed","ping_status":"closed","template":"","meta":{"footnotes":""},"class_list":["post-97","page","type-page","status-publish","hentry"],"_links":{"self":[{"href":"https:\/\/blog.edu.turku.fi\/ylimaariamusa\/wp-json\/wp\/v2\/pages\/97","targetHints":{"allow":["GET"]}}],"collection":[{"href":"https:\/\/blog.edu.turku.fi\/ylimaariamusa\/wp-json\/wp\/v2\/pages"}],"about":[{"href":"https:\/\/blog.edu.turku.fi\/ylimaariamusa\/wp-json\/wp\/v2\/types\/page"}],"author":[{"embeddable":true,"href":"https:\/\/blog.edu.turku.fi\/ylimaariamusa\/wp-json\/wp\/v2\/users\/3442"}],"replies":[{"embeddable":true,"href":"https:\/\/blog.edu.turku.fi\/ylimaariamusa\/wp-json\/wp\/v2\/comments?post=97"}],"version-history":[{"count":10,"href":"https:\/\/blog.edu.turku.fi\/ylimaariamusa\/wp-json\/wp\/v2\/pages\/97\/revisions"}],"predecessor-version":[{"id":379,"href":"https:\/\/blog.edu.turku.fi\/ylimaariamusa\/wp-json\/wp\/v2\/pages\/97\/revisions\/379"}],"up":[{"embeddable":true,"href":"https:\/\/blog.edu.turku.fi\/ylimaariamusa\/wp-json\/wp\/v2\/pages\/72"}],"wp:attachment":[{"href":"https:\/\/blog.edu.turku.fi\/ylimaariamusa\/wp-json\/wp\/v2\/media?parent=97"}],"curies":[{"name":"wp","href":"https:\/\/api.w.org\/{rel}","templated":true}]}}