{"id":49,"date":"2024-11-20T14:18:20","date_gmt":"2024-11-20T12:18:20","guid":{"rendered":"https:\/\/blog.edu.turku.fi\/ylimaariamusa\/?page_id=49"},"modified":"2025-08-26T12:08:42","modified_gmt":"2025-08-26T09:08:42","slug":"musiikin-teoria","status":"publish","type":"page","link":"https:\/\/blog.edu.turku.fi\/ylimaariamusa\/musiikin-teoria\/","title":{"rendered":"Musiikin teoria 7-9 lk"},"content":{"rendered":"\n<p>T\u00e4lle sivulle on koottu musiikin teorian osa-alueita, joita yl\u00e4koulumusassa k\u00e4yd\u00e4\u00e4n l\u00e4pi. <\/p>\n\n\n\n<p>Kaikki teoria-aiheet k\u00e4yd\u00e4\u00e4n l\u00e4pi oppitunneilla.<\/p>\n\n\n\n<p><\/p>\n\n\n\n<p>Klikkaamalla linkkej\u00e4 p\u00e4\u00e4set tutustumaan eri osa-alueisiin.<\/p>\n\n\n\n<ul class=\"wp-block-list\">\n<li><a href=\"https:\/\/blog.edu.turku.fi\/ylimaariamusa\/kappaleen-rakenne-ja-muoto\/\" data-type=\"page\" data-id=\"344\">Kappaleen rakenne ja muoto<\/a> (<a href=\"https:\/\/blog.edu.turku.fi\/ylimaariamusa\/kappaleen-muoto-pop-kappale\/\" data-type=\"page\" data-id=\"338\">populaarimusiikki<\/a>, <a href=\"https:\/\/blog.edu.turku.fi\/ylimaariamusa\/muoto-taidemusiikissa\/\" data-type=\"page\" data-id=\"352\">taidemusiikki<\/a>)<\/li>\n\n\n\n<li><a href=\"https:\/\/blog.edu.turku.fi\/ylimaariamusa\/nuottikuva-ja-nuotinluku\/\" data-type=\"page\" data-id=\"356\">Nuotit, nuottimerkinn\u00e4t ja nuotin lukeminen<\/a><\/li>\n\n\n\n<li><a href=\"https:\/\/blog.edu.turku.fi\/ylimaariamusa\/musiikin-elementit\/\" data-type=\"page\" data-id=\"360\">musiikin elementit<\/a><\/li>\n\n\n\n<li><a href=\"https:\/\/blog.edu.turku.fi\/ylimaariamusa\/musiikin-merkintatapoja-tabulatuurit\/\" data-type=\"page\" data-id=\"364\">Musiikin merkint\u00e4tapoja: tabulatuurit<\/a><\/li>\n\n\n\n<li><a href=\"https:\/\/blog.edu.turku.fi\/ylimaariamusa\/musiikkisanastoa\/\" data-type=\"page\" data-id=\"410\">musiikkisanastoa<\/a><\/li>\n<\/ul>\n\n\n\n<p><\/p>\n","protected":false},"excerpt":{"rendered":"<p>T\u00e4lle sivulle on koottu musiikin teorian osa-alueita, joita yl\u00e4koulumusassa k\u00e4yd\u00e4\u00e4n l\u00e4pi. Kaikki teoria-aiheet k\u00e4yd\u00e4\u00e4n l\u00e4pi oppitunneilla. Klikkaamalla linkkej\u00e4 p\u00e4\u00e4set tutustumaan eri osa-alueisiin.<\/p>\n","protected":false},"author":3442,"featured_media":0,"parent":0,"menu_order":0,"comment_status":"closed","ping_status":"closed","template":"","meta":{"footnotes":""},"class_list":["post-49","page","type-page","status-publish","hentry"],"_links":{"self":[{"href":"https:\/\/blog.edu.turku.fi\/ylimaariamusa\/wp-json\/wp\/v2\/pages\/49","targetHints":{"allow":["GET"]}}],"collection":[{"href":"https:\/\/blog.edu.turku.fi\/ylimaariamusa\/wp-json\/wp\/v2\/pages"}],"about":[{"href":"https:\/\/blog.edu.turku.fi\/ylimaariamusa\/wp-json\/wp\/v2\/types\/page"}],"author":[{"embeddable":true,"href":"https:\/\/blog.edu.turku.fi\/ylimaariamusa\/wp-json\/wp\/v2\/users\/3442"}],"replies":[{"embeddable":true,"href":"https:\/\/blog.edu.turku.fi\/ylimaariamusa\/wp-json\/wp\/v2\/comments?post=49"}],"version-history":[{"count":9,"href":"https:\/\/blog.edu.turku.fi\/ylimaariamusa\/wp-json\/wp\/v2\/pages\/49\/revisions"}],"predecessor-version":[{"id":415,"href":"https:\/\/blog.edu.turku.fi\/ylimaariamusa\/wp-json\/wp\/v2\/pages\/49\/revisions\/415"}],"wp:attachment":[{"href":"https:\/\/blog.edu.turku.fi\/ylimaariamusa\/wp-json\/wp\/v2\/media?parent=49"}],"curies":[{"name":"wp","href":"https:\/\/api.w.org\/{rel}","templated":true}]}}