{"id":443,"date":"2025-09-11T10:15:18","date_gmt":"2025-09-11T07:15:18","guid":{"rendered":"https:\/\/blog.edu.turku.fi\/ylimaariamusa\/?page_id=443"},"modified":"2025-10-23T13:39:18","modified_gmt":"2025-10-23T10:39:18","slug":"sanoitus-ja-kirjoittaminen","status":"publish","type":"page","link":"https:\/\/blog.edu.turku.fi\/ylimaariamusa\/sanoitus-ja-kirjoittaminen\/","title":{"rendered":"Sanoitus ja kirjoittaminen"},"content":{"rendered":"\n<p>Musiikin sanoitusta voi l\u00e4hesty\u00e4 monesta eri suunnasta. Joku biisinkirjoittaja haluaa kirjoittaa ensin tekstin ja s\u00e4velt\u00e4\u00e4 siihen sopivan musiikin. Joku taas tykk\u00e4\u00e4 sanoittaa valmiita olemassa olevan s\u00e4vellyksen. <\/p>\n\n\n\n<p>Teki miten vain, t\u00e4ss\u00e4 muutamia vinkkej\u00e4 ammattilaisilta <a href=\"https:\/\/rytmimanuaali.fi\/sanoittaminen-ideasta-tekstiksi\/\">Rytmimanuaali -sivustolta (Janne Flinkkil\u00e4, 2013)<\/a>. Olen tiivist\u00e4nyt ajatuksia Saara T\u00f6rm\u00e4lt\u00e4, Vexi Salmelta ja muilta suurilta sanoittajilta. <\/p>\n\n\n\n<ol class=\"wp-block-list\">\n<li><strong>Keksi aihe &#8211; luo oma maailma!<\/strong>\n<ul class=\"wp-block-list\">\n<li>Luo oma todellisuutesi, esimerkiksi kaupunki, jossa laulun tapahtumat tapahtuvat. Suunnittelemalla laaja kokonaisuus, voit vaikka sijoittaa laulun p\u00e4\u00e4henkil\u00f6t helposti paikalle ja kuvailla mit\u00e4 he n\u00e4kev\u00e4t. <\/li>\n<\/ul>\n<\/li>\n\n\n\n<li><strong>\u00c4l\u00e4 kirjoita vaan maalaa!<\/strong>\n<ul class=\"wp-block-list\">\n<li>Mieti mieless\u00e4si kuva ja kirjoita mit\u00e4 n\u00e4et. &#8221;Jos vaikka milj\u00f6\u00f6n\u00e4 on mets\u00e4, kirjoita millainen mets\u00e4 on&#8221; (Vexi Salmi)<\/li>\n\n\n\n<li>Kuvittele itsesi paikkaan, jossa n\u00e4et asioita. Esimerkiksi kuvittele seisovasi kotikaupunkisi keskustassa (tai itsellesi tutussa paikassa), ja kirjoita mit\u00e4 n\u00e4et ja mit\u00e4 kuulet. <\/li>\n<\/ul>\n<\/li>\n\n\n\n<li><strong>Kuuntele muita!<\/strong>\n<ul class=\"wp-block-list\">\n<li>Kuuntele mit\u00e4 muut sanovat, kuuntele mit\u00e4 bussissa keskustellaan. Kirjoita mielenkiintoiset asiat yl\u00f6s ja k\u00e4\u00e4nn\u00e4 keskustelu p\u00e4\u00e4ss\u00e4si tekstiksi. <\/li>\n\n\n\n<li>Haastattele tuttuja ihmisi\u00e4 ja kirjoita heid\u00e4n ajatuksiaan paperille. <\/li>\n<\/ul>\n<\/li>\n\n\n\n<li><strong>Etsi tekstin maailma toisesta taiteenlajista!<\/strong>\n<ul class=\"wp-block-list\">\n<li>Katso elokuva, kirjoita siit\u00e4 laulu. <\/li>\n\n\n\n<li>Mene taiden\u00e4yttelyyn, uppoudu maalaukseen, kirjoita siit\u00e4 laulu. <\/li>\n\n\n\n<li>Lue kirja, kuvittele tarinan tunnelma tai hetki tarinasta lauluksi. <\/li>\n<\/ul>\n<\/li>\n\n\n\n<li><strong>Inspiroidu vieraasta kielest\u00e4!<\/strong>\n<ul class=\"wp-block-list\">\n<li>Esimerkiksi englanninkielisen kappaleen sanoituksissa voi olla mielenkiintoisia sanontoja, joita voit k\u00e4\u00e4nt\u00e4\u00e4 suomeksi. <\/li>\n\n\n\n<li>Koita k\u00e4\u00e4nt\u00e4\u00e4 valmis teksti suomeksi!<\/li>\n<\/ul>\n<\/li>\n<\/ol>\n\n\n\n<p>T\u00e4rkeint\u00e4 on aloittaa &#8211; todella pienell\u00e4 itsekritiikill\u00e4!<\/p>\n\n\n\n<p>Luo raamit ja pysy niiss\u00e4 &#8211; &#8221;&#8221;\u00c4l\u00e4 yrit\u00e4 \u00e4nke\u00e4 kolmeen minuuttiin kaikkea mit\u00e4 osaat!&#8221; &#8211; Vexi Salmi<\/p>\n\n\n\n<p><\/p>\n\n\n\n<p><\/p>\n\n\n\n<p><\/p>\n\n\n\n<p>L\u00e4hde: Janne Flinkkil\u00e4 &#8211; Sanoittaminen: Ideasta tekstiksi, 2013<\/p>\n","protected":false},"excerpt":{"rendered":"<p>Musiikin sanoitusta voi l\u00e4hesty\u00e4 monesta eri suunnasta. Joku biisinkirjoittaja haluaa kirjoittaa ensin tekstin ja s\u00e4velt\u00e4\u00e4 siihen sopivan musiikin. Joku taas tykk\u00e4\u00e4 sanoittaa valmiita olemassa olevan s\u00e4vellyksen. Teki miten vain, t\u00e4ss\u00e4 muutamia vinkkej\u00e4 ammattilaisilta Rytmimanuaali -sivustolta (Janne Flinkkil\u00e4, 2013). Olen tiivist\u00e4nyt ajatuksia Saara T\u00f6rm\u00e4lt\u00e4, Vexi Salmelta ja muilta suurilta sanoittajilta. T\u00e4rkeint\u00e4 on aloittaa &#8211; todella pienell\u00e4 itsekritiikill\u00e4! Luo raamit ja pysy niiss\u00e4 &#8211; &#8221;&#8221;\u00c4l\u00e4 yrit\u00e4 \u00e4nke\u00e4 kolmeen minuuttiin kaikkea mit\u00e4 osaat!&#8221; &#8211; Vexi Salmi L\u00e4hde: Janne Flinkkil\u00e4 &#8211; Sanoittaminen: Ideasta tekstiksi,&#8230;<\/p>\n<p class=\"read-more\"><a class=\"btn btn-default\" href=\"https:\/\/blog.edu.turku.fi\/ylimaariamusa\/sanoitus-ja-kirjoittaminen\/\"> Read More<span class=\"screen-reader-text\">  Read More<\/span><\/a><\/p>\n","protected":false},"author":3442,"featured_media":0,"parent":0,"menu_order":0,"comment_status":"closed","ping_status":"closed","template":"","meta":{"footnotes":""},"class_list":["post-443","page","type-page","status-publish","hentry"],"_links":{"self":[{"href":"https:\/\/blog.edu.turku.fi\/ylimaariamusa\/wp-json\/wp\/v2\/pages\/443","targetHints":{"allow":["GET"]}}],"collection":[{"href":"https:\/\/blog.edu.turku.fi\/ylimaariamusa\/wp-json\/wp\/v2\/pages"}],"about":[{"href":"https:\/\/blog.edu.turku.fi\/ylimaariamusa\/wp-json\/wp\/v2\/types\/page"}],"author":[{"embeddable":true,"href":"https:\/\/blog.edu.turku.fi\/ylimaariamusa\/wp-json\/wp\/v2\/users\/3442"}],"replies":[{"embeddable":true,"href":"https:\/\/blog.edu.turku.fi\/ylimaariamusa\/wp-json\/wp\/v2\/comments?post=443"}],"version-history":[{"count":7,"href":"https:\/\/blog.edu.turku.fi\/ylimaariamusa\/wp-json\/wp\/v2\/pages\/443\/revisions"}],"predecessor-version":[{"id":487,"href":"https:\/\/blog.edu.turku.fi\/ylimaariamusa\/wp-json\/wp\/v2\/pages\/443\/revisions\/487"}],"wp:attachment":[{"href":"https:\/\/blog.edu.turku.fi\/ylimaariamusa\/wp-json\/wp\/v2\/media?parent=443"}],"curies":[{"name":"wp","href":"https:\/\/api.w.org\/{rel}","templated":true}]}}