{"id":71,"date":"2017-11-19T13:36:10","date_gmt":"2017-11-19T11:36:10","guid":{"rendered":"https:\/\/blog.edu.turku.fi\/ylimaaria\/?page_id=71"},"modified":"2020-11-26T15:58:33","modified_gmt":"2020-11-26T13:58:33","slug":"kor","status":"publish","type":"page","link":"https:\/\/blog.edu.turku.fi\/ylimaaria\/opetus\/kor\/","title":{"rendered":"Oppilashuolto"},"content":{"rendered":"<p>Lasten ja nuorten kehitysymp\u00e4rist\u00f6n ja koulun toimintaymp\u00e4rist\u00f6n muuttuessa oppilashuollosta on tullut yh\u00e4 t\u00e4rke\u00e4mpi osa koulun perustoimintaa. Oppilashuolto liittyy l\u00e4heisesti koulun kasvatus- ja opetusteht\u00e4v\u00e4\u00e4n. Oppilashuoltoty\u00f6ss\u00e4 otetaan huomioon lapsen edun ensisijaisuus.<\/p>\n<p>Oppilaalla on oikeus saada maksutta sellainen oppilashuolto, jota opetukseen osallistuminen edellytt\u00e4\u00e4. Oppilashuollolla tarkoitetaan oppilaan hyv\u00e4n oppimisen, hyv\u00e4n psyykkisen ja fyysisen terveyden sek\u00e4 sosiaalisen hyvinvoinnin edist\u00e4mist\u00e4 ja yll\u00e4pit\u00e4mist\u00e4 sek\u00e4 niiden edellytyksi\u00e4 lis\u00e4\u00e4v\u00e4\u00e4 toimintaa kouluyhteis\u00f6ss\u00e4. Oppilashuoltoa toteutetaan ensisijaisesti ennaltaehk\u00e4isev\u00e4n\u00e4 ja koko kouluyhteis\u00f6\u00e4 tukevana yhteis\u00f6llisen\u00e4 oppilashuoltona. T\u00e4m\u00e4n lis\u00e4ksi oppilailla on lakis\u00e4\u00e4teinen oikeus yksil\u00f6kohtaiseen oppilashuoltoon. Monialainen yhteisty\u00f6 on oppilashuollossa keskeist\u00e4. Oppilashuoltoty\u00f6t\u00e4 ohjaavat luottamuksellisuus, kunnioittava suhtautuminen oppilaaseen ja huoltajaan sek\u00e4 heid\u00e4n osallisuutensa tukeminen.<\/p>\n<h4><em>Monialainen oppilashuollon yhteisty\u00f6 (MAR)<\/em><\/h4>\n<p>Oppilashuolto j\u00e4rjestet\u00e4\u00e4n monialaisessa yhteisty\u00f6ss\u00e4 opetustoimen ja sosiaali- ja terveystoimen kanssa.\u00a0 Oppilashuoltoa toteutetaan yhteisty\u00f6ss\u00e4 oppilaan ja h\u00e4nen huoltajiensa kanssa ottaen huomioon oppilaan ik\u00e4 ja edellytykset. Tarvittaessa yhteisty\u00f6t\u00e4 tehd\u00e4\u00e4n my\u00f6s muiden toimijoiden kanssa. Kouluyhteis\u00f6n tai oppilaiden hyvinvoinnissa havaittuihin huolenaiheisiin etsit\u00e4\u00e4n ratkaisuja yhdess\u00e4 oppilaiden ja huoltajien kanssa.<\/p>\n<p>Koulussa oppilashuolto on kaikkien kouluyhteis\u00f6ss\u00e4 ty\u00f6skentelevien ja oppilashuoltopalveluista vastaavien ty\u00f6ntekij\u00f6iden teht\u00e4v\u00e4. Ensisijainen vastuu kouluyhteis\u00f6n hyvinvoinnista on koulun henkil\u00f6kunnalla . Oppilashuollon palveluja ovat psykologi- ja kuraattoripalvelut sek\u00e4 kouluterveydenhuollon palvelut. N\u00e4iden asiantuntijoiden teht\u00e4v\u00e4t liittyv\u00e4t niin yksil\u00f6\u00f6n, yhteis\u00f6\u00f6n kuin yhteisty\u00f6h\u00f6n.<\/p>\n<h4>Koulukohtainen yhteis\u00f6llinen oppilashuoltoryhm\u00e4 (kor)<\/h4>\n<p>KOR-ryhm\u00e4n toiminnasta kerrotaan laajemmin erillisell\u00e4 sivulla.<\/p>\n","protected":false},"excerpt":{"rendered":"<p>Lasten ja nuorten kehitysymp\u00e4rist\u00f6n ja koulun toimintaymp\u00e4rist\u00f6n muuttuessa oppilashuollosta on tullut yh\u00e4 t\u00e4rke\u00e4mpi osa koulun perustoimintaa. Oppilashuolto liittyy l\u00e4heisesti koulun kasvatus- ja opetusteht\u00e4v\u00e4\u00e4n. Oppilashuoltoty\u00f6ss\u00e4 otetaan huomioon lapsen edun ensisijaisuus. Oppilaalla on oikeus saada maksutta sellainen oppilashuolto, jota opetukseen osallistuminen edellytt\u00e4\u00e4. Oppilashuollolla tarkoitetaan oppilaan hyv\u00e4n oppimisen, hyv\u00e4n psyykkisen ja fyysisen terveyden sek\u00e4 sosiaalisen hyvinvoinnin edist\u00e4mist\u00e4 ja &hellip; <a href=\"https:\/\/blog.edu.turku.fi\/ylimaaria\/opetus\/kor\/\" class=\"more-link\">Jatka lukemista<span class=\"screen-reader-text\"> &#8221;Oppilashuolto&#8221;<\/span><\/a><\/p>\n","protected":false},"author":135,"featured_media":0,"parent":18,"menu_order":4,"comment_status":"closed","ping_status":"closed","template":"","meta":{"footnotes":""},"class_list":["post-71","page","type-page","status-publish","hentry"],"_links":{"self":[{"href":"https:\/\/blog.edu.turku.fi\/ylimaaria\/wp-json\/wp\/v2\/pages\/71","targetHints":{"allow":["GET"]}}],"collection":[{"href":"https:\/\/blog.edu.turku.fi\/ylimaaria\/wp-json\/wp\/v2\/pages"}],"about":[{"href":"https:\/\/blog.edu.turku.fi\/ylimaaria\/wp-json\/wp\/v2\/types\/page"}],"author":[{"embeddable":true,"href":"https:\/\/blog.edu.turku.fi\/ylimaaria\/wp-json\/wp\/v2\/users\/135"}],"replies":[{"embeddable":true,"href":"https:\/\/blog.edu.turku.fi\/ylimaaria\/wp-json\/wp\/v2\/comments?post=71"}],"version-history":[{"count":8,"href":"https:\/\/blog.edu.turku.fi\/ylimaaria\/wp-json\/wp\/v2\/pages\/71\/revisions"}],"predecessor-version":[{"id":1185,"href":"https:\/\/blog.edu.turku.fi\/ylimaaria\/wp-json\/wp\/v2\/pages\/71\/revisions\/1185"}],"up":[{"embeddable":true,"href":"https:\/\/blog.edu.turku.fi\/ylimaaria\/wp-json\/wp\/v2\/pages\/18"}],"wp:attachment":[{"href":"https:\/\/blog.edu.turku.fi\/ylimaaria\/wp-json\/wp\/v2\/media?parent=71"}],"curies":[{"name":"wp","href":"https:\/\/api.w.org\/{rel}","templated":true}]}}