{"id":321,"date":"2018-08-16T09:03:00","date_gmt":"2018-08-16T06:03:00","guid":{"rendered":"https:\/\/blog.edu.turku.fi\/ylimaaria\/?page_id=321"},"modified":"2025-10-28T15:08:45","modified_gmt":"2025-10-28T13:08:45","slug":"lomakkeet","status":"publish","type":"page","link":"https:\/\/blog.edu.turku.fi\/ylimaaria\/huoltajille\/lomakkeet\/","title":{"rendered":"Lomakkeet"},"content":{"rendered":"<p><a href=\"https:\/\/blog.edu.turku.fi\/ylimaaria\/files\/2020\/02\/A2-kielivalinta.pdf\">A2-kielivalinta<\/a><\/p>\n<p><a href=\"https:\/\/edumailturku-my.sharepoint.com\/:w:\/g\/personal\/marianne_ulfstedt_edu_turku_fi\/eyma\/EVIFcY9IZ69IpOWRqpvJ_oABT4QxH_H3Gqj_1bQzKlMlng?e=nBVKGr\">Poissaolo anomus (oppilas).docx<\/a><\/p>\n<p><a href=\"https:\/\/blog.edu.turku.fi\/ylimaaria\/files\/2018\/08\/Ohje-oppilaan-henkil\u00f6kohtaisen-p\u00e4\u00e4telaitteen-k\u00e4ytt\u00f6\u00f6nottoon.pdf\">Ohje oppilaan henkil\u00f6kohtaisen p\u00e4\u00e4telaitteen k\u00e4ytt\u00f6\u00f6nottoon<\/a><\/p>\n<p>&nbsp;<\/p>\n","protected":false},"excerpt":{"rendered":"<p>A2-kielivalinta Poissaolo anomus (oppilas).docx Ohje oppilaan henkil\u00f6kohtaisen p\u00e4\u00e4telaitteen k\u00e4ytt\u00f6\u00f6nottoon &nbsp;<\/p>\n","protected":false},"author":665,"featured_media":0,"parent":20,"menu_order":3,"comment_status":"closed","ping_status":"closed","template":"","meta":{"footnotes":""},"class_list":["post-321","page","type-page","status-publish","hentry"],"_links":{"self":[{"href":"https:\/\/blog.edu.turku.fi\/ylimaaria\/wp-json\/wp\/v2\/pages\/321","targetHints":{"allow":["GET"]}}],"collection":[{"href":"https:\/\/blog.edu.turku.fi\/ylimaaria\/wp-json\/wp\/v2\/pages"}],"about":[{"href":"https:\/\/blog.edu.turku.fi\/ylimaaria\/wp-json\/wp\/v2\/types\/page"}],"author":[{"embeddable":true,"href":"https:\/\/blog.edu.turku.fi\/ylimaaria\/wp-json\/wp\/v2\/users\/665"}],"replies":[{"embeddable":true,"href":"https:\/\/blog.edu.turku.fi\/ylimaaria\/wp-json\/wp\/v2\/comments?post=321"}],"version-history":[{"count":11,"href":"https:\/\/blog.edu.turku.fi\/ylimaaria\/wp-json\/wp\/v2\/pages\/321\/revisions"}],"predecessor-version":[{"id":2163,"href":"https:\/\/blog.edu.turku.fi\/ylimaaria\/wp-json\/wp\/v2\/pages\/321\/revisions\/2163"}],"up":[{"embeddable":true,"href":"https:\/\/blog.edu.turku.fi\/ylimaaria\/wp-json\/wp\/v2\/pages\/20"}],"wp:attachment":[{"href":"https:\/\/blog.edu.turku.fi\/ylimaaria\/wp-json\/wp\/v2\/media?parent=321"}],"curies":[{"name":"wp","href":"https:\/\/api.w.org\/{rel}","templated":true}]}}