{"id":299,"date":"2018-05-30T22:35:07","date_gmt":"2018-05-30T19:35:07","guid":{"rendered":"https:\/\/blog.edu.turku.fi\/ylimaaria\/?page_id=299"},"modified":"2024-09-17T14:25:51","modified_gmt":"2024-09-17T11:25:51","slug":"yleista","status":"publish","type":"page","link":"https:\/\/blog.edu.turku.fi\/ylimaaria\/opetus\/yleista\/","title":{"rendered":"Yleist\u00e4"},"content":{"rendered":"<h4>YLI-MAARIAN YHTEN\u00c4ISKOULU<\/h4>\n<p>Yli-Maarian yhten\u00e4iskoulu (1-9 lk) aloitti toimintansa 1.8.2018.\u00a0\u00a0Koulun toimintaa on Yli-Maariassa (Kukkamaariankatu 44) ja Moision yksik\u00f6ss\u00e4 ( Moision koulutie 2).\u00a0 P\u00e4\u00e4koulu on monitoimitalo Ypsilonissa, ja siell\u00e4 opiskellaan vuosiluokilla 1-9.\u00a0 Moision yksik\u00f6ss\u00e4 annetaan opetusta 1-6 luokille.<\/p>\n<p>Oppilaat tulevat kouluumme\u00a0 Yli-Maariasta, Moisiosta, Paattisilta ja J\u00e4k\u00e4rl\u00e4st\u00e4. Monitoimitalossa olevassa p\u00e4\u00e4koulussa opiskelee n. 700 oppilasta luokilla 1-9, ja\u00a0 Moision yksik\u00f6ss\u00e4 opiskelee n. 130 oppilasta luokilla 1-6.<\/p>\n<p>Yli-Maarian koulussa ei ole erikois- tai painotusluokkia, vaan pyrimme antamaan hyv\u00e4\u00e4 perusopetusta kaikille oppilaille. Valinnaisainevalikoimalla tarjoamme oppilaille mahdollisuuden syvent\u00e4\u00e4 tai laajentaa osaamistaan oman kiinnostuksensa ja harrastuneisuutensa mukaisesti. Monitoimitalossa toimii my\u00f6s varhaiskasvatus, jonka kanssa teemme aktiivisesti yhteisty\u00f6t\u00e4 erityisesti alkukasvatusik\u00e4isten (6-8 v.) lasten parissa.<\/p>\n<p><img loading=\"lazy\" decoding=\"async\" class=\"alignnone size-medium wp-image-1381\" src=\"https:\/\/blog.edu.turku.fi\/ylimaaria\/files\/2021\/02\/DJI_0035-300x225.jpg\" alt=\"\" width=\"300\" height=\"225\" srcset=\"https:\/\/blog.edu.turku.fi\/ylimaaria\/files\/2021\/02\/DJI_0035-300x225.jpg 300w, https:\/\/blog.edu.turku.fi\/ylimaaria\/files\/2021\/02\/DJI_0035.jpg 1024w\" sizes=\"auto, (max-width: 300px) 85vw, 300px\" \/><br \/>\n<img loading=\"lazy\" decoding=\"async\" class=\"alignnone size-medium wp-image-1380\" src=\"https:\/\/blog.edu.turku.fi\/ylimaaria\/files\/2021\/02\/DJI_0046-300x169.jpg\" alt=\"\" width=\"300\" height=\"169\" srcset=\"https:\/\/blog.edu.turku.fi\/ylimaaria\/files\/2021\/02\/DJI_0046-300x169.jpg 300w, https:\/\/blog.edu.turku.fi\/ylimaaria\/files\/2021\/02\/DJI_0046.jpg 1024w\" sizes=\"auto, (max-width: 300px) 85vw, 300px\" \/><\/p>\n","protected":false},"excerpt":{"rendered":"<p>YLI-MAARIAN YHTEN\u00c4ISKOULU Yli-Maarian yhten\u00e4iskoulu (1-9 lk) aloitti toimintansa 1.8.2018.\u00a0\u00a0Koulun toimintaa on Yli-Maariassa (Kukkamaariankatu 44) ja Moision yksik\u00f6ss\u00e4 ( Moision koulutie 2).\u00a0 P\u00e4\u00e4koulu on monitoimitalo Ypsilonissa, ja siell\u00e4 opiskellaan vuosiluokilla 1-9.\u00a0 Moision yksik\u00f6ss\u00e4 annetaan opetusta 1-6 luokille. Oppilaat tulevat kouluumme\u00a0 Yli-Maariasta, Moisiosta, Paattisilta ja J\u00e4k\u00e4rl\u00e4st\u00e4. Monitoimitalossa olevassa p\u00e4\u00e4koulussa opiskelee n. 700 oppilasta luokilla 1-9, ja\u00a0 Moision &hellip; <a href=\"https:\/\/blog.edu.turku.fi\/ylimaaria\/opetus\/yleista\/\" class=\"more-link\">Jatka lukemista<span class=\"screen-reader-text\"> &#8221;Yleist\u00e4&#8221;<\/span><\/a><\/p>\n","protected":false},"author":665,"featured_media":0,"parent":18,"menu_order":1,"comment_status":"closed","ping_status":"closed","template":"","meta":{"footnotes":""},"class_list":["post-299","page","type-page","status-publish","hentry"],"_links":{"self":[{"href":"https:\/\/blog.edu.turku.fi\/ylimaaria\/wp-json\/wp\/v2\/pages\/299","targetHints":{"allow":["GET"]}}],"collection":[{"href":"https:\/\/blog.edu.turku.fi\/ylimaaria\/wp-json\/wp\/v2\/pages"}],"about":[{"href":"https:\/\/blog.edu.turku.fi\/ylimaaria\/wp-json\/wp\/v2\/types\/page"}],"author":[{"embeddable":true,"href":"https:\/\/blog.edu.turku.fi\/ylimaaria\/wp-json\/wp\/v2\/users\/665"}],"replies":[{"embeddable":true,"href":"https:\/\/blog.edu.turku.fi\/ylimaaria\/wp-json\/wp\/v2\/comments?post=299"}],"version-history":[{"count":17,"href":"https:\/\/blog.edu.turku.fi\/ylimaaria\/wp-json\/wp\/v2\/pages\/299\/revisions"}],"predecessor-version":[{"id":1936,"href":"https:\/\/blog.edu.turku.fi\/ylimaaria\/wp-json\/wp\/v2\/pages\/299\/revisions\/1936"}],"up":[{"embeddable":true,"href":"https:\/\/blog.edu.turku.fi\/ylimaaria\/wp-json\/wp\/v2\/pages\/18"}],"wp:attachment":[{"href":"https:\/\/blog.edu.turku.fi\/ylimaaria\/wp-json\/wp\/v2\/media?parent=299"}],"curies":[{"name":"wp","href":"https:\/\/api.w.org\/{rel}","templated":true}]}}