{"id":1150,"date":"2020-11-12T14:01:54","date_gmt":"2020-11-12T12:01:54","guid":{"rendered":"https:\/\/blog.edu.turku.fi\/ylimaaria\/?page_id=1150"},"modified":"2024-09-26T15:11:36","modified_gmt":"2024-09-26T12:11:36","slug":"monialainen-oppimiskokonaisuus-mok","status":"publish","type":"page","link":"https:\/\/blog.edu.turku.fi\/ylimaaria\/opiskelu\/monialainen-oppimiskokonaisuus-mok\/","title":{"rendered":"Monialainen oppimiskokonaisuus (MOK)"},"content":{"rendered":"<p>Vuosittain toteutetaan v\u00e4hint\u00e4\u00e4n kaksi monialaista oppimiskokonaisuutta. Lukuvuosisuunnitelmassa kuvataan niiden laajuudet ja mukana olevat oppiaineet sek\u00e4 oppilaiden osallisuus. Lis\u00e4ksi kuvataan tavoitteet, sis\u00e4ll\u00f6t, arviointik\u00e4yt\u00e4nn\u00f6t, toteutumisen seuranta, toteutumisen arviointi sek\u00e4 kehitt\u00e4minen.<\/p>\n<p><strong>Lukuvuodella 2024-2025 kaksi monialaista oppimiskokonaisuutta (MOK), jotka molemmat ovat koko koulun yhteisi\u00e4. <\/strong><strong>MOK-teemoina ovat hyvinvointi sek\u00e4 suvaitsevaisuus ja yhdenvertaisuus.<\/strong><\/p>\n<p><strong>Hyvinvointi 1-9 lk\u00a0 <\/strong>(kaupungin tavoitteet huomioiden; lukeminen, liikkuminen ja hyvinvointi)<\/p>\n<p>LINKKI:\u00a0<a href=\"https:\/\/edumailturku-my.sharepoint.com\/:w:\/g\/personal\/marianne_ulfstedt_edu_turku_fi\/eyma\/EWKWnilMIEZHrpL-M-0d-7EBLBd6sKOGHEfFm_OTYsUtXA?e=H2ucx2\" data-cke-saved-href=\"https:\/\/edumailturku-my.sharepoint.com\/:w:\/g\/personal\/marianne_ulfstedt_edu_turku_fi\/eyma\/EWKWnilMIEZHrpL-M-0d-7EBLBd6sKOGHEfFm_OTYsUtXA?e=H2ucx2\">Hyvinvointi 1-9 lk MOK<\/a><\/p>\n<p><strong>Suvaitsevaisuus ja yhdenvertaisuus &#8211; MOK<\/strong><\/p>\n<p>LINKKI: <a href=\"https:\/\/edumailturku-my.sharepoint.com\/:w:\/g\/personal\/marianne_ulfstedt_edu_turku_fi\/eyma\/ETgId0wAM6FMpH70vpji9-EBbc9ouqjjeliB68l1WDgYgA?e=WzbseJ\" data-cke-saved-href=\"https:\/\/edumailturku-my.sharepoint.com\/:w:\/g\/personal\/marianne_ulfstedt_edu_turku_fi\/eyma\/ETgId0wAM6FMpH70vpji9-EBbc9ouqjjeliB68l1WDgYgA?e=WzbseJ\">Suvaitsevaisuus ja yhdenvertaisuus 1-9 lk MOK<\/a><\/p>\n","protected":false},"excerpt":{"rendered":"<p>Vuosittain toteutetaan v\u00e4hint\u00e4\u00e4n kaksi monialaista oppimiskokonaisuutta. Lukuvuosisuunnitelmassa kuvataan niiden laajuudet ja mukana olevat oppiaineet sek\u00e4 oppilaiden osallisuus. Lis\u00e4ksi kuvataan tavoitteet, sis\u00e4ll\u00f6t, arviointik\u00e4yt\u00e4nn\u00f6t, toteutumisen seuranta, toteutumisen arviointi sek\u00e4 kehitt\u00e4minen. Lukuvuodella 2024-2025 kaksi monialaista oppimiskokonaisuutta (MOK), jotka molemmat ovat koko koulun yhteisi\u00e4. MOK-teemoina ovat hyvinvointi sek\u00e4 suvaitsevaisuus ja yhdenvertaisuus. Hyvinvointi 1-9 lk\u00a0 (kaupungin tavoitteet huomioiden; lukeminen, liikkuminen &hellip; <a href=\"https:\/\/blog.edu.turku.fi\/ylimaaria\/opiskelu\/monialainen-oppimiskokonaisuus-mok\/\" class=\"more-link\">Jatka lukemista<span class=\"screen-reader-text\"> &#8221;Monialainen oppimiskokonaisuus (MOK)&#8221;<\/span><\/a><\/p>\n","protected":false},"author":665,"featured_media":0,"parent":779,"menu_order":6,"comment_status":"closed","ping_status":"closed","template":"","meta":{"footnotes":""},"class_list":["post-1150","page","type-page","status-publish","hentry"],"_links":{"self":[{"href":"https:\/\/blog.edu.turku.fi\/ylimaaria\/wp-json\/wp\/v2\/pages\/1150","targetHints":{"allow":["GET"]}}],"collection":[{"href":"https:\/\/blog.edu.turku.fi\/ylimaaria\/wp-json\/wp\/v2\/pages"}],"about":[{"href":"https:\/\/blog.edu.turku.fi\/ylimaaria\/wp-json\/wp\/v2\/types\/page"}],"author":[{"embeddable":true,"href":"https:\/\/blog.edu.turku.fi\/ylimaaria\/wp-json\/wp\/v2\/users\/665"}],"replies":[{"embeddable":true,"href":"https:\/\/blog.edu.turku.fi\/ylimaaria\/wp-json\/wp\/v2\/comments?post=1150"}],"version-history":[{"count":4,"href":"https:\/\/blog.edu.turku.fi\/ylimaaria\/wp-json\/wp\/v2\/pages\/1150\/revisions"}],"predecessor-version":[{"id":1959,"href":"https:\/\/blog.edu.turku.fi\/ylimaaria\/wp-json\/wp\/v2\/pages\/1150\/revisions\/1959"}],"up":[{"embeddable":true,"href":"https:\/\/blog.edu.turku.fi\/ylimaaria\/wp-json\/wp\/v2\/pages\/779"}],"wp:attachment":[{"href":"https:\/\/blog.edu.turku.fi\/ylimaaria\/wp-json\/wp\/v2\/media?parent=1150"}],"curies":[{"name":"wp","href":"https:\/\/api.w.org\/{rel}","templated":true}]}}