{"id":271,"date":"2025-02-03T22:18:14","date_gmt":"2025-02-03T20:18:14","guid":{"rendered":"https:\/\/blog.edu.turku.fi\/vso\/?page_id=271"},"modified":"2026-04-29T10:32:49","modified_gmt":"2026-04-29T07:32:49","slug":"vsodigi","status":"publish","type":"page","link":"https:\/\/blog.edu.turku.fi\/vso\/vsodigi\/","title":{"rendered":"VSOdigi (opetusteknologiaryhm\u00e4)"},"content":{"rendered":"<p><img loading=\"lazy\" decoding=\"async\" class=\"alignright size-medium wp-image-273\" src=\"https:\/\/blog.edu.turku.fi\/vso\/files\/2025\/02\/vsodigi-logo-300x283.png\" alt=\"VSOdigi-ryhm\u00e4n avatarlogo\" width=\"300\" height=\"283\" srcset=\"https:\/\/blog.edu.turku.fi\/vso\/files\/2025\/02\/vsodigi-logo-300x283.png 300w, https:\/\/blog.edu.turku.fi\/vso\/files\/2025\/02\/vsodigi-logo.png 888w\" sizes=\"auto, (max-width: 300px) 100vw, 300px\" \/><\/p>\n<p><strong>VSOdigi<\/strong> on alueellinen asiantuntijaryhm\u00e4, joka koostuu Varsinais-Suomen eri kuntien tieto- ja viestint\u00e4teknologiaan ja sen opetusk\u00e4ytt\u00f6\u00f6n perehtyneist\u00e4 henkil\u00f6ist\u00e4.<\/p>\n<p>Ryhm\u00e4n teht\u00e4v\u00e4n\u00e4 on jakaa alueella syntyneit\u00e4 hyvi\u00e4 k\u00e4yt\u00e4nteit\u00e4 sek\u00e4 luoda yhteisty\u00f6t\u00e4 TVT-kehitt\u00e4misen saralla.<\/p>\n<ul>\n<li>Aalto Anna-Reetta, <strong>Loimaa<\/strong><\/li>\n<li>Alanko Tuomas, <strong>Naantali<\/strong><\/li>\n<li>Arb\u00f8l-Lilleberg Katrine, <strong>Turun normaalikoulu<\/strong><\/li>\n<li>Ducander Sebastian ja Isberg Peter, <strong>Parainen<\/strong><\/li>\n<li>Eini\u00f6 Keijo, <strong>Nousiainen<\/strong><\/li>\n<li>Heinonen Riku, <strong>Masku<\/strong><\/li>\n<li>Heinolainen Marianne, <strong>Uusikaupunki<\/strong><\/li>\n<li>Ihanam\u00e4ki Mika,<strong> Myn\u00e4m\u00e4ki<\/strong><\/li>\n<li>Into Juha, <strong>Laitila<\/strong><\/li>\n<li>Jaakkola Asmo, <strong>Sauvo<\/strong><\/li>\n<li>Korsimo Janne,<strong> Rusko<\/strong><\/li>\n<li>Korsimo Merja ja Siltanen Heidi, <strong>Paimio<\/strong><\/li>\n<li>Lehtinen Eero, <strong>Aura<\/strong><\/li>\n<li>Lepp\u00e4nen Anssi, <strong>Salo<\/strong><\/li>\n<li>Mattila Aku,<strong> Lieto<\/strong><\/li>\n<li>Paakkinen Jouni (pj) ja Holmqvist Saku, <strong>Turku<\/strong><\/li>\n<li>Sipil\u00e4 Keijo ja Vaalgamaa Mikael, <strong>Kaarina<\/strong><\/li>\n<li>Taatila Minna, <strong>Raisio<\/strong><\/li>\n<\/ul>\n<p>&nbsp;<\/p>\n<p>Mik\u00e4li etsit jonkun tietyn TVT-aihepiirin asiantuntijaa, ota yhteys oman kuntasi edustajaan ja kysy! Sellainen l\u00f6ytyy seudulta aiheesta kuin aiheesta. Verkostossa on voimaa.<\/p>\n","protected":false},"excerpt":{"rendered":"<p>VSOdigi on alueellinen asiantuntijaryhm\u00e4, joka koostuu Varsinais-Suomen eri kuntien tieto- ja viestint\u00e4teknologiaan ja sen opetusk\u00e4ytt\u00f6\u00f6n perehtyneist\u00e4 henkil\u00f6ist\u00e4. Ryhm\u00e4n teht\u00e4v\u00e4n\u00e4 on jakaa alueella syntyneit\u00e4 hyvi\u00e4 k\u00e4yt\u00e4nteit\u00e4 sek\u00e4 luoda yhteisty\u00f6t\u00e4 TVT-kehitt\u00e4misen saralla. Aalto Anna-Reetta, Loimaa Alanko Tuomas, Naantali Arb\u00f8l-Lilleberg Katrine, Turun normaalikoulu<\/p>\n","protected":false},"author":16,"featured_media":0,"parent":0,"menu_order":0,"comment_status":"closed","ping_status":"closed","template":"","meta":{"footnotes":""},"class_list":["post-271","page","type-page","status-publish","hentry"],"_links":{"self":[{"href":"https:\/\/blog.edu.turku.fi\/vso\/wp-json\/wp\/v2\/pages\/271","targetHints":{"allow":["GET"]}}],"collection":[{"href":"https:\/\/blog.edu.turku.fi\/vso\/wp-json\/wp\/v2\/pages"}],"about":[{"href":"https:\/\/blog.edu.turku.fi\/vso\/wp-json\/wp\/v2\/types\/page"}],"author":[{"embeddable":true,"href":"https:\/\/blog.edu.turku.fi\/vso\/wp-json\/wp\/v2\/users\/16"}],"replies":[{"embeddable":true,"href":"https:\/\/blog.edu.turku.fi\/vso\/wp-json\/wp\/v2\/comments?post=271"}],"version-history":[{"count":7,"href":"https:\/\/blog.edu.turku.fi\/vso\/wp-json\/wp\/v2\/pages\/271\/revisions"}],"predecessor-version":[{"id":301,"href":"https:\/\/blog.edu.turku.fi\/vso\/wp-json\/wp\/v2\/pages\/271\/revisions\/301"}],"wp:attachment":[{"href":"https:\/\/blog.edu.turku.fi\/vso\/wp-json\/wp\/v2\/media?parent=271"}],"curies":[{"name":"wp","href":"https:\/\/api.w.org\/{rel}","templated":true}]}}

VSOdigi (opetusteknologiaryhmä)

<p><img loading="lazy" decoding="async" class="alignright size-medium wp-image-273" src="https://blog.edu.turku.fi/vso/files/2025/02/vsodigi-logo-300x283.png" alt="VSOdigi-ryhmän avatarlogo" width="300" height="283" srcset="https://blog.edu.turku.fi/vso/files/2025/02/vsodigi-logo-300x283.png 300w, https://blog.edu.turku.fi/vso/files/2025/02/vsodigi-logo.png 888w" sizes="auto, (max-width: 300px) 100vw, 300px" /></p>
<p><strong>VSOdigi</strong> on alueellinen asiantuntijaryhmä, joka koostuu Varsinais-Suomen eri kuntien tieto- ja viestintäteknologiaan ja sen opetuskäyttöön perehtyneistä henkilöistä.</p>
<p>Ryhmän tehtävänä on jakaa alueella syntyneitä hyviä käytänteitä sekä luoda yhteistyötä TVT-kehittämisen saralla.</p>
<ul>
<li>Aalto Anna-Reetta, <strong>Loimaa</strong></li>
<li>Alanko Tuomas, <strong>Naantali</strong></li>
<li>Arbøl-Lilleberg Katrine, <strong>Turun normaalikoulu</strong></li>
<li>Ducander Sebastian ja Isberg Peter, <strong>Parainen</strong></li>
<li>Einiö Keijo, <strong>Nousiainen</strong></li>
<li>Heinonen Riku, <strong>Masku</strong></li>
<li>Heinolainen Marianne, <strong>Uusikaupunki</strong></li>
<li>Ihanamäki Mika,<strong> Mynämäki</strong></li>
<li>Into Juha, <strong>Laitila</strong></li>
<li>Jaakkola Asmo, <strong>Sauvo</strong></li>
<li>Korsimo Janne,<strong> Rusko</strong></li>
<li>Korsimo Merja ja Siltanen Heidi, <strong>Paimio</strong></li>
<li>Lehtinen Eero, <strong>Aura</strong></li>
<li>Leppänen Anssi, <strong>Salo</strong></li>
<li>Mattila Aku,<strong> Lieto</strong></li>
<li>Paakkinen Jouni (pj) ja Holmqvist Saku, <strong>Turku</strong></li>
<li>Sipilä Keijo ja Vaalgamaa Mikael, <strong>Kaarina</strong></li>
<li>Taatila Minna, <strong>Raisio</strong></li>
</ul>
<p>&nbsp;</p>
<p>Mikäli etsit jonkun tietyn TVT-aihepiirin asiantuntijaa, ota yhteys oman kuntasi edustajaan ja kysy! Sellainen löytyy seudulta aiheesta kuin aiheesta. Verkostossa on voimaa.</p>

<p>VSOdigi on alueellinen asiantuntijaryhmä, joka koostuu Varsinais-Suomen eri kuntien tieto- ja viestintäteknologiaan ja sen opetuskäyttöön perehtyneistä henkilöistä. Ryhmän tehtävänä on jakaa alueella syntyneitä hyviä käytänteitä sekä luoda yhteistyötä TVT-kehittämisen saralla. Aalto Anna-Reetta, Loimaa Alanko Tuomas, Naantali Arbøl-Lilleberg Katrine, Turun normaalikoulu</p>
