{"id":344,"date":"2015-05-27T11:03:18","date_gmt":"2015-05-27T08:03:18","guid":{"rendered":"https:\/\/blog.edu.turku.fi\/vedenalainenveistospolku\/?page_id=344"},"modified":"2015-05-27T11:24:20","modified_gmt":"2015-05-27T08:24:20","slug":"31-10-2015","status":"publish","type":"page","link":"https:\/\/blog.edu.turku.fi\/vedenalainenveistospolku\/seuranta-2\/31-10-2015\/","title":{"rendered":"31.10. 2014"},"content":{"rendered":"<p>Retki Olgalla Dalsk\u00e4riin veistospolun tekij\u00f6iden kanssa 31.10. 2015. S\u00e4\u00e4: aurinkoinen ja l\u00e4mmin (+10 astetta, merivesi arviolta +8), tuuli 3 m\/s NW, n\u00e4k\u00f6syvyys 7 m, korvameduusoja ja pikkukaloja liikkeell\u00e4. P\u00e4\u00e4llyskasvuston peitt\u00e4vyys veistoksissa noin 50-70%. Lajeja: viherlevi\u00e4 (suolilev\u00e4, ahdinparta, vihersuti) syvemm\u00e4ll\u00e4 punalev\u00e4\u00e4 ja rakkolev\u00e4\u00e4, merirokkoja runsaasti.<\/p>\n<div id=\"attachment_345\" style=\"width: 458px\" class=\"wp-caption alignnone\"><a href=\"https:\/\/blog.edu.turku.fi\/vedenalainenveistospolku\/files\/2015\/05\/merikotka-pakattu.jpg\"><img loading=\"lazy\" decoding=\"async\" aria-describedby=\"caption-attachment-345\" class=\"size-full wp-image-345\" src=\"https:\/\/blog.edu.turku.fi\/vedenalainenveistospolku\/files\/2015\/05\/merikotka-pakattu.jpg\" alt=\"Dalsk\u00e4rin merikotka 31.10. 2014\" width=\"448\" height=\"336\" srcset=\"https:\/\/blog.edu.turku.fi\/vedenalainenveistospolku\/files\/2015\/05\/merikotka-pakattu.jpg 448w, https:\/\/blog.edu.turku.fi\/vedenalainenveistospolku\/files\/2015\/05\/merikotka-pakattu-300x225.jpg 300w, https:\/\/blog.edu.turku.fi\/vedenalainenveistospolku\/files\/2015\/05\/merikotka-pakattu-400x300.jpg 400w\" sizes=\"auto, (max-width: 448px) 100vw, 448px\" \/><\/a><p id=\"caption-attachment-345\" class=\"wp-caption-text\">Dalsk\u00e4rin merikotka 31.10. 2014<\/p><\/div>\n<div id=\"attachment_346\" style=\"width: 458px\" class=\"wp-caption alignnone\"><a href=\"https:\/\/blog.edu.turku.fi\/vedenalainenveistospolku\/files\/2015\/05\/merenneito-pakattu-2.jpg\"><img loading=\"lazy\" decoding=\"async\" aria-describedby=\"caption-attachment-346\" class=\"size-full wp-image-346\" src=\"https:\/\/blog.edu.turku.fi\/vedenalainenveistospolku\/files\/2015\/05\/merenneito-pakattu-2.jpg\" alt=\"Dalsk\u00e4rin merenneito 31.101 2014\" width=\"448\" height=\"336\" srcset=\"https:\/\/blog.edu.turku.fi\/vedenalainenveistospolku\/files\/2015\/05\/merenneito-pakattu-2.jpg 448w, https:\/\/blog.edu.turku.fi\/vedenalainenveistospolku\/files\/2015\/05\/merenneito-pakattu-2-300x225.jpg 300w, https:\/\/blog.edu.turku.fi\/vedenalainenveistospolku\/files\/2015\/05\/merenneito-pakattu-2-400x300.jpg 400w\" sizes=\"auto, (max-width: 448px) 100vw, 448px\" \/><\/a><p id=\"caption-attachment-346\" class=\"wp-caption-text\">Dalsk\u00e4rin merenneito 31.101 2014<\/p><\/div>\n","protected":false},"excerpt":{"rendered":"<p>Retki Olgalla Dalsk\u00e4riin veistospolun tekij\u00f6iden kanssa 31.10. 2015. S\u00e4\u00e4: aurinkoinen ja l\u00e4mmin (+10 astetta, merivesi arviolta +8), tuuli 3 m\/s NW, n\u00e4k\u00f6syvyys 7 m, korvameduusoja ja pikkukaloja liikkeell\u00e4. P\u00e4\u00e4llyskasvuston peitt\u00e4vyys veistoksissa noin 50-70%. Lajeja: viherlevi\u00e4 (suolilev\u00e4, ahdinparta, vihersuti) syvemm\u00e4ll\u00e4 punalev\u00e4\u00e4 &hellip; <a href=\"https:\/\/blog.edu.turku.fi\/vedenalainenveistospolku\/seuranta-2\/31-10-2015\/\">Lue loppuun <span class=\"meta-nav\">&rarr;<\/span><\/a><\/p>\n","protected":false},"author":19,"featured_media":0,"parent":339,"menu_order":0,"comment_status":"closed","ping_status":"closed","template":"","meta":{"footnotes":""},"class_list":["post-344","page","type-page","status-publish","hentry"],"_links":{"self":[{"href":"https:\/\/blog.edu.turku.fi\/vedenalainenveistospolku\/wp-json\/wp\/v2\/pages\/344","targetHints":{"allow":["GET"]}}],"collection":[{"href":"https:\/\/blog.edu.turku.fi\/vedenalainenveistospolku\/wp-json\/wp\/v2\/pages"}],"about":[{"href":"https:\/\/blog.edu.turku.fi\/vedenalainenveistospolku\/wp-json\/wp\/v2\/types\/page"}],"author":[{"embeddable":true,"href":"https:\/\/blog.edu.turku.fi\/vedenalainenveistospolku\/wp-json\/wp\/v2\/users\/19"}],"replies":[{"embeddable":true,"href":"https:\/\/blog.edu.turku.fi\/vedenalainenveistospolku\/wp-json\/wp\/v2\/comments?post=344"}],"version-history":[{"count":5,"href":"https:\/\/blog.edu.turku.fi\/vedenalainenveistospolku\/wp-json\/wp\/v2\/pages\/344\/revisions"}],"predecessor-version":[{"id":355,"href":"https:\/\/blog.edu.turku.fi\/vedenalainenveistospolku\/wp-json\/wp\/v2\/pages\/344\/revisions\/355"}],"up":[{"embeddable":true,"href":"https:\/\/blog.edu.turku.fi\/vedenalainenveistospolku\/wp-json\/wp\/v2\/pages\/339"}],"wp:attachment":[{"href":"https:\/\/blog.edu.turku.fi\/vedenalainenveistospolku\/wp-json\/wp\/v2\/media?parent=344"}],"curies":[{"name":"wp","href":"https:\/\/api.w.org\/{rel}","templated":true}]}}