{"id":704,"date":"2020-11-03T13:22:48","date_gmt":"2020-11-03T11:22:48","guid":{"rendered":"https:\/\/blog.edu.turku.fi\/vasaramaki\/?page_id=704"},"modified":"2024-07-29T11:14:06","modified_gmt":"2024-07-29T08:14:06","slug":"liikuntalinjan-esittely","status":"publish","type":"page","link":"https:\/\/blog.edu.turku.fi\/vasaramaki\/liikuntalinjan-esittely\/","title":{"rendered":"Alakoulun liikuntalinja (toiminta p\u00e4\u00e4ttym\u00e4ss\u00e4)"},"content":{"rendered":"<div class=\"entry-content\">\n\n<!-- iframe plugin v.6.0 wordpress.org\/plugins\/iframe\/ -->\n<iframe loading=\"lazy\" src=\"https:\/\/dreambroker.com\/channel\/me3mgxas\/iframe\/axkwvny8\" max-width=\"100%\" width=\"640\" height=\"360\" scrolling=\"yes\" class=\"iframe-class\" frameborder=\"0\"><\/iframe>\n\n<p><strong>ALAKOULU<\/strong><\/p>\n<p>Alakoulun liikuntalinjat toimivat osana Vasaram\u00e4en koulua Lehmustien koulutalossa. Liikuntalinjatoimintaan ei en\u00e4\u00e4 oteta uusia oppilaita, vaan linjatoiminta nykymuodossaan lakkaa. Aiemmin linjapaikan saaneet oppilaat jatkavat liikuntalinjalla alakoulun loppuun. Jatkossa liikunnan opetusta kehitet\u00e4\u00e4n valinnaisainetuntien kautta.<\/p>\n<p>&nbsp;<\/p>\n<\/div>\n<div class=\"entry-content\">\n<p><strong>Opiskelu liikuntalinjalla\u00a0<\/strong><\/p>\n<p>Alakoulun liikuntalinjatoiminta alkaa 3. vuosiluokalta ja p\u00e4\u00e4ttyy kuudenteen luokkaan. Alakoulun liikuntalinjalaisia on jokaisella 3.-6. luokalla ja kaikkia kouluaineita opiskellaan ja arvioidaan yleisen opetussuunnitelman mukaan. Liikuntalinjan oppilaat kootaan yhteen liikuntatunneilla ja ryhm\u00e4\u00e4n kuuluvat yleens\u00e4 saman ik\u00e4iset tyt\u00f6t ja pojat.<\/p>\n<p>Liikuntalinjalla liikuntatuntien m\u00e4\u00e4r\u00e4 on tavanomaista suurempi. Liikunnan tuntim\u00e4\u00e4r\u00e4t eri luokka-asteilla ovat seuraavat:<br \/>\n\u2022 3. luokilla on viisi tuntia OPS-liikuntaa3 + 2 = 5 tuntia (22 )<br \/>\n\u2022 4. luokilla on nelj\u00e4 tuntia OPS-liikuntaa ja lajiaamu (3 +1) + 2 = 6 tuntia (26)<br \/>\n\u2022 5. luokilla nelj\u00e4 tuntia OPS-liikuntaa ja lajiaamu (2 + 2)+ 2 = 6 tuntia (27)<br \/>\n\u2022 6. luokilla on kolme tuntia OPS-liikuntaa ja lajiaamu (2 + 1 )+ 2 = 5 tuntia (27)<\/p>\n<p>Liikunnan ohella opiskeluun voi panostaa my\u00f6s muissa aineissa. Liikuntalinjan oppilaana on mahdollista valita A2-kieli. Koulun kielivalikoimassa ovat ranska ja saksa. Muita valinnaisia opintoja alakoulussa ei ole valinnaisten tuntien sijoittuessa liikuntaan.<\/p>\n<p><strong>Lajiaamu kruunaa viikon<\/strong><\/p>\n<\/div>\n<div class=\"entry-content\">\n<p>4. luokalta alkaen\u00a0 oppilaalla on mahdollisuus osallistua oman seuransa j\u00e4rjest\u00e4m\u00e4\u00e4n valmennukseen perjantaisin 8-10. Seuraharjoituksiin osallistuminen edellytt\u00e4\u00e4, ett\u00e4 seura ja huoltajat huolehtivat yhdess\u00e4 kaikista j\u00e4rjestelyist\u00e4 ja kustannuksista mukaan lukien vakuutukset.<\/p>\n<p>Lajiaamuna my\u00f6s koulu tarjoaa toimintaa niille oppilaille, joilla ei ole seuran j\u00e4rjest\u00e4m\u00e4\u00e4 toimintaa. Lajiaamuna my\u00f6s koulun tarjoamat ryhm\u00e4t voivat muodostua lajiperusteisesti.<\/p>\n<p><strong>Liikuntalinjalta yl\u00e4kouluun<\/strong><\/p>\n<\/div>\n<p>Alakoulun liikuntalinja p\u00e4\u00e4ttyy 6. luokan loppuessa. Kaikilla Vasaram\u00e4en koulun oppilailla on oikeus jatkaa opiskelua Vasaram\u00e4en yhten\u00e4iskoulussa. Koulumme urheiluluokalle hakevat oppilaat osallistuvat lis\u00e4ksi urheilutesteihin, jotka j\u00e4rjestet\u00e4\u00e4n vuosittain helmi-maaliskuussa.\u00a0 Lis\u00e4tietoa sek\u00e4 hakuohjeita aikatauluineen l\u00f6yd\u00e4t &#8221;Hakeminen yl\u00e4koulun urheiluluokalle&#8221; sivustolta.<\/p>\n<p><strong>YL\u00c4KOULU<\/strong><\/p>\n<p>Yl\u00e4koulussa urheiluluokkia on vuosiluokilla 7.-9. Urheiluluokille haetaan 6. vuosiluokan kev\u00e4\u00e4ll\u00e4.<\/p>\n<p>Urheiluluokkien oppilaat opiskelevat kaikkia kouluaineita yleisen opetussuunnitelman mukaan. Urheiluluokan oppilaana on mahdollista jatkaa A2-kielen opintoja, mutta suuri osa muista valinnaisista tunneista on sijoitettu liikunnan opetukseen.<\/p>\n<p>Urheiluluokan oppilaiden lukuj\u00e4rjestyksiin on varattu aikaa seuraharjoittelulle. Niin sanotut lajiaamut tiistaisin ja torstaisin klo 8-10 antavat mahdollisuuden osallistua oman urheiluseuran harjoituksiin.<\/p>\n<p>&nbsp;<\/p>\n<p>&nbsp;<\/p>\n<p>&nbsp;<\/p>\n<footer class=\"entry-footer\"><\/footer>\n","protected":false},"excerpt":{"rendered":"<p>ALAKOULU Alakoulun liikuntalinjat toimivat osana Vasaram\u00e4en koulua Lehmustien koulutalossa. Liikuntalinjatoimintaan ei en\u00e4\u00e4 oteta uusia oppilaita, vaan linjatoiminta nykymuodossaan lakkaa. Aiemmin linjapaikan saaneet oppilaat jatkavat liikuntalinjalla alakoulun loppuun. Jatkossa liikunnan opetusta kehitet\u00e4\u00e4n valinnaisainetuntien kautta. &nbsp; Opiskelu liikuntalinjalla\u00a0 Alakoulun liikuntalinjatoiminta alkaa 3. vuosiluokalta ja p\u00e4\u00e4ttyy kuudenteen luokkaan. Alakoulun liikuntalinjalaisia on jokaisella 3.-6. luokalla ja kaikkia kouluaineita opiskellaan &hellip; <a href=\"https:\/\/blog.edu.turku.fi\/vasaramaki\/liikuntalinjan-esittely\/\" class=\"more-link\">Jatka lukemista<span class=\"screen-reader-text\"> &#8221;Alakoulun liikuntalinja (toiminta p\u00e4\u00e4ttym\u00e4ss\u00e4)&#8221;<\/span><\/a><\/p>\n","protected":false},"author":764,"featured_media":0,"parent":0,"menu_order":0,"comment_status":"closed","ping_status":"closed","template":"","meta":{"footnotes":""},"class_list":["post-704","page","type-page","status-publish","hentry"],"_links":{"self":[{"href":"https:\/\/blog.edu.turku.fi\/vasaramaki\/wp-json\/wp\/v2\/pages\/704","targetHints":{"allow":["GET"]}}],"collection":[{"href":"https:\/\/blog.edu.turku.fi\/vasaramaki\/wp-json\/wp\/v2\/pages"}],"about":[{"href":"https:\/\/blog.edu.turku.fi\/vasaramaki\/wp-json\/wp\/v2\/types\/page"}],"author":[{"embeddable":true,"href":"https:\/\/blog.edu.turku.fi\/vasaramaki\/wp-json\/wp\/v2\/users\/764"}],"replies":[{"embeddable":true,"href":"https:\/\/blog.edu.turku.fi\/vasaramaki\/wp-json\/wp\/v2\/comments?post=704"}],"version-history":[{"count":40,"href":"https:\/\/blog.edu.turku.fi\/vasaramaki\/wp-json\/wp\/v2\/pages\/704\/revisions"}],"predecessor-version":[{"id":1662,"href":"https:\/\/blog.edu.turku.fi\/vasaramaki\/wp-json\/wp\/v2\/pages\/704\/revisions\/1662"}],"wp:attachment":[{"href":"https:\/\/blog.edu.turku.fi\/vasaramaki\/wp-json\/wp\/v2\/media?parent=704"}],"curies":[{"name":"wp","href":"https:\/\/api.w.org\/{rel}","templated":true}]}}