{"id":1070,"date":"2021-09-24T10:19:46","date_gmt":"2021-09-24T07:19:46","guid":{"rendered":"https:\/\/blog.edu.turku.fi\/vasaramaki\/?page_id=1070"},"modified":"2025-08-11T10:23:17","modified_gmt":"2025-08-11T07:23:17","slug":"lomakkeita-ja-ohjeita","status":"publish","type":"page","link":"https:\/\/blog.edu.turku.fi\/vasaramaki\/lomakkeita-ja-ohjeita\/","title":{"rendered":"Lomakkeita ja ohjeita"},"content":{"rendered":"<h1>Koulutapaturmat<\/h1>\n<p><u>Koulutapaturma <\/u>on perusopetuksen oppilaalle tai lukiolaiselle sattunut tapaturma koulussa, koulumatkalla tai koulun toimintasuunnitelmaan liittyv\u00e4ss\u00e4 muussa toiminnassa, esim. leirikoulussa, retkell\u00e4 ym. Tapaturman sattuessa:<\/p>\n<ul>\n<li>Ota yhteytt\u00e4 koulun terveydenhoitajaan, opettajaan tai Lasten ja nuorten p\u00e4ivystykseen. (puh.\u00a002- 313 1420).<\/li>\n<li>Terveydenhoitaja tai opettaja antaa ensiavun, ohjaa tarvittaessa jatkohoitoon, tekee tapaturmailmoituksen ja ilmoituksen vakuutusyhti\u00f6lle.<\/li>\n<li>Koulutapaturmien ensisijainen hoitopaikka on Lasten ja nuorten p\u00e4ivystys. P\u00e4ivystys sijaitsee U-sairaalassa Lastenklinikan tiloissa, os. Kiinamyllynkatu 4-8.\u00a0Hammastapaturmat hoidetaan suun terveydenhuollon toimipisteiss\u00e4, ajanvaraus 02 2660 644.<\/li>\n<li>Halutessaan\u00a0hoitoon voi hakeutua\u00a0my\u00f6s yksityissektorille, soita silloin ensin L\u00e4hiTapiolaan 09 4532 316 korvausk\u00e4yt\u00e4nt\u00f6jen varmistamiseksi.<\/li>\n<\/ul>\n<p><a href=\"https:\/\/www.turku.fi\/perusopetus\/koulutapaturmat-ja-niiden-korvaaminen\">Koulutapaturmat<\/a><\/p>\n<h1>Esinevahingot<\/h1>\n<p>Turun kaupungin koulussa olevan oppilaan henkil\u00f6kohtaisen omaisuuden korvaamisessa l\u00e4ht\u00f6kohtana on, ett\u00e4 jokainen vastaa itse itselleen aiheutuneista vahingoista.<\/p>\n<p>Vahingonkorvauksen saaminen vaatii vastuuperusteen. Korvattaviin tapauksiin sovelletaan vahingonkorvauslakia.<\/p>\n<p>Mik\u00e4li oppilaalle sattuu esinevahinko oppitunnilla opetustilanteessa (esim. kemian tunnilla happoa roiskahtaa vaatteelle, liikuntatunnilla pallo rikkoo silm\u00e4lasit), on Turun kaupungilla ollut k\u00e4yt\u00e4nt\u00f6n\u00e4, ett\u00e4 kaupunki yleens\u00e4 korvaa vahingon saatuaan korvaushakemuksen ja koulun selvityksen vahingosta (Opetuslautakunta 25.8.1993 \u00a7 10 5113\/601-93).<\/p>\n<p><a href=\"https:\/\/www.turku.fi\/perusopetus\/koulutapaturmat-ja-niiden-korvaaminen\">Esinevahingot<\/a><\/p>\n","protected":false},"excerpt":{"rendered":"<p>Koulutapaturmat Koulutapaturma on perusopetuksen oppilaalle tai lukiolaiselle sattunut tapaturma koulussa, koulumatkalla tai koulun toimintasuunnitelmaan liittyv\u00e4ss\u00e4 muussa toiminnassa, esim. leirikoulussa, retkell\u00e4 ym. Tapaturman sattuessa: Ota yhteytt\u00e4 koulun terveydenhoitajaan, opettajaan tai Lasten ja nuorten p\u00e4ivystykseen. (puh.\u00a002- 313 1420). Terveydenhoitaja tai opettaja antaa ensiavun, ohjaa tarvittaessa jatkohoitoon, tekee tapaturmailmoituksen ja ilmoituksen vakuutusyhti\u00f6lle. Koulutapaturmien ensisijainen hoitopaikka on Lasten ja &hellip; <a href=\"https:\/\/blog.edu.turku.fi\/vasaramaki\/lomakkeita-ja-ohjeita\/\" class=\"more-link\">Jatka lukemista<span class=\"screen-reader-text\"> &#8221;Lomakkeita ja ohjeita&#8221;<\/span><\/a><\/p>\n","protected":false},"author":764,"featured_media":0,"parent":0,"menu_order":0,"comment_status":"closed","ping_status":"closed","template":"","meta":{"footnotes":""},"class_list":["post-1070","page","type-page","status-publish","hentry"],"_links":{"self":[{"href":"https:\/\/blog.edu.turku.fi\/vasaramaki\/wp-json\/wp\/v2\/pages\/1070","targetHints":{"allow":["GET"]}}],"collection":[{"href":"https:\/\/blog.edu.turku.fi\/vasaramaki\/wp-json\/wp\/v2\/pages"}],"about":[{"href":"https:\/\/blog.edu.turku.fi\/vasaramaki\/wp-json\/wp\/v2\/types\/page"}],"author":[{"embeddable":true,"href":"https:\/\/blog.edu.turku.fi\/vasaramaki\/wp-json\/wp\/v2\/users\/764"}],"replies":[{"embeddable":true,"href":"https:\/\/blog.edu.turku.fi\/vasaramaki\/wp-json\/wp\/v2\/comments?post=1070"}],"version-history":[{"count":14,"href":"https:\/\/blog.edu.turku.fi\/vasaramaki\/wp-json\/wp\/v2\/pages\/1070\/revisions"}],"predecessor-version":[{"id":1903,"href":"https:\/\/blog.edu.turku.fi\/vasaramaki\/wp-json\/wp\/v2\/pages\/1070\/revisions\/1903"}],"wp:attachment":[{"href":"https:\/\/blog.edu.turku.fi\/vasaramaki\/wp-json\/wp\/v2\/media?parent=1070"}],"curies":[{"name":"wp","href":"https:\/\/api.w.org\/{rel}","templated":true}]}}