{"id":1039,"date":"2021-09-24T09:39:31","date_gmt":"2021-09-24T06:39:31","guid":{"rendered":"https:\/\/blog.edu.turku.fi\/vasaramaki\/?page_id=1039"},"modified":"2026-01-02T14:55:24","modified_gmt":"2026-01-02T12:55:24","slug":"koulu-kartalla","status":"publish","type":"page","link":"https:\/\/blog.edu.turku.fi\/vasaramaki\/koulu-kartalla\/","title":{"rendered":"Koulu kartalla"},"content":{"rendered":"<p>Vasaram\u00e4en koulu Lehmuksen yksikk\u00f6, luokat 1. &#8211; 6.<br \/>\nApulaisrehtori <strong>Katariina Tr\u00e4skelin<\/strong><\/p>\n<p>p. 040 4822107<\/p>\n<p>Lehmustie 7b<br \/>\n20720 Turku<\/p>\n\n<!-- iframe plugin v.6.0 wordpress.org\/plugins\/iframe\/ -->\n<iframe loading=\"lazy\" src=\"https:\/\/www.google.com\/maps\/embed?pb=!1m18!1m12!1m3!1d1968.4873315206112!2d22.29475471602785!3d60.43717008206013!2m3!1f0!2f0!3f0!3m2!1i1024!2i768!4f13.1!3m3!1m2!1s0x468c7720a5a813bf%3A0x79a279260eefb066!2sLehmustie%207%2C%2020720%20Turku!5e0!3m2!1sfi!2sfi!4v1634217159680!5m2!1sfi!2sfi\" width=\"600\" height=\"450\" style=\"border:0;\" allowfullscreen 0=\"loading=&quot;lazy&quot;&gt;&lt;\/iframe&gt;\" scrolling=\"yes\" class=\"iframe-class\" frameborder=\"0\"><\/iframe>\n\n<p>&nbsp;<\/p>\n<p>Vasaram\u00e4en koulu Puistokoulun yksikk\u00f6, luokat 7. &#8211; 9.<br \/>\nRehtori <strong>Sari Gr\u00f6nroos<\/strong><\/p>\n<p>p. 050 4323 636<br \/>\nPuolukkatie 11<br \/>\n20720 Turku<\/p>\n\n<!-- iframe plugin v.6.0 wordpress.org\/plugins\/iframe\/ -->\n<iframe loading=\"lazy\" src=\"https:\/\/www.google.com\/maps\/embed?pb=!1m14!1m8!1m3!1d1391.748453626649!2d22.3014168399511!3d60.4414261101062!3m2!1i1024!2i768!4f13.1!3m3!1m2!1s0x468c772900000001%3A0xcd9f1664ed071c7c!2sVasaram%C3%A4en%20koulu%2C%20Syreenikujan%20yksikk%C3%B6!5e0!3m2!1sfi!2sfi!4v1635843123037!5m2!1sfi!2sfi\" width=\"600\" height=\"450\" style=\"border:0;\" allowfullscreen 0=\"loading=&quot;lazy&quot;&gt;&lt;\/iframe&gt;\" scrolling=\"yes\" class=\"iframe-class\" frameborder=\"0\"><\/iframe>\n\n<p>&nbsp;<\/p>\n<p>Vasaram\u00e4en koulu Tenniskent\u00e4n yksikk\u00f6 &#8221;Tennari&#8221;, luokat 7. \u2013 9. (kuvataide ja osa kotitalous tunneista) ja VALMO-luokka<br \/>\nRehtori\u00a0<strong>Sari Gr\u00f6nroos<\/strong><\/p>\n<p>p. 050 4323 636<br \/>\nPuolukkatie 12<br \/>\n20720 Turku<\/p>\n\n<!-- iframe plugin v.6.0 wordpress.org\/plugins\/iframe\/ -->\n<iframe src=\"https:\/\/www.google.com\/maps\/embed?pb=!1m18!1m12!1m3!1d1968.2315205643233!2d22.301727556935443!3d60.44139338844511!2m3!1f0!2f0!3f0!3m2!1i1024!2i768!4f13.1!3m3!1m2!1s0x468c76d9368114a5%3A0x7ee2b0391cc4a928!2sPuolukkatie%2012%2C%2020720%20Turku!5e0!3m2!1sfi!2sfi!4v1753686383071!5m2!1sfi!2sfi\" width=\"600\" height=\"450\" style=\"border:0;\" allowfullscreen loading=\"lazy\" 0=\"referrerpolicy=&quot;no-referrer-when-downgrade&quot;&gt;&lt;\/iframe\" scrolling=\"yes\" class=\"iframe-class\" frameborder=\"0\"><\/iframe>\n\n","protected":false},"excerpt":{"rendered":"<p>Vasaram\u00e4en koulu Lehmuksen yksikk\u00f6, luokat 1. &#8211; 6. Apulaisrehtori Katariina Tr\u00e4skelin p. 040 4822107 Lehmustie 7b 20720 Turku &nbsp; Vasaram\u00e4en koulu Puistokoulun yksikk\u00f6, luokat 7. &#8211; 9. Rehtori Sari Gr\u00f6nroos p. 050 4323 636 Puolukkatie 11 20720 Turku &nbsp; Vasaram\u00e4en koulu Tenniskent\u00e4n yksikk\u00f6 &#8221;Tennari&#8221;, luokat 7. \u2013 9. (kuvataide ja osa kotitalous tunneista) ja VALMO-luokka &hellip; <a href=\"https:\/\/blog.edu.turku.fi\/vasaramaki\/koulu-kartalla\/\" class=\"more-link\">Jatka lukemista<span class=\"screen-reader-text\"> &#8221;Koulu kartalla&#8221;<\/span><\/a><\/p>\n","protected":false},"author":764,"featured_media":0,"parent":0,"menu_order":0,"comment_status":"closed","ping_status":"closed","template":"","meta":{"footnotes":""},"class_list":["post-1039","page","type-page","status-publish","hentry"],"_links":{"self":[{"href":"https:\/\/blog.edu.turku.fi\/vasaramaki\/wp-json\/wp\/v2\/pages\/1039","targetHints":{"allow":["GET"]}}],"collection":[{"href":"https:\/\/blog.edu.turku.fi\/vasaramaki\/wp-json\/wp\/v2\/pages"}],"about":[{"href":"https:\/\/blog.edu.turku.fi\/vasaramaki\/wp-json\/wp\/v2\/types\/page"}],"author":[{"embeddable":true,"href":"https:\/\/blog.edu.turku.fi\/vasaramaki\/wp-json\/wp\/v2\/users\/764"}],"replies":[{"embeddable":true,"href":"https:\/\/blog.edu.turku.fi\/vasaramaki\/wp-json\/wp\/v2\/comments?post=1039"}],"version-history":[{"count":29,"href":"https:\/\/blog.edu.turku.fi\/vasaramaki\/wp-json\/wp\/v2\/pages\/1039\/revisions"}],"predecessor-version":[{"id":1971,"href":"https:\/\/blog.edu.turku.fi\/vasaramaki\/wp-json\/wp\/v2\/pages\/1039\/revisions\/1971"}],"wp:attachment":[{"href":"https:\/\/blog.edu.turku.fi\/vasaramaki\/wp-json\/wp\/v2\/media?parent=1039"}],"curies":[{"name":"wp","href":"https:\/\/api.w.org\/{rel}","templated":true}]}}