{"id":11,"date":"2014-03-10T10:36:42","date_gmt":"2014-03-10T08:36:42","guid":{"rendered":"https:\/\/blog.edu.turku.fi\/vasaramaenphy\/?page_id=11"},"modified":"2024-08-20T13:33:49","modified_gmt":"2024-08-20T10:33:49","slug":"yhteystiedot","status":"publish","type":"page","link":"https:\/\/blog.edu.turku.fi\/vasaramaenphy\/yhteystiedot\/","title":{"rendered":"Yhteystiedot"},"content":{"rendered":"<p><strong>Vasaram\u00e4en p\u00e4iv\u00e4hoitoyksikk\u00f6<\/strong>, Rakuunatie 56, 20720 Turku<\/p>\n<p><strong>P\u00e4iv\u00e4kodin johtaja<\/strong>: Sanna Nieminen 050 396 7156<\/p>\n<p><strong>Mansikat<\/strong>\u00a0 p. 040 483 0378<\/p>\n<p><strong>Herukat<\/strong> p. 040 583 1346<\/p>\n<p><strong>Kirsikat<\/strong> p. 040 673 2076<\/p>\n<p><strong>Mustikat <\/strong>p. 040 6601852<\/p>\n<p><strong>Vaapukat <\/strong>p.040 673 5105<\/p>\n<p><strong>Puolukat <\/strong>p.050 541 7813<\/p>\n<p><b>Karpalot <\/b>p. 040-353 4293<\/p>\n<p><strong>Karviaiset <\/strong>p. 040-621 5849<\/p>\n<p>&nbsp;<\/p>\n<p><strong>Kaarean Keitti\u00f6<\/strong>; p.040 514 5062<\/p>\n","protected":false},"excerpt":{"rendered":"<p>Vasaram\u00e4en p\u00e4iv\u00e4hoitoyksikk\u00f6, Rakuunatie 56, 20720 Turku P\u00e4iv\u00e4kodin johtaja: Sanna Nieminen 050 396 7156 Mansikat\u00a0 p. 040 483 0378 Herukat p. 040 583 1346 Kirsikat p. 040 673 2076 Mustikat p. 040 6601852 Vaapukat p.040 673 5105 Puolukat p.050 541 7813 Karpalot p. 040-353 4293 Karviaiset p. 040-621 5849 &nbsp; Kaarean Keitti\u00f6; p.040 514 5062<\/p>\n","protected":false},"author":814,"featured_media":0,"parent":0,"menu_order":3,"comment_status":"closed","ping_status":"closed","template":"","meta":{"footnotes":""},"class_list":["post-11","page","type-page","status-publish","hentry"],"_links":{"self":[{"href":"https:\/\/blog.edu.turku.fi\/vasaramaenphy\/wp-json\/wp\/v2\/pages\/11","targetHints":{"allow":["GET"]}}],"collection":[{"href":"https:\/\/blog.edu.turku.fi\/vasaramaenphy\/wp-json\/wp\/v2\/pages"}],"about":[{"href":"https:\/\/blog.edu.turku.fi\/vasaramaenphy\/wp-json\/wp\/v2\/types\/page"}],"author":[{"embeddable":true,"href":"https:\/\/blog.edu.turku.fi\/vasaramaenphy\/wp-json\/wp\/v2\/users\/814"}],"replies":[{"embeddable":true,"href":"https:\/\/blog.edu.turku.fi\/vasaramaenphy\/wp-json\/wp\/v2\/comments?post=11"}],"version-history":[{"count":26,"href":"https:\/\/blog.edu.turku.fi\/vasaramaenphy\/wp-json\/wp\/v2\/pages\/11\/revisions"}],"predecessor-version":[{"id":1750,"href":"https:\/\/blog.edu.turku.fi\/vasaramaenphy\/wp-json\/wp\/v2\/pages\/11\/revisions\/1750"}],"wp:attachment":[{"href":"https:\/\/blog.edu.turku.fi\/vasaramaenphy\/wp-json\/wp\/v2\/media?parent=11"}],"curies":[{"name":"wp","href":"https:\/\/api.w.org\/{rel}","templated":true}]}}