{"id":42,"date":"2015-11-26T13:55:31","date_gmt":"2015-11-26T11:55:31","guid":{"rendered":"https:\/\/blog.edu.turku.fi\/valmistavaopetusturku\/?page_id=42"},"modified":"2023-11-01T14:58:50","modified_gmt":"2023-11-01T12:58:50","slug":"integrointi","status":"publish","type":"page","link":"https:\/\/blog.edu.turku.fi\/valmistavaopetusturku\/integrointi\/","title":{"rendered":"Integrointi"},"content":{"rendered":"<p>Valmistavan opetuksen aikana oppilas pyrit\u00e4\u00e4n integroimaan perusopetuksen ryhmiin. Integrointi suunnitellaan jokaisen oppilaan kohdalla erikseen. Integrointi toteutetaan oppilaan opinto-ohjelman mukaisesti.\u00a0 Integrointi edist\u00e4\u00e4 suomen kielen oppimista ja suomalaiseen kouluj\u00e4rjestelm\u00e4\u00e4n sopeutumista. Integroinnin on tarkoitus helpottaa tuleva siirtymist\u00e4 omaan kotiluokkaan\/l\u00e4hikouluun tai muihin jatko-opintoihin.<\/p>\n<p>Integrointi suunnitellaan valmistavan vaiheen opettajan ja koulun muiden opettajien sek\u00e4 rehtorin yhteisty\u00f6n\u00e4. Integrointimallit vaihtelevat kouluittain.<\/p>\n<p>Mik\u00e4li mahdollista, on j\u00e4rkev\u00e4\u00e4 integroida oppilasta h\u00e4nen tulevaan perusopetuksen luokkaansa. Integrointijaksot ovat eritt\u00e4in suositeltavia, jos ne saadaan sopimaan aikatauluun ym. Jo p\u00e4iv\u00e4n mittainen integrointi tulevaan ryhm\u00e4\u00e4n on arvokas. Oppilas pyrit\u00e4\u00e4n integroimaan omaa ik\u00e4tasoaan vastaaviin opetusryhmiin.<\/p>\n<p>Oppilas on usein helpointa integroida taito- ja taideaineiden tunneille, koska n\u00e4ill\u00e4 tunneilla oppilas pystyy toimimaan mallin mukaan ilman hyv\u00e4\u00e4 kielitaitoa. My\u00f6s matematiikan tai vieraiden kielten tunneille voi olla helppoa integroida, mik\u00e4li kyseiset oppiaineet ovat oppilaalle vahvoja h\u00e4nen hyv\u00e4n koulutaustansa vuoksi. Realistisen kuvan saamiseksi olisi toteutettava vaativiakin integrointeja. L\u00e4p\u00e4isty testi reaaliaineissa antaa luottamusta jatkoon. Integrointien sujumisesta opettaja saa my\u00f6s tietoa omaan arviointiinsa.<\/p>\n<p>Integrointi voi kuitenkin olla haasteellista koulun mm. ryhm\u00e4kokojen vuoksi. My\u00f6s integrointi toisen suuntaan on yksi ty\u00f6kalu esim. ratkaisemaan edell\u00e4 mainittua tilannetta.<\/p>\n<p>Integroinnin m\u00e4\u00e4r\u00e4 vaihtelee kunkin oppilaan kohdalla. Tavoitteena on, ett\u00e4 jokainen oppilas olisi integroituna ainakin jossain oppiaineessa. Integrointi voi alkaa heti, kun oppilas aloittaa valmistavat opinnot tai se voi alkaa vasta my\u00f6hemmin.<\/p>\n<p>&nbsp;<\/p>\n","protected":false},"excerpt":{"rendered":"<p>Valmistavan opetuksen aikana oppilas pyrit\u00e4\u00e4n integroimaan perusopetuksen ryhmiin. Integrointi suunnitellaan jokaisen oppilaan kohdalla erikseen. Integrointi toteutetaan oppilaan opinto-ohjelman mukaisesti.\u00a0 Integrointi edist\u00e4\u00e4 suomen kielen oppimista ja suomalaiseen kouluj\u00e4rjestelm\u00e4\u00e4n sopeutumista. Integroinnin on tarkoitus helpottaa tuleva siirtymist\u00e4 omaan kotiluokkaan\/l\u00e4hikouluun tai muihin jatko-opintoihin. Integrointi suunnitellaan valmistavan vaiheen opettajan ja koulun muiden opettajien sek\u00e4 rehtorin yhteisty\u00f6n\u00e4. Integrointimallit vaihtelevat kouluittain. Mik\u00e4li &hellip; <a href=\"https:\/\/blog.edu.turku.fi\/valmistavaopetusturku\/integrointi\/\" class=\"more-link\">Jatka lukemista<span class=\"screen-reader-text\"> &#8221;Integrointi&#8221;<\/span><\/a><\/p>\n","protected":false},"author":1196,"featured_media":0,"parent":0,"menu_order":0,"comment_status":"closed","ping_status":"closed","template":"","meta":{"footnotes":""},"class_list":["post-42","page","type-page","status-publish","hentry"],"_links":{"self":[{"href":"https:\/\/blog.edu.turku.fi\/valmistavaopetusturku\/wp-json\/wp\/v2\/pages\/42","targetHints":{"allow":["GET"]}}],"collection":[{"href":"https:\/\/blog.edu.turku.fi\/valmistavaopetusturku\/wp-json\/wp\/v2\/pages"}],"about":[{"href":"https:\/\/blog.edu.turku.fi\/valmistavaopetusturku\/wp-json\/wp\/v2\/types\/page"}],"author":[{"embeddable":true,"href":"https:\/\/blog.edu.turku.fi\/valmistavaopetusturku\/wp-json\/wp\/v2\/users\/1196"}],"replies":[{"embeddable":true,"href":"https:\/\/blog.edu.turku.fi\/valmistavaopetusturku\/wp-json\/wp\/v2\/comments?post=42"}],"version-history":[{"count":4,"href":"https:\/\/blog.edu.turku.fi\/valmistavaopetusturku\/wp-json\/wp\/v2\/pages\/42\/revisions"}],"predecessor-version":[{"id":226,"href":"https:\/\/blog.edu.turku.fi\/valmistavaopetusturku\/wp-json\/wp\/v2\/pages\/42\/revisions\/226"}],"wp:attachment":[{"href":"https:\/\/blog.edu.turku.fi\/valmistavaopetusturku\/wp-json\/wp\/v2\/media?parent=42"}],"curies":[{"name":"wp","href":"https:\/\/api.w.org\/{rel}","templated":true}]}}