{"id":38,"date":"2015-11-26T13:59:59","date_gmt":"2015-11-26T11:59:59","guid":{"rendered":"https:\/\/blog.edu.turku.fi\/valmistavaopetusturku\/?page_id=38"},"modified":"2025-05-12T11:34:07","modified_gmt":"2025-05-12T08:34:07","slug":"lukujarjestys-ja-opetusjarjestelyt","status":"publish","type":"page","link":"https:\/\/blog.edu.turku.fi\/valmistavaopetusturku\/lukujarjestys-ja-opetusjarjestelyt\/","title":{"rendered":"Lukuj\u00e4rjestys ja opetusj\u00e4rjestelyt"},"content":{"rendered":"<p>Jokaisella opettajalla on 25 viikkotuntia. Opettajan tunti on 60 minuuttia eli 25 kertaa 60 minuuttia v\u00e4litunnit mukaanlukien. Jokainen opettaja huolehtii, ett\u00e4 ty\u00f6tunnit t\u00e4yttyv\u00e4t.\u00a0 Oppilaan tuntim\u00e4\u00e4r\u00e4 ensimm\u00e4isen, toisen ja kolmannen luokan oppilailla on 24 ja sit\u00e4 vanhemmilla 26 oppituntia viikossa. Lukuj\u00e4rjestykset voivat olla kokonaan yksil\u00f6llisi\u00e4 tai yhteisi\u00e4. Eriytt\u00e4minen toteutuu monella tavalla. Suurin osa opetuksesta on suomen kielt\u00e4. Matematiikka ja ymp\u00e4rist\u00f6tieto\/maantieto ovat t\u00e4rkeit\u00e4. Kaikki opetus on kielitietoista ja suomen kielen oppimista l\u00e4ht\u00f6kohtaisesti. T\u00e4rkeysj\u00e4rjestys m\u00e4\u00e4r\u00e4ytyy oppilaan seuraavan opiskelupaikan mukaan: mitk\u00e4 tiedot ja taidot korostuvat jatkossa. Lukuj\u00e4rjestykseen on varattava aikaa my\u00f6s opintoretkiin opintosuunnitelman mukaisesti, samoin taito- ja taideaineita sis\u00e4llytet\u00e4\u00e4n mukaan.<\/p>\n<p><strong> Oppilaslista <\/strong><\/p>\n<p>Oppilistat ovat TEAMSiss\u00e4 ja l\u00f6ytyv\u00e4t haulla: VALMO &#8211; tiedostot &#8211; oppilaslistat- oma nimesi. Vain opettaja p\u00e4\u00e4see oppilaslistaansa ja n\u00e4kee vain oman listansa.<\/p>\n<p>Oppilas listataan oppilaslistalle heti, kun tieto oppilaasta on tullut opettajalle. Aloittanut-sarakkeeseen kirjoitetaan t\u00e4ss\u00e4 vaiheessa TULOSSA. Kun oppilas siirtyy pois valmistavasta ryhm\u00e4st\u00e4 kirjataan p\u00e4iv\u00e4m\u00e4\u00e4r\u00e4 lopettanut sarakkeeseen.<\/p>\n<p>Nimien oikeinkirjoitus pyrit\u00e4\u00e4n tarkistamaan jostain virallisesta paperista ja varmistaa, ett\u00e4 etu- ja sukunimet ovat oikeinp\u00e4in. Kieleksi merkit\u00e4\u00e4n kieli, jota oppilas ymm\u00e4rt\u00e4\u00e4 parhaiten.<\/p>\n<p>Aloittanut -sarakkeeseen t\u00e4ytyy laittaa n\u00e4kyville my\u00f6s aikaisempi VALMO, jos oppilas on tullut ryhm\u00e4\u00e4n muualta Suomesta. Omien ryhmiemme v\u00e4liset siirrot sen sijaan voidaan j\u00e4tt\u00e4\u00e4 merkitsem\u00e4tt\u00e4 n\u00e4kyviin, kunhan pidet\u00e4\u00e4n huolta, ett\u00e4 aloitusp\u00e4iv\u00e4m\u00e4\u00e4r\u00e4n\u00e4 pysyy ensimm\u00e4inen aloitusp\u00e4iv\u00e4 eik\u00e4 aloitus uudessa ryhm\u00e4ss\u00e4.<\/p>\n<p>Jatkosuunnitelmaan yritet\u00e4\u00e4n kirjoittaa mahdollisimman varhain jotain, vaikka suunnitelmat muuttuisivatkin jatkossa. Jatkosuunnitelmasarakkeessa tulee n\u00e4ky\u00e4, jos oppilas on vieraskuntalainen. Se helpottaa monikulttuurisen opetuksen suunnittelijan ty\u00f6t\u00e4.<\/p>\n<p><strong>Opintoretket <\/strong><\/p>\n<p>Opintoretket kuuluvat valmistavaan opetukseen, yhteen isompaan luokkaretkeen lukuvuodessa voi sis\u00e4lty\u00e4 p\u00e4\u00e4symaksukin. Turun kaupungin kohteet ovat useimmiten maksuttomia peruskoululaisille mm:<\/p>\n<ul>\n<li><strong><img loading=\"lazy\" decoding=\"async\" src=\"http:\/\/www.moped.fi\/kuvat\/valmopaketti-helsingissa.jpg\" alt=\"\" width=\"275\" height=\"202\" align=\"right\" \/><\/strong> Turun linna<\/li>\n<li>Turun kaupungin taidemuseo<\/li>\n<li>Turun Tuomiokirkko<\/li>\n<li>Aboa Vetus &amp; Ars Nova -museot (p\u00e4\u00e4symaksu)<\/li>\n<li>W\u00e4in\u00f6 Aaltosen taidemuseo<\/li>\n<li>Kaupunginkirjasto<\/li>\n<li>K\u00e4sity\u00f6l\u00e4ismuseo<\/li>\n<li>Sibelius-museo<\/li>\n<li>Turun filharmoninen orkesteri<\/li>\n<li>Ett Hem &#8211; museo<\/li>\n<li>Biologinen museo<\/li>\n<li>Forum Marinum<\/li>\n<li>Kuralan kyl\u00e4m\u00e4ki<\/li>\n<li>Vimma<\/li>\n<li>Ekotori<\/li>\n<li>Kaupungin liikuntapaikat<\/li>\n<li>Seikkailupuisto<\/li>\n<li>Ruissalo<\/li>\n<li>Kasvitieteellinen puutarha (p\u00e4\u00e4symaksu)<\/li>\n<li>Tammenterho<\/li>\n<li>Kuhankuono<\/li>\n<\/ul>\n<p><strong>Ryhm\u00e4bussikortti <\/strong><\/p>\n<p>Valmistavan opetuksen ryhmill\u00e4 on k\u00e4yt\u00f6ss\u00e4\u00e4n koulukohtainen ryhm\u00e4bussikortti, jolla voi matkustaa kaupungin sis\u00e4isill\u00e4 F\u00d6LI-linjoilla. Bussikortin saa oman koulun kautta ja se ladataan uuden lukuvuoden alkaessa. Latauksen yhteydess\u00e4 voi ottaa irtolippuja poikkeustilanteita varten esim., jos bussikorttiin oikeutetun oppilaan koululaiskortin saaminen pitkittyy. 15-vuotiaille ja sit\u00e4 vanhemmille tarvitaan aikuisten matkalippuja.<\/p>\n<p>&nbsp;<\/p>\n","protected":false},"excerpt":{"rendered":"<p>Jokaisella opettajalla on 25 viikkotuntia. Opettajan tunti on 60 minuuttia eli 25 kertaa 60 minuuttia v\u00e4litunnit mukaanlukien. Jokainen opettaja huolehtii, ett\u00e4 ty\u00f6tunnit t\u00e4yttyv\u00e4t.\u00a0 Oppilaan tuntim\u00e4\u00e4r\u00e4 ensimm\u00e4isen, toisen ja kolmannen luokan oppilailla on 24 ja sit\u00e4 vanhemmilla 26 oppituntia viikossa. Lukuj\u00e4rjestykset voivat olla kokonaan yksil\u00f6llisi\u00e4 tai yhteisi\u00e4. Eriytt\u00e4minen toteutuu monella tavalla. Suurin osa opetuksesta on suomen &hellip; <a href=\"https:\/\/blog.edu.turku.fi\/valmistavaopetusturku\/lukujarjestys-ja-opetusjarjestelyt\/\" class=\"more-link\">Jatka lukemista<span class=\"screen-reader-text\"> &#8221;Lukuj\u00e4rjestys ja opetusj\u00e4rjestelyt&#8221;<\/span><\/a><\/p>\n","protected":false},"author":1386,"featured_media":0,"parent":0,"menu_order":0,"comment_status":"closed","ping_status":"closed","template":"","meta":{"footnotes":""},"class_list":["post-38","page","type-page","status-publish","hentry"],"_links":{"self":[{"href":"https:\/\/blog.edu.turku.fi\/valmistavaopetusturku\/wp-json\/wp\/v2\/pages\/38","targetHints":{"allow":["GET"]}}],"collection":[{"href":"https:\/\/blog.edu.turku.fi\/valmistavaopetusturku\/wp-json\/wp\/v2\/pages"}],"about":[{"href":"https:\/\/blog.edu.turku.fi\/valmistavaopetusturku\/wp-json\/wp\/v2\/types\/page"}],"author":[{"embeddable":true,"href":"https:\/\/blog.edu.turku.fi\/valmistavaopetusturku\/wp-json\/wp\/v2\/users\/1386"}],"replies":[{"embeddable":true,"href":"https:\/\/blog.edu.turku.fi\/valmistavaopetusturku\/wp-json\/wp\/v2\/comments?post=38"}],"version-history":[{"count":15,"href":"https:\/\/blog.edu.turku.fi\/valmistavaopetusturku\/wp-json\/wp\/v2\/pages\/38\/revisions"}],"predecessor-version":[{"id":237,"href":"https:\/\/blog.edu.turku.fi\/valmistavaopetusturku\/wp-json\/wp\/v2\/pages\/38\/revisions\/237"}],"wp:attachment":[{"href":"https:\/\/blog.edu.turku.fi\/valmistavaopetusturku\/wp-json\/wp\/v2\/media?parent=38"}],"curies":[{"name":"wp","href":"https:\/\/api.w.org\/{rel}","templated":true}]}}