{"id":64,"date":"2025-01-20T13:19:36","date_gmt":"2025-01-20T11:19:36","guid":{"rendered":"https:\/\/blog.edu.turku.fi\/vahvuudet-testi\/?page_id=64"},"modified":"2025-01-20T13:19:36","modified_gmt":"2025-01-20T11:19:36","slug":"framsida","status":"publish","type":"page","link":"https:\/\/blog.edu.turku.fi\/vahvuudet-testi\/framsida\/","title":{"rendered":"Framsida"},"content":{"rendered":"<p>Instruktioner till den som genomf\u00f6r testet:<\/p>\n<ul>\n<li>Vi rekommenderar att du g\u00f6r testet p\u00e5 dator!<\/li>\n<li>Kopiera och spara testet p\u00e5 din egen dator, s\u00e5 att du kan svara p\u00e5 p\u00e5st\u00e5endena i testet.<\/li>\n<li>Efter att du har svarat p\u00e5 p\u00e5st\u00e5endena, kom ih\u00e5g att spara testet igen.<\/li>\n<li>Om du anv\u00e4nder libre office, kom ih\u00e5g att anv\u00e4nda Excel<\/li>\n<li>Om du vill skriva ut dina svar, resultatdiagrammet eller tolkningstabellen, g\u00e5 till den aktuella fliken och v\u00e4lj Arkiv => Skriv ut.<\/li>\n<li>Dela dina testresultat med din studiehandledare enligt hens anvisningar.<\/li>\n<\/ul>\n<p><a href=\"https:\/\/blog.edu.turku.fi\/vahvuudet-testi\/files\/2024\/01\/Tunnista-ja-oivalla-vahvuutesi-testi-sv.xlsx\">Ladda testet Identifiera och uppt\u00e4ck dina styrkor<\/a><\/p>\n","protected":false},"excerpt":{"rendered":"<p>Instruktioner till den som genomf\u00f6r testet: Vi rekommenderar att du g\u00f6r testet p\u00e5 dator! Kopiera och spara testet p\u00e5 din egen dator, s\u00e5 att du kan svara p\u00e5 p\u00e5st\u00e5endena i testet. Efter att du har svarat p\u00e5 p\u00e5st\u00e5endena, kom ih\u00e5g<\/p>\n","protected":false},"author":56,"featured_media":0,"parent":0,"menu_order":0,"comment_status":"closed","ping_status":"closed","template":"","meta":{"footnotes":""},"class_list":["post-64","page","type-page","status-publish","hentry"],"_links":{"self":[{"href":"https:\/\/blog.edu.turku.fi\/vahvuudet-testi\/wp-json\/wp\/v2\/pages\/64","targetHints":{"allow":["GET"]}}],"collection":[{"href":"https:\/\/blog.edu.turku.fi\/vahvuudet-testi\/wp-json\/wp\/v2\/pages"}],"about":[{"href":"https:\/\/blog.edu.turku.fi\/vahvuudet-testi\/wp-json\/wp\/v2\/types\/page"}],"author":[{"embeddable":true,"href":"https:\/\/blog.edu.turku.fi\/vahvuudet-testi\/wp-json\/wp\/v2\/users\/56"}],"replies":[{"embeddable":true,"href":"https:\/\/blog.edu.turku.fi\/vahvuudet-testi\/wp-json\/wp\/v2\/comments?post=64"}],"version-history":[{"count":1,"href":"https:\/\/blog.edu.turku.fi\/vahvuudet-testi\/wp-json\/wp\/v2\/pages\/64\/revisions"}],"predecessor-version":[{"id":65,"href":"https:\/\/blog.edu.turku.fi\/vahvuudet-testi\/wp-json\/wp\/v2\/pages\/64\/revisions\/65"}],"wp:attachment":[{"href":"https:\/\/blog.edu.turku.fi\/vahvuudet-testi\/wp-json\/wp\/v2\/media?parent=64"}],"curies":[{"name":"wp","href":"https:\/\/api.w.org\/{rel}","templated":true}]}}