{"id":5,"date":"2023-04-19T14:48:14","date_gmt":"2023-04-19T11:48:14","guid":{"rendered":"https:\/\/blog.edu.turku.fi\/vahvuudet-testi\/?page_id=5"},"modified":"2024-01-17T15:14:08","modified_gmt":"2024-01-17T13:14:08","slug":"etusivu","status":"publish","type":"page","link":"https:\/\/blog.edu.turku.fi\/vahvuudet-testi\/","title":{"rendered":"Etusivu"},"content":{"rendered":"<h3><strong>Ohjeet opiskelijalle:<\/strong><\/h3>\n<ul>\n<li>Suositus on, ett\u00e4 teet testin tietokoneella!<\/li>\n<li>Kopioi ja tallenna testi omalle tietokoneellesi, jotta pystyt vastaamaan testiv\u00e4itteisiin. K\u00e4yt\u00e4 talletusmuotona exceli\u00e4.<\/li>\n<li>Sen j\u00e4lkeen kun olet vastannut v\u00e4itteisiin, muista tallentaa testi uudelleen.<\/li>\n<li>Jos haluat tulostaa vastauksesi, tuloskaavion tai tulkintataulukon, mene kyseiselle v\u00e4lilehdelle ja valitse Tiedosto => Tulosta.<\/li>\n<li>Noudata opinto-ohjaajasi antamia ohjeita siit\u00e4, miten jaat testituloksesi h\u00e4nelle.<\/li>\n<\/ul>\n<p><a href=\"https:\/\/blog.edu.turku.fi\/vahvuudet-testi\/files\/2023\/04\/Tunnista-ja-oivalla-vahvuutesi-testi.xlsx?v=20230918a\">Lataa Tunnista ja oivalla vahvuutesi -testi t\u00e4st\u00e4<\/a><\/p>\n<p>\u00a0<\/p>\n<p>\u00a0<\/p>\n<p>\u00a0<\/p>\n","protected":false},"excerpt":{"rendered":"<p>Ohjeet opiskelijalle: Suositus on, ett\u00e4 teet testin tietokoneella! Kopioi ja tallenna testi omalle tietokoneellesi, jotta pystyt vastaamaan testiv\u00e4itteisiin. K\u00e4yt\u00e4 talletusmuotona exceli\u00e4. Sen j\u00e4lkeen kun olet vastannut v\u00e4itteisiin, muista tallentaa testi uudelleen. Jos haluat tulostaa vastauksesi, tuloskaavion tai tulkintataulukon, mene kyseiselle<\/p>\n","protected":false},"author":56,"featured_media":0,"parent":0,"menu_order":0,"comment_status":"closed","ping_status":"closed","template":"","meta":{"footnotes":""},"class_list":["post-5","page","type-page","status-publish","hentry"],"_links":{"self":[{"href":"https:\/\/blog.edu.turku.fi\/vahvuudet-testi\/wp-json\/wp\/v2\/pages\/5","targetHints":{"allow":["GET"]}}],"collection":[{"href":"https:\/\/blog.edu.turku.fi\/vahvuudet-testi\/wp-json\/wp\/v2\/pages"}],"about":[{"href":"https:\/\/blog.edu.turku.fi\/vahvuudet-testi\/wp-json\/wp\/v2\/types\/page"}],"author":[{"embeddable":true,"href":"https:\/\/blog.edu.turku.fi\/vahvuudet-testi\/wp-json\/wp\/v2\/users\/56"}],"replies":[{"embeddable":true,"href":"https:\/\/blog.edu.turku.fi\/vahvuudet-testi\/wp-json\/wp\/v2\/comments?post=5"}],"version-history":[{"count":21,"href":"https:\/\/blog.edu.turku.fi\/vahvuudet-testi\/wp-json\/wp\/v2\/pages\/5\/revisions"}],"predecessor-version":[{"id":54,"href":"https:\/\/blog.edu.turku.fi\/vahvuudet-testi\/wp-json\/wp\/v2\/pages\/5\/revisions\/54"}],"wp:attachment":[{"href":"https:\/\/blog.edu.turku.fi\/vahvuudet-testi\/wp-json\/wp\/v2\/media?parent=5"}],"curies":[{"name":"wp","href":"https:\/\/api.w.org\/{rel}","templated":true}]}}