{"id":911,"date":"2024-09-17T10:38:51","date_gmt":"2024-09-17T07:38:51","guid":{"rendered":"https:\/\/blog.edu.turku.fi\/vahaheikkila\/?page_id=911"},"modified":"2025-08-13T12:59:57","modified_gmt":"2025-08-13T09:59:57","slug":"koulun-saannot-ja-kaytanteet","status":"publish","type":"page","link":"https:\/\/blog.edu.turku.fi\/vahaheikkila\/opetus\/koulun-saannot-ja-kaytanteet\/","title":{"rendered":"Koulun s\u00e4\u00e4nn\u00f6t ja k\u00e4yt\u00e4nteet"},"content":{"rendered":"<h1><strong>V\u00e4h\u00e4-Heikkil\u00e4n koulun j\u00e4rjestyss\u00e4\u00e4nn\u00f6t\u00a0<\/strong><\/h1>\n<p>S\u00e4\u00e4nn\u00f6t ovat v\u00e4ltt\u00e4m\u00e4tt\u00f6mi\u00e4 kouluyhteis\u00f6n toiminnan ja ty\u00f6rauhan s\u00e4ilymisen sek\u00e4 j\u00e4senten turvallisuuden ja viihtyvyyden vuoksi. Ty\u00f6rauha on ehdoton edellytys kouluty\u00f6n onnistumiselle. S\u00e4\u00e4nn\u00f6t totuttavat oppilaan vastuuseen ja yhteiskunnan j\u00e4senyyteen sek\u00e4 arvostavaan vuorovaikutukseen muiden ihmisten kanssa.<\/p>\n<p>Oppilaan on suoritettava teht\u00e4v\u00e4ns\u00e4 tunnollisesti ja k\u00e4ytt\u00e4ydytt\u00e4v\u00e4 asiallisesti. Oppilaan on k\u00e4ytt\u00e4ydytt\u00e4v\u00e4 muita kiusaamatta ja syrjim\u00e4tt\u00e4 sek\u00e4 toimittava siten, ettei h\u00e4n vaaranna muiden oppilaiden, kouluyhteis\u00f6n tai opiskeluymp\u00e4rist\u00f6n turvallisuutta tai terveytt\u00e4 (POL 35\u00a7).<\/p>\n<p>J\u00e4rjestyss\u00e4\u00e4nt\u00f6j\u00e4 noudatetaan aina kouluaikana, koulualueella ja kaikessa lukuvuosisuunnitelman kuvaamassa koulun toiminnassa. (POL 29\u00a7, POL 35-36\u00a7)<\/p>\n<p>&nbsp;<\/p>\n<p style=\"padding-left: 40px\">1. Koko kouluyhteis\u00f6 toimii yst\u00e4v\u00e4llisesti, kannustavasti, toisiaan kunnioittaen, hyvien tapojen mukaisesti ja henkil\u00f6kunnan ohjeita noudattaen.<\/p>\n<p style=\"padding-left: 40px\">2. Koulussa jokaisella henkil\u00f6ll\u00e4 on oikeus h\u00e4iri\u00f6tt\u00f6m\u00e4\u00e4n ty\u00f6skentelyyn. Oppilailla on oikeus oppia ja opettajilla on oikeus opettaa.<\/p>\n<p style=\"padding-left: 40px\">3. Ep\u00e4asiallinen ja h\u00e4iritsev\u00e4 k\u00e4yt\u00f6s sek\u00e4 kiusaaminen on kielletty. Koulussa jokaisella on oikeus fyysiseen ja psyykkiseen koskemattomuuteen.<\/p>\n<p style=\"padding-left: 40px\">4. Tupakan, s\u00e4hk\u00f6tupakan, nuuskan, p\u00e4ihteiden ja huumeiden k\u00e4ytt\u00f6 sek\u00e4 hallussapito on kielletty kouluaikana ja koulun j\u00e4rjest\u00e4miss\u00e4 tilaisuuksissa sek\u00e4 vuosisuunnitelman kuvaamassa toiminnassa.<\/p>\n<p style=\"padding-left: 40px\">5. Toisen henkil\u00f6n vahingoittamiseen tarkoitetut tai siihen soveltuvat esineet ja aineet ja niiden hallussapito on kouluaikana kielletty\u00e4. N\u00e4it\u00e4 ei saa my\u00f6sk\u00e4\u00e4n pit\u00e4\u00e4 hallussa koulumatkalla.<\/p>\n<p style=\"padding-left: 40px\">6. Koulu ja sen alue pidet\u00e4\u00e4n siistin\u00e4 eik\u00e4 koulun omaisuutta saa turmella. Oppilas on velvollinen kertomaan havaitsemistaan vahingoista koulun henkil\u00f6st\u00f6lle. Vahingon aiheuttaja on ilmoittautumis- ja vahingonkorvausvelvollinen.<\/p>\n<p style=\"padding-left: 40px\">7. Koulussa on m\u00e4\u00e4ritelty v\u00e4lituntialue, jolta poistuminen koulup\u00e4iv\u00e4n aikana on kielletty. V\u00e4litunnit vietet\u00e4\u00e4n ulkona, ellei muuta erikseen sovita.<\/p>\n<p style=\"padding-left: 40px\">8. Oppilaat eiv\u00e4t saa koulup\u00e4iv\u00e4n aikana k\u00e4ytt\u00e4\u00e4 kulkuv\u00e4lineit\u00e4, kuten polkupy\u00f6ri\u00e4, s\u00e4hk\u00f6potkulautoja tai moottoriajoneuvoja, ilman henkil\u00f6kunnan lupaa. Eri toimipisteisiin ja opetuksen j\u00e4rjest\u00e4mispaikkoihin siirryt\u00e4\u00e4n annettujen ohjeiden mukaisesti liikennes\u00e4\u00e4nt\u00f6j\u00e4 noudattaen.<\/p>\n<p style=\"padding-left: 40px\">9. Oppilas voi olla poissa koulusta vain sairauden perusteella tai saatuaan erillisen luvan poissaoloon luokanopettajalta, luokanohjaajalta tai rehtorilta. Kesken koulup\u00e4iv\u00e4n oppilas voi poistua koulusta vain terveydenhoitajan tai opetushenkil\u00f6kuntaan kuuluvan luvalla.<\/p>\n<p style=\"padding-left: 40px\">10. Puhelimen, kellopuhelimen ja muiden mobiililaitteiden k\u00e4ytt\u00f6 on kielletty koko koulup\u00e4iv\u00e4n ajan. Mobiililaitetta saa k\u00e4ytt\u00e4\u00e4 oppimiseen, terveydellisist\u00e4 syist\u00e4 tai oppimisen apuv\u00e4lineen\u00e4 opettajan tai rehtorin luvalla annetun ohjeistuksen mukaisesti. (POL 29 \u00a7 4 momentti)<\/p>\n<p style=\"padding-left: 40px\"><em>V\u00e4h\u00e4-Heikkil\u00e4n koulussa k\u00e4nnyk\u00e4t ja \u00e4lylaitteet s\u00e4ilytet\u00e4\u00e4n repussa koko koulup\u00e4iv\u00e4n ajan koulun alueella. Niiden tulee olla \u00e4\u00e4nett\u00f6m\u00e4ll\u00e4.<\/em><\/p>\n<p style=\"padding-left: 40px\">11. Rahat, arvoesineet ja oppilaan henkil\u00f6kohtainen omaisuus ovat koulussa oppilaan ja huoltajien vastuulla, eik\u00e4 koulu korvaa rahaa eik\u00e4 kadonnutta tai s\u00e4rkynytt\u00e4 omaisuutta.<\/p>\n<p style=\"padding-left: 40px\">12. Koulun tiloissa, alueella tai koulun j\u00e4rjest\u00e4miss\u00e4 tilaisuuksissa ei kouluaikana harjoiteta osto- tai myyntitoimintaa. T\u00e4m\u00e4 rajoitus ei koske vanhempainyhdistysten tai oppilaskunnan toimintaa.<\/p>\n<p>&nbsp;<\/p>\n<p>J\u00e4rjestyss\u00e4\u00e4nt\u00f6jen rikkomisesta seuraa rangaistus perusopetuslain 36\u00a7 mukaisesti. Poliisi k\u00e4sittelee rikosasioita.<\/p>\n<p>N\u00e4m\u00e4 ovat Turun kaupungin perusopetuksen koulujen j\u00e4rjestyss\u00e4\u00e4nn\u00f6t, jotka ovat voimassa 1.8.2025 alkaen. J\u00e4rjestyss\u00e4\u00e4nn\u00f6t ohjaavat k\u00e4ytt\u00e4ytymisen arviointia. Ne ovat n\u00e4ht\u00e4viss\u00e4 koulujen kotisivuilla sek\u00e4 koulutiloissa. J\u00e4rjestyss\u00e4\u00e4nn\u00f6t k\u00e4sitell\u00e4\u00e4n oppilaiden kanssa lukuvuosittain ja niist\u00e4 tiedotetaan huoltajia. J\u00e4rjestyss\u00e4\u00e4nn\u00f6t tarkistetaan s\u00e4\u00e4nn\u00f6llisesti.<\/p>\n<p>&nbsp;<\/p>\n<p><strong>V\u00e4h\u00e4-Heikkil\u00e4n koulussa noudatetaan lis\u00e4ksi seuraavia kouluty\u00f6t\u00e4 tukevia sek\u00e4 turvallisuutta ja viihtyisyytt\u00e4 edist\u00e4vi\u00e4 s\u00e4\u00e4nt\u00f6j\u00e4 ja periaatteita:<\/strong><\/p>\n<p>&nbsp;<\/p>\n<p><strong>V\u00c4LITUNNIT<\/strong><\/p>\n<ul>\n<li>V\u00e4lituntirajat on merkitty valkoisin viivoin asvalttiin.<\/li>\n<li>Pallov\u00e4litunnilla pysyt\u00e4\u00e4n pallokent\u00e4ll\u00e4 tai sit\u00e4 kiert\u00e4v\u00e4ll\u00e4 juoksuradalla. Pallov\u00e4lk\u00e4lt\u00e4 kuljetaan pois lipputangon puoleista C-talon reunaa.<\/li>\n<li>Pallov\u00e4litunnin alkaessa (klo 9.45\u201310.15) v\u00e4lituntivalvojaa odotetaan lipputangolla.<\/li>\n<li>V\u00e4litunneilla k\u00e4ytet\u00e4\u00e4n vain B-rakennuksen kivijalan v\u00e4lituntivessaa.<\/li>\n<li>Koripalloa saa pelata koristelineill\u00e4, pehmopalloilla voi pelata B-talon ja sadekatokseen v\u00e4lisell\u00e4 alueella.<\/li>\n<li>Ulkoliikuntavarastosta ei anneta v\u00e4lineit\u00e4 oppilaille v\u00e4litunnille.<\/li>\n<li>Lumipalloja, kivi\u00e4 tai mit\u00e4\u00e4n, mik\u00e4 voi satuttaa, ei heitell\u00e4.<\/li>\n<li>J\u00e4\u00e4liukum\u00e4ki\u00e4 ei tehd\u00e4 talvella piha-alueelle.<\/li>\n<li>V\u00e4litunneille pukeudutaan s\u00e4\u00e4nmukaisesti.<\/li>\n<li>Kellon soitua tullaan heti luokkajonoihin.<\/li>\n<\/ul>\n<p><strong>RUOKAILU<\/strong><\/p>\n<ul>\n<li>Ulkovaatteet ripustetaan naulakkoon.<\/li>\n<li>K\u00e4det pest\u00e4\u00e4n ennen ruokailua ja paperit laitetaan roskakoriin.<\/li>\n<li>Linjasto on t\u00e4ysin hiljainen. P\u00f6yd\u00e4ss\u00e4 ja aulan jonossa keskustellaan hiljaisella \u00e4\u00e4nell\u00e4.<\/li>\n<li>Noudatetaan omia luokkakohtaisia p\u00f6yt\u00e4alueita.<\/li>\n<li>Haarukan ja veitsen k\u00e4ytt\u00f6\u00f6n ohjataan.<\/li>\n<li>Maistetaan kaikkea.<\/li>\n<\/ul>\n<p><strong>LIIKUNTA<\/strong><\/p>\n<ul>\n<li>Oppilaat eiv\u00e4t mene liikuntavarastoon ilman opettajaa.<\/li>\n<li>Sis\u00e4liikunnassa harjoitellaan ensimm\u00e4isest\u00e4 luokasta l\u00e4htien peseytymist\u00e4. Peseytyminen tarkoittaa aina suihkua, lavuaarissa ei peseydyt\u00e4.<\/li>\n<\/ul>\n<p><strong>MUUTA<\/strong><\/p>\n<ul>\n<li>Py\u00f6r\u00e4t ja skuutit j\u00e4tet\u00e4\u00e4n niille kuuluville ulkoalueille (A- ja B-talon takana olevat py\u00f6r\u00e4telineet). Jos pit\u00e4\u00e4 kotiin l\u00e4htiess\u00e4 siirty\u00e4 pihan yli, py\u00f6r\u00e4\u00e4 talutetaan.<\/li>\n<li>Py\u00f6r\u00e4illess\u00e4 tai skuuttaillessa k\u00e4ytet\u00e4\u00e4n kyp\u00e4r\u00e4\u00e4.<\/li>\n<li>Kouluun saavutaan ajoissa ja koulup\u00e4iv\u00e4n p\u00e4\u00e4tytty\u00e4 l\u00e4hdet\u00e4\u00e4n pois koulun alueelta. Koskee my\u00f6s koulun kentt\u00e4\u00e4.<\/li>\n<li>Sis\u00e4lle tultaessa kaikki ottavat lakin ja hupun pois p\u00e4\u00e4st\u00e4.<\/li>\n<li>Sis\u00e4tiloissa liikutaan k\u00e4vellen.<\/li>\n<li>Ovissa ja portaissa on oikeanpuoleinen liikenne ja kuljetaan per\u00e4kk\u00e4in.<\/li>\n<li>Tavarat palautetaan niiden oikeille paikoille tunnin j\u00e4lkeen.<\/li>\n<li>Kouluty\u00f6h\u00f6n kuulumattomat tavarat j\u00e4tet\u00e4\u00e4n kotiin (purukumi, karkit, energiajuomat, vaaralliset esineet).<\/li>\n<\/ul>\n","protected":false},"excerpt":{"rendered":"<p>V\u00e4h\u00e4-Heikkil\u00e4n koulun j\u00e4rjestyss\u00e4\u00e4nn\u00f6t\u00a0 S\u00e4\u00e4nn\u00f6t ovat v\u00e4ltt\u00e4m\u00e4tt\u00f6mi\u00e4 kouluyhteis\u00f6n toiminnan ja ty\u00f6rauhan s\u00e4ilymisen sek\u00e4 j\u00e4senten turvallisuuden ja viihtyvyyden vuoksi. Ty\u00f6rauha on ehdoton edellytys kouluty\u00f6n onnistumiselle. S\u00e4\u00e4nn\u00f6t totuttavat oppilaan vastuuseen ja yhteiskunnan j\u00e4senyyteen sek\u00e4 arvostavaan vuorovaikutukseen muiden ihmisten kanssa. Oppilaan on suoritettava teht\u00e4v\u00e4ns\u00e4 tunnollisesti ja k\u00e4ytt\u00e4ydytt\u00e4v\u00e4 asiallisesti. Oppilaan on k\u00e4ytt\u00e4ydytt\u00e4v\u00e4 muita kiusaamatta ja syrjim\u00e4tt\u00e4 sek\u00e4 toimittava siten, ettei &hellip; <a href=\"https:\/\/blog.edu.turku.fi\/vahaheikkila\/opetus\/koulun-saannot-ja-kaytanteet\/\" class=\"more-link\">Jatka lukemista<span class=\"screen-reader-text\"> &#8221;Koulun s\u00e4\u00e4nn\u00f6t ja k\u00e4yt\u00e4nteet&#8221;<\/span><\/a><\/p>\n","protected":false},"author":2677,"featured_media":0,"parent":145,"menu_order":0,"comment_status":"closed","ping_status":"closed","template":"","meta":{"footnotes":""},"class_list":["post-911","page","type-page","status-publish","hentry"],"_links":{"self":[{"href":"https:\/\/blog.edu.turku.fi\/vahaheikkila\/wp-json\/wp\/v2\/pages\/911","targetHints":{"allow":["GET"]}}],"collection":[{"href":"https:\/\/blog.edu.turku.fi\/vahaheikkila\/wp-json\/wp\/v2\/pages"}],"about":[{"href":"https:\/\/blog.edu.turku.fi\/vahaheikkila\/wp-json\/wp\/v2\/types\/page"}],"author":[{"embeddable":true,"href":"https:\/\/blog.edu.turku.fi\/vahaheikkila\/wp-json\/wp\/v2\/users\/2677"}],"replies":[{"embeddable":true,"href":"https:\/\/blog.edu.turku.fi\/vahaheikkila\/wp-json\/wp\/v2\/comments?post=911"}],"version-history":[{"count":8,"href":"https:\/\/blog.edu.turku.fi\/vahaheikkila\/wp-json\/wp\/v2\/pages\/911\/revisions"}],"predecessor-version":[{"id":1027,"href":"https:\/\/blog.edu.turku.fi\/vahaheikkila\/wp-json\/wp\/v2\/pages\/911\/revisions\/1027"}],"up":[{"embeddable":true,"href":"https:\/\/blog.edu.turku.fi\/vahaheikkila\/wp-json\/wp\/v2\/pages\/145"}],"wp:attachment":[{"href":"https:\/\/blog.edu.turku.fi\/vahaheikkila\/wp-json\/wp\/v2\/media?parent=911"}],"curies":[{"name":"wp","href":"https:\/\/api.w.org\/{rel}","templated":true}]}}