{"id":190,"date":"2016-01-21T22:34:15","date_gmt":"2016-01-21T20:34:15","guid":{"rendered":"https:\/\/blog.edu.turku.fi\/vahaheikkila\/?page_id=190"},"modified":"2025-08-13T12:24:01","modified_gmt":"2025-08-13T09:24:01","slug":"iltapaivakerho","status":"publish","type":"page","link":"https:\/\/blog.edu.turku.fi\/vahaheikkila\/vaha-heikkilan-koulu\/yhteystiedot-2\/iltapaivakerho\/","title":{"rendered":"Iltap\u00e4iv\u00e4kerho"},"content":{"rendered":"<p><strong>V\u00e4h\u00e4-Heikkil\u00e4n iltap\u00e4iv\u00e4toiminta<\/strong><\/p>\n<p>TPS juniorijalkapallon aamu \u2013 ja iltap\u00e4iv\u00e4toiminta on suunnattu ensimm\u00e4isen ja toisen vuosiluokan oppilaille. Tavoitteenamme on j\u00e4rjest\u00e4\u00e4 turvallinen, monipuolinen ja liikunnallinen iltap\u00e4iv\u00e4 pienille koululaisille v\u00e4litt\u00f6m\u00e4sti koulup\u00e4iv\u00e4n j\u00e4lkeen. TPS:n iltap\u00e4iv\u00e4toiminnassa on mahdollisuus mm. leikki\u00e4, askarrella, pelata erilaisia lautapelej\u00e4, lukea, ulkoilla, lepo ja rauhoittumishetki\u00e4 unohtamatta. Lapsia kannustetaan kokeilemaan eri liikuntamuotoja leikein, pelein ja erilaisten harjoitteiden avulla. Tavoitteena on saada lapset kiinnostumaan liikunnallisesta el\u00e4m\u00e4ntavasta sek\u00e4 antaa mahdollisuus kokeilla erilaisia lajeja ja liikuntamuotoja. Monipuolisen liikkumisen tavoitteena on my\u00f6s kehitt\u00e4\u00e4 lasten yleisliikuntataitoja, motorisia taitoja sek\u00e4 ryhm\u00e4ss\u00e4 toimimista. Jokaiselle yksil\u00f6lle pyrit\u00e4\u00e4n luomaan omaa tilaa ja mahdollisuuksia tehd\u00e4 itse\u00e4\u00e4n motivoivia asioita kannustavassa, turvallisessa ja lapsil\u00e4ht\u00f6isess\u00e4 ymp\u00e4rist\u00f6ss\u00e4.<\/p>\n<p>Perusopetuksen aamu- ja iltap\u00e4iv\u00e4toiminnan perusteet ja Turun kaupungin aamu- ja iltap\u00e4iv\u00e4toiminnan toimintasuunnitelma ohjaavat toiminnan j\u00e4rjest\u00e4mist\u00e4.<\/p>\n<p>Lis\u00e4tietoja kerhon vastaava ohjaaja; Mari J\u00e4rvinen, <a href=\"mailto:mari.jarvinen@tps.fi\">mari.jarvinen@fctps.fi<\/a> , <a href=\"tel:0447004077\">0447004077<\/a><\/p>\n<p>Kerhopuhelin 044 7004 074<\/p>\n<p><strong>Uittamon iltap\u00e4iv\u00e4toiminta<\/strong><\/p>\n<p>TUTO aamu- ja iltap\u00e4iv\u00e4toiminnan vastaava 040 1319 358<\/p>\n<p>Kerhopuhelin 040 7721 036<\/p>\n","protected":false},"excerpt":{"rendered":"<p>V\u00e4h\u00e4-Heikkil\u00e4n iltap\u00e4iv\u00e4toiminta TPS juniorijalkapallon aamu \u2013 ja iltap\u00e4iv\u00e4toiminta on suunnattu ensimm\u00e4isen ja toisen vuosiluokan oppilaille. Tavoitteenamme on j\u00e4rjest\u00e4\u00e4 turvallinen, monipuolinen ja liikunnallinen iltap\u00e4iv\u00e4 pienille koululaisille v\u00e4litt\u00f6m\u00e4sti koulup\u00e4iv\u00e4n j\u00e4lkeen. TPS:n iltap\u00e4iv\u00e4toiminnassa on mahdollisuus mm. leikki\u00e4, askarrella, pelata erilaisia lautapelej\u00e4, lukea, ulkoilla, lepo ja rauhoittumishetki\u00e4 unohtamatta. Lapsia kannustetaan kokeilemaan eri liikuntamuotoja leikein, pelein ja erilaisten harjoitteiden avulla. &hellip; <a href=\"https:\/\/blog.edu.turku.fi\/vahaheikkila\/vaha-heikkilan-koulu\/yhteystiedot-2\/iltapaivakerho\/\" class=\"more-link\">Jatka lukemista<span class=\"screen-reader-text\"> &#8221;Iltap\u00e4iv\u00e4kerho&#8221;<\/span><\/a><\/p>\n","protected":false},"author":106,"featured_media":0,"parent":13,"menu_order":3,"comment_status":"closed","ping_status":"closed","template":"","meta":{"footnotes":""},"class_list":["post-190","page","type-page","status-publish","hentry"],"_links":{"self":[{"href":"https:\/\/blog.edu.turku.fi\/vahaheikkila\/wp-json\/wp\/v2\/pages\/190","targetHints":{"allow":["GET"]}}],"collection":[{"href":"https:\/\/blog.edu.turku.fi\/vahaheikkila\/wp-json\/wp\/v2\/pages"}],"about":[{"href":"https:\/\/blog.edu.turku.fi\/vahaheikkila\/wp-json\/wp\/v2\/types\/page"}],"author":[{"embeddable":true,"href":"https:\/\/blog.edu.turku.fi\/vahaheikkila\/wp-json\/wp\/v2\/users\/106"}],"replies":[{"embeddable":true,"href":"https:\/\/blog.edu.turku.fi\/vahaheikkila\/wp-json\/wp\/v2\/comments?post=190"}],"version-history":[{"count":9,"href":"https:\/\/blog.edu.turku.fi\/vahaheikkila\/wp-json\/wp\/v2\/pages\/190\/revisions"}],"predecessor-version":[{"id":1019,"href":"https:\/\/blog.edu.turku.fi\/vahaheikkila\/wp-json\/wp\/v2\/pages\/190\/revisions\/1019"}],"up":[{"embeddable":true,"href":"https:\/\/blog.edu.turku.fi\/vahaheikkila\/wp-json\/wp\/v2\/pages\/13"}],"wp:attachment":[{"href":"https:\/\/blog.edu.turku.fi\/vahaheikkila\/wp-json\/wp\/v2\/media?parent=190"}],"curies":[{"name":"wp","href":"https:\/\/api.w.org\/{rel}","templated":true}]}}