{"id":13,"date":"2016-01-21T14:34:15","date_gmt":"2016-01-21T12:34:15","guid":{"rendered":"https:\/\/blog.edu.turku.fi\/vahaheikkila\/?page_id=13"},"modified":"2025-09-15T11:39:43","modified_gmt":"2025-09-15T08:39:43","slug":"yhteystiedot-2","status":"publish","type":"page","link":"https:\/\/blog.edu.turku.fi\/vahaheikkila\/vaha-heikkilan-koulu\/yhteystiedot-2\/","title":{"rendered":"Yhteystiedot"},"content":{"rendered":"<p>V\u00e4h\u00e4-Heikkil\u00e4n koulu, V\u00e4h\u00e4-Heikkil\u00e4n yksikk\u00f6<br \/>\n<a href=\"https:\/\/opaskartta.turku.fi\/IMS\/?layers=Opaskartta&amp;cp=6702628,23458829&amp;z=1&amp;title=Myllym%C3%A4entie%2042%2C%20Turku\">Myllym\u00e4entie 42<\/a>, 20810 Turku<\/p>\n<p>V\u00e4h\u00e4-Heikkil\u00e4n koulu, Uittamon yksikk\u00f6<br \/>\n<a href=\"https:\/\/opaskartta.turku.fi\/IMS\/?layers=Opaskartta&amp;cp=6701494,23459261&amp;z=1&amp;title=Jalustinkatu%208%2C%20Turku\">Jalustinkatu 8<\/a>, 20880 Turku<\/p>\n<p>&nbsp;<\/p>\n<div class=\"entry-content\">\n<p><strong>S\u00e4hk\u00f6postiosoitteet<\/strong><\/p>\n<p>opettajat, ohjaajat ja koulusihteeri: etunimi.sukunimi@edu.turku.fi<\/p>\n<p>oppilashuoltohenkil\u00f6st\u00f6: etunimi.sukunimi@varha.fi<\/p>\n<p>&nbsp;<\/p>\n<p><strong>Koko henkil\u00f6kunnan puhelinnumerot ja s\u00e4hk\u00f6postiosoitteet l\u00f6yd\u00e4t yhteystiedoista V\u00e4h\u00e4-Heikkil\u00e4n koulu -v\u00e4lilehdelt\u00e4.<\/strong><\/p>\n<\/div>\n","protected":false},"excerpt":{"rendered":"<p>V\u00e4h\u00e4-Heikkil\u00e4n koulu, V\u00e4h\u00e4-Heikkil\u00e4n yksikk\u00f6 Myllym\u00e4entie 42, 20810 Turku V\u00e4h\u00e4-Heikkil\u00e4n koulu, Uittamon yksikk\u00f6 Jalustinkatu 8, 20880 Turku &nbsp; S\u00e4hk\u00f6postiosoitteet opettajat, ohjaajat ja koulusihteeri: etunimi.sukunimi@edu.turku.fi oppilashuoltohenkil\u00f6st\u00f6: etunimi.sukunimi@varha.fi &nbsp; Koko henkil\u00f6kunnan puhelinnumerot ja s\u00e4hk\u00f6postiosoitteet l\u00f6yd\u00e4t yhteystiedoista V\u00e4h\u00e4-Heikkil\u00e4n koulu -v\u00e4lilehdelt\u00e4.<\/p>\n","protected":false},"author":106,"featured_media":0,"parent":5,"menu_order":0,"comment_status":"closed","ping_status":"closed","template":"","meta":{"footnotes":""},"class_list":["post-13","page","type-page","status-publish","hentry"],"_links":{"self":[{"href":"https:\/\/blog.edu.turku.fi\/vahaheikkila\/wp-json\/wp\/v2\/pages\/13","targetHints":{"allow":["GET"]}}],"collection":[{"href":"https:\/\/blog.edu.turku.fi\/vahaheikkila\/wp-json\/wp\/v2\/pages"}],"about":[{"href":"https:\/\/blog.edu.turku.fi\/vahaheikkila\/wp-json\/wp\/v2\/types\/page"}],"author":[{"embeddable":true,"href":"https:\/\/blog.edu.turku.fi\/vahaheikkila\/wp-json\/wp\/v2\/users\/106"}],"replies":[{"embeddable":true,"href":"https:\/\/blog.edu.turku.fi\/vahaheikkila\/wp-json\/wp\/v2\/comments?post=13"}],"version-history":[{"count":107,"href":"https:\/\/blog.edu.turku.fi\/vahaheikkila\/wp-json\/wp\/v2\/pages\/13\/revisions"}],"predecessor-version":[{"id":1075,"href":"https:\/\/blog.edu.turku.fi\/vahaheikkila\/wp-json\/wp\/v2\/pages\/13\/revisions\/1075"}],"up":[{"embeddable":true,"href":"https:\/\/blog.edu.turku.fi\/vahaheikkila\/wp-json\/wp\/v2\/pages\/5"}],"wp:attachment":[{"href":"https:\/\/blog.edu.turku.fi\/vahaheikkila\/wp-json\/wp\/v2\/media?parent=13"}],"curies":[{"name":"wp","href":"https:\/\/api.w.org\/{rel}","templated":true}]}}