{"id":92,"date":"2021-04-20T10:46:47","date_gmt":"2021-04-20T07:46:47","guid":{"rendered":"https:\/\/blog.edu.turku.fi\/ulkopeda\/?page_id=92"},"modified":"2021-09-10T15:02:22","modified_gmt":"2021-09-10T12:02:22","slug":"vasuopas-perhepaivahoitoon","status":"publish","type":"page","link":"https:\/\/blog.edu.turku.fi\/ulkopeda\/vasuopas-perhepaivahoitoon\/","title":{"rendered":"Vasuopas perhep\u00e4iv\u00e4hoitoon"},"content":{"rendered":"<p>Hankkeen aikana on tehty Vasuopas perhep\u00e4iv\u00e4hoitoon. Opas on tarkoitettu perhep\u00e4iv\u00e4hoitajille lasten varhaiskasvatussuunnitelmien laadinnan ja toteutuksen tueksi. Oppaasta l\u00f6yd\u00e4t kaiken tarvittavan lasten varhaiskasvatussuunnitelmien laadintaan.<\/p>\n<p>Lataa Vasuopas t\u00e4st\u00e4 linkist\u00e4<\/p>\n<p><a href=\"https:\/\/blog.edu.turku.fi\/ulkopeda\/files\/2021\/09\/Perhepaivahoidon-vasuopas.pdf\">\u00a0Vasuopas<\/a><\/p>\n<p><img loading=\"lazy\" decoding=\"async\" class=\"alignnone size-full wp-image-97\" src=\"https:\/\/blog.edu.turku.fi\/ulkopeda\/files\/2021\/04\/vasuoppaan-kansilehti.png\" alt=\"\" width=\"571\" height=\"808\" srcset=\"https:\/\/blog.edu.turku.fi\/ulkopeda\/files\/2021\/04\/vasuoppaan-kansilehti.png 571w, https:\/\/blog.edu.turku.fi\/ulkopeda\/files\/2021\/04\/vasuoppaan-kansilehti-212x300.png 212w\" sizes=\"auto, (max-width: 571px) 85vw, 571px\" \/><\/p>\n","protected":false},"excerpt":{"rendered":"<p>Hankkeen aikana on tehty Vasuopas perhep\u00e4iv\u00e4hoitoon. Opas on tarkoitettu perhep\u00e4iv\u00e4hoitajille lasten varhaiskasvatussuunnitelmien laadinnan ja toteutuksen tueksi. Oppaasta l\u00f6yd\u00e4t kaiken tarvittavan lasten varhaiskasvatussuunnitelmien laadintaan. Lataa Vasuopas t\u00e4st\u00e4 linkist\u00e4 \u00a0Vasuopas<\/p>\n","protected":false},"author":3063,"featured_media":0,"parent":0,"menu_order":0,"comment_status":"closed","ping_status":"closed","template":"","meta":{"footnotes":""},"class_list":["post-92","page","type-page","status-publish","hentry"],"_links":{"self":[{"href":"https:\/\/blog.edu.turku.fi\/ulkopeda\/wp-json\/wp\/v2\/pages\/92","targetHints":{"allow":["GET"]}}],"collection":[{"href":"https:\/\/blog.edu.turku.fi\/ulkopeda\/wp-json\/wp\/v2\/pages"}],"about":[{"href":"https:\/\/blog.edu.turku.fi\/ulkopeda\/wp-json\/wp\/v2\/types\/page"}],"author":[{"embeddable":true,"href":"https:\/\/blog.edu.turku.fi\/ulkopeda\/wp-json\/wp\/v2\/users\/3063"}],"replies":[{"embeddable":true,"href":"https:\/\/blog.edu.turku.fi\/ulkopeda\/wp-json\/wp\/v2\/comments?post=92"}],"version-history":[{"count":6,"href":"https:\/\/blog.edu.turku.fi\/ulkopeda\/wp-json\/wp\/v2\/pages\/92\/revisions"}],"predecessor-version":[{"id":124,"href":"https:\/\/blog.edu.turku.fi\/ulkopeda\/wp-json\/wp\/v2\/pages\/92\/revisions\/124"}],"wp:attachment":[{"href":"https:\/\/blog.edu.turku.fi\/ulkopeda\/wp-json\/wp\/v2\/media?parent=92"}],"curies":[{"name":"wp","href":"https:\/\/api.w.org\/{rel}","templated":true}]}}