{"id":14,"date":"2015-06-17T10:46:55","date_gmt":"2015-06-17T07:46:55","guid":{"rendered":"https:\/\/blog.edu.turku.fi\/uittamonphy\/?page_id=14"},"modified":"2016-08-11T09:23:54","modified_gmt":"2016-08-11T06:23:54","slug":"ryhmat-2","status":"publish","type":"page","link":"https:\/\/blog.edu.turku.fi\/uittamonphy\/ryhmat-2\/","title":{"rendered":"Ryhm\u00e4t"},"content":{"rendered":"<p>Uittamon p\u00e4iv\u00e4hoitoyksik\u00f6ss\u00e4 tarjotaan osa- ja kokop\u00e4iv\u00e4hoitopaikkoja, esiopetusta ja leikkipuistotoimintaa\u00a0 alle kouluik\u00e4isille lapsille.<\/p>\n<p>&nbsp;<\/p>\n<p>&nbsp;<\/p>\n<p>&nbsp;<\/p>\n<p>&nbsp;<\/p>\n","protected":false},"excerpt":{"rendered":"<p>Uittamon p\u00e4iv\u00e4hoitoyksik\u00f6ss\u00e4 tarjotaan osa- ja kokop\u00e4iv\u00e4hoitopaikkoja, esiopetusta ja leikkipuistotoimintaa\u00a0 alle kouluik\u00e4isille lapsille. &nbsp; &nbsp; &nbsp; &nbsp;<\/p>\n","protected":false},"author":1262,"featured_media":0,"parent":0,"menu_order":2,"comment_status":"closed","ping_status":"closed","template":"","meta":{"footnotes":""},"class_list":["post-14","page","type-page","status-publish","hentry"],"_links":{"self":[{"href":"https:\/\/blog.edu.turku.fi\/uittamonphy\/wp-json\/wp\/v2\/pages\/14","targetHints":{"allow":["GET"]}}],"collection":[{"href":"https:\/\/blog.edu.turku.fi\/uittamonphy\/wp-json\/wp\/v2\/pages"}],"about":[{"href":"https:\/\/blog.edu.turku.fi\/uittamonphy\/wp-json\/wp\/v2\/types\/page"}],"author":[{"embeddable":true,"href":"https:\/\/blog.edu.turku.fi\/uittamonphy\/wp-json\/wp\/v2\/users\/1262"}],"replies":[{"embeddable":true,"href":"https:\/\/blog.edu.turku.fi\/uittamonphy\/wp-json\/wp\/v2\/comments?post=14"}],"version-history":[{"count":16,"href":"https:\/\/blog.edu.turku.fi\/uittamonphy\/wp-json\/wp\/v2\/pages\/14\/revisions"}],"predecessor-version":[{"id":376,"href":"https:\/\/blog.edu.turku.fi\/uittamonphy\/wp-json\/wp\/v2\/pages\/14\/revisions\/376"}],"wp:attachment":[{"href":"https:\/\/blog.edu.turku.fi\/uittamonphy\/wp-json\/wp\/v2\/media?parent=14"}],"curies":[{"name":"wp","href":"https:\/\/api.w.org\/{rel}","templated":true}]}}