{"id":274,"date":"2020-04-22T13:18:50","date_gmt":"2020-04-22T10:18:50","guid":{"rendered":"https:\/\/blog.edu.turku.fi\/tyovaenopisto\/?page_id=274"},"modified":"2026-09-02T14:39:03","modified_gmt":"2026-09-02T11:39:03","slug":"nayttelyt","status":"publish","type":"page","link":"https:\/\/blog.edu.turku.fi\/tyovaenopisto\/luennot-ja-tapahtumat\/nayttelyt\/","title":{"rendered":"N\u00e4yttelyt ja n\u00e4yttelytilat"},"content":{"rendered":"<h2>N\u00e4yttelyt<\/h2>\n<h2>Mieli ja maisema -n\u00e4yttely ala-aulassa 1.9.\u20138.10.2026<\/h2>\n<p>Opistotalossa on esill\u00e4 1.9.\u20138.10.2026 Anna Liisa Kovalaisen, Juha Muikun ja Heikki M\u00e4kil\u00e4n<br \/>\nMalli ja maisema -n\u00e4yttely 1. kerroksen Aulagalleriassa ja Vitriineiss\u00e4.<\/p>\n<p>Anna Liisa Kovalaiselta on esill\u00e4 akvarelleja ja akryylimaalauksia, jotka h\u00e4n on tehnyt Akvarelli luovasti<br \/>\nsyventyen &#8211; ja Maalaus vesiliukoisilla v\u00e4reill\u00e4 -kursseilla opettajanaan kuvataitelija AMK Raisa Marja Suksi.<\/p>\n<p>Juha Muikun piirustukset mallista ovat useamman vuoden ajalta El\u00e4v\u00e4 malli -kursseilta, samoin Heikki<br \/>\nM\u00e4kil\u00e4n, opettajanaan kuvataitelija, TaM, AmO Merja Ylitalo. Heikki M\u00e4kil\u00e4lt\u00e4 n\u00e4yttelyss\u00e4 on my\u00f6s<br \/>\npiirustuksia eri puolilta Turkua Merja Ylitalon Milj\u00f6\u00f6 ja el\u00e4v\u00e4 malli -kursseilta.<\/p>\n<p>Paikka: Turun suomenkielinen ty\u00f6v\u00e4enopisto, Kaskenkatu 5<\/p>\n<p>N\u00e4yttely on avoinna yleis\u00f6lle 1.9.- 8.10.2026<br \/>\nma\u2013to klo 08.00\u201319.30, pe klo 08.00\u201314.30<\/p>\n<p>L\u00e4mpim\u00e4sti tervetuloa n\u00e4yttelyyn!<\/p>\n<p>Lis\u00e4tiedot:<\/p>\n<p>n\u00e4yttelyvastaava Merja Ylitalo<br \/>\nTurun suomenkielinen ty\u00f6v\u00e4enopisto<br \/>\np. 040 568 7807, merja.ylitalo@edu.turku.fi<\/p>\n<p>&nbsp;<\/p>\n<p><img loading=\"lazy\" decoding=\"async\" class=\"alignnone size-full wp-image-4866\" src=\"https:\/\/blog.edu.turku.fi\/tyovaenopisto\/files\/2026\/09\/Nayttely-S26_malli_ja_maisema.jpg\" alt=\"Malli ja maisema -n\u00e4yttely, opistotalo, 1.9.\u20138.10.2026\" width=\"768\" height=\"1024\" srcset=\"https:\/\/blog.edu.turku.fi\/tyovaenopisto\/files\/2026\/09\/Nayttely-S26_malli_ja_maisema.jpg 768w, https:\/\/blog.edu.turku.fi\/tyovaenopisto\/files\/2026\/09\/Nayttely-S26_malli_ja_maisema-210x280.jpg 210w, https:\/\/blog.edu.turku.fi\/tyovaenopisto\/files\/2026\/09\/Nayttely-S26_malli_ja_maisema-575x767.jpg 575w\" sizes=\"auto, (max-width: 768px) 85vw, 768px\" \/><\/p>\n<p>&nbsp;<\/p>\n<p>&nbsp;<\/p>\n<hr \/>\n<p>\u2013 Aulagalleria: 1. kerroksen ala-aulan 3-metriset kapalevyt ja kaksi tv-ruutua.<\/p>\n<p>\u2013 Ikkunagalleria:\u00a0 1. kerroksen ikkunatilat, teokset n\u00e4kyv\u00e4t opistotalon ulkopuolelta.<\/p>\n<p>\u2013 Vitriinigalleria: 1. kerroksen ala-aulan kolme valaistua lasivitriini\u00e4.<\/p>\n<p>\u2013 Sein\u00e4galleria: 2. kerroksen k\u00e4yt\u00e4v\u00e4n sein\u00e4t.<\/p>\n<p>\u2013 K\u00e4yt\u00e4v\u00e4galleria: 5. kerroksen k\u00e4yt\u00e4v\u00e4n sein\u00e4.<\/p>\n","protected":false},"excerpt":{"rendered":"<p>N\u00e4yttelyt Mieli ja maisema -n\u00e4yttely ala-aulassa 1.9.\u20138.10.2026 Opistotalossa on esill\u00e4 1.9.\u20138.10.2026 Anna Liisa Kovalaisen, Juha Muikun ja Heikki M\u00e4kil\u00e4n Malli ja maisema -n\u00e4yttely 1. kerroksen Aulagalleriassa ja Vitriineiss\u00e4. Anna Liisa Kovalaiselta on esill\u00e4 akvarelleja ja akryylimaalauksia, jotka h\u00e4n on tehnyt Akvarelli luovasti syventyen &#8211; ja Maalaus vesiliukoisilla v\u00e4reill\u00e4 -kursseilla opettajanaan kuvataitelija AMK Raisa Marja Suksi. &hellip; <a href=\"https:\/\/blog.edu.turku.fi\/tyovaenopisto\/luennot-ja-tapahtumat\/nayttelyt\/\" class=\"more-link\">Jatka lukemista<span class=\"screen-reader-text\"> &#8221;N\u00e4yttelyt ja n\u00e4yttelytilat&#8221;<\/span><\/a><\/p>\n","protected":false},"author":2817,"featured_media":0,"parent":26,"menu_order":0,"comment_status":"closed","ping_status":"closed","template":"","meta":{"footnotes":""},"class_list":["post-274","page","type-page","status-publish","hentry"],"_links":{"self":[{"href":"https:\/\/blog.edu.turku.fi\/tyovaenopisto\/wp-json\/wp\/v2\/pages\/274","targetHints":{"allow":["GET"]}}],"collection":[{"href":"https:\/\/blog.edu.turku.fi\/tyovaenopisto\/wp-json\/wp\/v2\/pages"}],"about":[{"href":"https:\/\/blog.edu.turku.fi\/tyovaenopisto\/wp-json\/wp\/v2\/types\/page"}],"author":[{"embeddable":true,"href":"https:\/\/blog.edu.turku.fi\/tyovaenopisto\/wp-json\/wp\/v2\/users\/2817"}],"replies":[{"embeddable":true,"href":"https:\/\/blog.edu.turku.fi\/tyovaenopisto\/wp-json\/wp\/v2\/comments?post=274"}],"version-history":[{"count":30,"href":"https:\/\/blog.edu.turku.fi\/tyovaenopisto\/wp-json\/wp\/v2\/pages\/274\/revisions"}],"predecessor-version":[{"id":4872,"href":"https:\/\/blog.edu.turku.fi\/tyovaenopisto\/wp-json\/wp\/v2\/pages\/274\/revisions\/4872"}],"up":[{"embeddable":true,"href":"https:\/\/blog.edu.turku.fi\/tyovaenopisto\/wp-json\/wp\/v2\/pages\/26"}],"wp:attachment":[{"href":"https:\/\/blog.edu.turku.fi\/tyovaenopisto\/wp-json\/wp\/v2\/media?parent=274"}],"curies":[{"name":"wp","href":"https:\/\/api.w.org\/{rel}","templated":true}]}}

Näyttelyt ja näyttelytilat

<h2>Näyttelyt</h2>
<h2>Mieli ja maisema -näyttely ala-aulassa 1.9.–8.10.2026</h2>
<p>Opistotalossa on esillä 1.9.–8.10.2026 Anna Liisa Kovalaisen, Juha Muikun ja Heikki Mäkilän<br />
Malli ja maisema -näyttely 1. kerroksen Aulagalleriassa ja Vitriineissä.</p>
<p>Anna Liisa Kovalaiselta on esillä akvarelleja ja akryylimaalauksia, jotka hän on tehnyt Akvarelli luovasti<br />
syventyen &#8211; ja Maalaus vesiliukoisilla väreillä -kursseilla opettajanaan kuvataitelija AMK Raisa Marja Suksi.</p>
<p>Juha Muikun piirustukset mallista ovat useamman vuoden ajalta Elävä malli -kursseilta, samoin Heikki<br />
Mäkilän, opettajanaan kuvataitelija, TaM, AmO Merja Ylitalo. Heikki Mäkilältä näyttelyssä on myös<br />
piirustuksia eri puolilta Turkua Merja Ylitalon Miljöö ja elävä malli -kursseilta.</p>
<p>Paikka: Turun suomenkielinen työväenopisto, Kaskenkatu 5</p>
<p>Näyttely on avoinna yleisölle 1.9.- 8.10.2026<br />
ma–to klo 08.00–19.30, pe klo 08.00–14.30</p>
<p>Lämpimästi tervetuloa näyttelyyn!</p>
<p>Lisätiedot:</p>
<p>näyttelyvastaava Merja Ylitalo<br />
Turun suomenkielinen työväenopisto<br />
p. 040 568 7807, merja.ylitalo@edu.turku.fi</p>
<p>&nbsp;</p>
<p><img loading="lazy" decoding="async" class="alignnone size-full wp-image-4866" src="https://blog.edu.turku.fi/tyovaenopisto/files/2026/09/Nayttely-S26_malli_ja_maisema.jpg" alt="Malli ja maisema -näyttely, opistotalo, 1.9.–8.10.2026" width="768" height="1024" srcset="https://blog.edu.turku.fi/tyovaenopisto/files/2026/09/Nayttely-S26_malli_ja_maisema.jpg 768w, https://blog.edu.turku.fi/tyovaenopisto/files/2026/09/Nayttely-S26_malli_ja_maisema-210x280.jpg 210w, https://blog.edu.turku.fi/tyovaenopisto/files/2026/09/Nayttely-S26_malli_ja_maisema-575x767.jpg 575w" sizes="auto, (max-width: 768px) 85vw, 768px" /></p>
<p>&nbsp;</p>
<p>&nbsp;</p>
<hr />
<p>– Aulagalleria: 1. kerroksen ala-aulan 3-metriset kapalevyt ja kaksi tv-ruutua.</p>
<p>– Ikkunagalleria:  1. kerroksen ikkunatilat, teokset näkyvät opistotalon ulkopuolelta.</p>
<p>– Vitriinigalleria: 1. kerroksen ala-aulan kolme valaistua lasivitriiniä.</p>
<p>– Seinägalleria: 2. kerroksen käytävän seinät.</p>
<p>– Käytävägalleria: 5. kerroksen käytävän seinä.</p>

<p>Näyttelyt Mieli ja maisema -näyttely ala-aulassa 1.9.–8.10.2026 Opistotalossa on esillä 1.9.–8.10.2026 Anna Liisa Kovalaisen, Juha Muikun ja Heikki Mäkilän Malli ja maisema -näyttely 1. kerroksen Aulagalleriassa ja Vitriineissä. Anna Liisa Kovalaiselta on esillä akvarelleja ja akryylimaalauksia, jotka hän on tehnyt Akvarelli luovasti syventyen &#8211; ja Maalaus vesiliukoisilla väreillä -kursseilla opettajanaan kuvataitelija AMK Raisa Marja Suksi. &hellip; <a href="https://blog.edu.turku.fi/tyovaenopisto/luennot-ja-tapahtumat/nayttelyt/" class="more-link">Jatka lukemista<span class="screen-reader-text"> &#8221;Näyttelyt ja näyttelytilat&#8221;</span></a></p>
