{"id":21,"date":"2020-02-07T12:29:50","date_gmt":"2020-02-07T10:29:50","guid":{"rendered":"https:\/\/blog.edu.turku.fi\/tyovaenopisto\/?page_id=21"},"modified":"2026-01-05T08:08:10","modified_gmt":"2026-01-05T06:08:10","slug":"kurssit","status":"publish","type":"page","link":"https:\/\/blog.edu.turku.fi\/tyovaenopisto\/kurssit\/","title":{"rendered":"Kurssit ja ilmoittautuminen"},"content":{"rendered":"<h2>Kurssit, ilmoittautuminen ja ilmoittautumisohjeet<\/h2>\n<div>Kurssi-ilmoittautumiset ja ohjeet: <a href=\"https:\/\/opistopalvelut.fi\/turku\">https:\/\/opistopalvelut.fi\/turku<\/a><\/p>\n<\/div>\n<div>Voit ilmoittautua kursseille<\/div>\n<div>\u2013 netiss\u00e4 <a href=\"https:\/\/opistopalvelut.fi\/turku\">https:\/\/opistopalvelut.fi\/turku<\/a><\/div>\n<div>\u2013 puhelimitse p. 02 262 9811<\/div>\n<div>\u2013 infoon, Kaskenkatu 5, 2. krs.<\/div>\n<h2>Henkil\u00f6tietojen k\u00e4sittely<\/h2>\n<p>Tietosuojaseloste: <a href=\"http:\/\/www.turku.fi\/tietosuoja\">http:\/\/www.turku.fi\/tietosuoja<\/a><\/p>\n<p>Rekisteriseloste l\u00f6ytyy paikasta <a href=\"https:\/\/rekisteri.turku.fi\">https:\/\/rekisteri.turku.fi\/<\/a>\u00a0 nimell\u00e4 &#8221;Kurssien tai ryhmien hallintaj\u00e4rjestelm\u00e4n henkil\u00f6tietokanta (Hellewi).<\/p>\n","protected":false},"excerpt":{"rendered":"<p>Kurssit, ilmoittautuminen ja ilmoittautumisohjeet Kurssi-ilmoittautumiset ja ohjeet: https:\/\/opistopalvelut.fi\/turku Voit ilmoittautua kursseille \u2013 netiss\u00e4 https:\/\/opistopalvelut.fi\/turku \u2013 puhelimitse p. 02 262 9811 \u2013 infoon, Kaskenkatu 5, 2. krs. Henkil\u00f6tietojen k\u00e4sittely Tietosuojaseloste: http:\/\/www.turku.fi\/tietosuoja Rekisteriseloste l\u00f6ytyy paikasta https:\/\/rekisteri.turku.fi\/\u00a0 nimell\u00e4 &#8221;Kurssien tai ryhmien hallintaj\u00e4rjestelm\u00e4n henkil\u00f6tietokanta (Hellewi).<\/p>\n","protected":false},"author":2817,"featured_media":0,"parent":0,"menu_order":0,"comment_status":"closed","ping_status":"closed","template":"","meta":{"footnotes":""},"class_list":["post-21","page","type-page","status-publish","hentry"],"_links":{"self":[{"href":"https:\/\/blog.edu.turku.fi\/tyovaenopisto\/wp-json\/wp\/v2\/pages\/21","targetHints":{"allow":["GET"]}}],"collection":[{"href":"https:\/\/blog.edu.turku.fi\/tyovaenopisto\/wp-json\/wp\/v2\/pages"}],"about":[{"href":"https:\/\/blog.edu.turku.fi\/tyovaenopisto\/wp-json\/wp\/v2\/types\/page"}],"author":[{"embeddable":true,"href":"https:\/\/blog.edu.turku.fi\/tyovaenopisto\/wp-json\/wp\/v2\/users\/2817"}],"replies":[{"embeddable":true,"href":"https:\/\/blog.edu.turku.fi\/tyovaenopisto\/wp-json\/wp\/v2\/comments?post=21"}],"version-history":[{"count":37,"href":"https:\/\/blog.edu.turku.fi\/tyovaenopisto\/wp-json\/wp\/v2\/pages\/21\/revisions"}],"predecessor-version":[{"id":4391,"href":"https:\/\/blog.edu.turku.fi\/tyovaenopisto\/wp-json\/wp\/v2\/pages\/21\/revisions\/4391"}],"wp:attachment":[{"href":"https:\/\/blog.edu.turku.fi\/tyovaenopisto\/wp-json\/wp\/v2\/media?parent=21"}],"curies":[{"name":"wp","href":"https:\/\/api.w.org\/{rel}","templated":true}]}}