{"id":120,"date":"2020-03-26T12:18:03","date_gmt":"2020-03-26T10:18:03","guid":{"rendered":"https:\/\/blog.edu.turku.fi\/tyovaenopisto\/?page_id=120"},"modified":"2026-03-30T07:11:10","modified_gmt":"2026-03-30T04:11:10","slug":"opistolaisyhdistys","status":"publish","type":"page","link":"https:\/\/blog.edu.turku.fi\/tyovaenopisto\/opistoinfo\/opistolaisyhdistys\/","title":{"rendered":"Opistolaisyhdistys"},"content":{"rendered":"<h2>Opistolaisyhdistyksen s\u00e4\u00e4nt\u00f6m\u00e4\u00e4r\u00e4inen kev\u00e4tkokous<\/h2>\n<p><strong>Torstaina 26.3.2026 Opistotalossa, Kaskenkatu 5, 5. kerroksen auditorio<\/strong><\/p>\n<p>klo 17.30 kahvit Caf\u00e9 Dominicissa<br \/>\nklo 18.00 Helena Rautala kertoo, millaista oli k\u00e4\u00e4nn\u00f6sty\u00f6 Euroopan<br \/>\nParlamentissa.<br \/>\nklo 18.30 opistolaisyhdistyksen kev\u00e4tkokous<br \/>\nKokouksen asialistalla ovat s\u00e4\u00e4nt\u00f6m\u00e4\u00e4r\u00e4iset asiat, mm. vuoden 2025<br \/>\ntoimintakertomuksen ja tilien hyv\u00e4ksyminen.<\/p>\n<p>Voit my\u00f6s esitt\u00e4\u00e4 toiveita ja palautetta opistolaisyhdistykselle.<\/p>\n<p>Tarjoilun vuoksi pyyd\u00e4mme ilmoittautumaan kokoukseen viimeist\u00e4\u00e4n 23.3.2026:<br \/>\ntto.jasenasiat @ gmail.com<\/p>\n<p>J\u00e4senkortti mukaan. Ellet viel\u00e4 ole j\u00e4sen, voit liitty\u00e4 ennen kokousta opiston toimistossa.<\/p>\n<p>Tervetuloa!<\/p>\n<p>Turun ty\u00f6v\u00e4enopiston opiskelijat ry. \/ Johtokunta<\/p>\n<h2>Kulttuuri- ja retkeilytoimikunnan toiminta-ohjelma<\/h2>\n<p class=\"x_MsoNormal\">la 11.4.2026 klo 14.00 Mahagonin kaupungin nousu ja tuho, Turun Kaupunginteatteri. Liput 79 \u20ac peruslippu, 74 \u20ac el\u00e4kel\u00e4inen ja 69 \u20ac opiskelija<\/p>\n<p class=\"x_MsoNormal\">la 25.4.2026 Muistop\u00e4iv\u00e4, Hki kansallisteatteri. L\u00e4ht\u00f6 klo 9.30, takaisin Turussa n. klo 20.00. Hinta: 85 \u20ac, sis. matkat, teatterilipun ja keittolounaan. Teatterin j\u00e4lkeen mahdollisuus k\u00e4yd\u00e4 omatoimisesti (kuljetusmahdollisuus) Kaisaniemen Puutarhassa.<\/p>\n<p class=\"x_MsoNormal\">to 30.4.2026 K\u00e4rp\u00e4set, TTT. L\u00e4ht\u00f6 klo 14.00. Olemme takaisin Turussa n. klo 23.00.\u00a0Hinta 68 \u20ac. Voit kysy\u00e4 peruutuspaikkoja<\/p>\n<p class=\"x_MsoNormal\">ke 6.5.2026 klo 19.00 Turun Kaupunginteatterissa Saako Purra. Liput 35 \u20ac<\/p>\n<p class=\"x_MsoNormal\">to 7.5.2026 klo 18.30 TFO N\u00e4in puhui Zarathustra, Turun konserttitalo, Liput 25.50<\/p>\n<p>ke 13.5.2026 retki Helsinkiin: Toinen tasavalta Kansallisteatterissa ja vierailu V\u00e4est\u00f6nsuojelumuseossa. L\u00e4ht\u00f6 Kaskenkatu 5 klo 12.30.Saavumme takaisin Turkuun n klo 23.00. P\u00e4iv\u00e4 maksaa max.85 \u20ac, sis. kuljetuksen, teatterilipun ja tarinoinnin museossa. Sitovat ilm. viim. 2.4.2026<\/p>\n<p class=\"x_MsoNormal\">to 21.5.2026 klo 19.00 TFO Kahden valon v\u00e4liss\u00e4, Turun konserttitalo. Liput 25,50 el\u00e4kel\u00e4iset.<\/p>\n<p>to 21.5.2026 klo 19.00 \u00c5bo Svenska Teater,\u00a0TFO: Kahden valon v\u00e4liss\u00e4.\u00a0Liput 25.50<\/p>\n<p class=\"x_MsoNormal\">la 23.5.2026 Tuhkimo baletti, Helsingin Ooppera ja Baletti. L\u00e4ht\u00f6 Kaskenkatu 5 klo 9.0. Ajamme Rautatientorille, josta on mahdollisuus k\u00e4vellen k\u00e4yd\u00e4 esim. eri museoissa. Keskustasta saa k\u00e4vell\u00e4 kansallisoopperaan\/-balettiin, tai tulla bussilla, joka kuljettaa halukkaat klo 14.00 alkavaan n\u00e4yt\u00f6kseen. Esitys loppuu klo 16.40 jonka j\u00e4lkeen l\u00e4hdemme kotimatkalle, ollen Turussa n. klo 19.00. Matkan hinta 120 \u20ac, sis. balettilipun ja kuljetuksen<\/p>\n<p>ti 2.6.2026 l\u00e4hdemme Kaskenkatu 5:st\u00e4 klo 9.00 Somerolle, Kohteina H\u00e4rk\u00e4l\u00e4n kartano, Someron ja Somerniemen kirkko sek\u00e4 Hiidenlinna. Retkip\u00e4iv\u00e4n hinta: max. 69 \u20ac. Olemme takaisin Turussa n klo 20.00<\/p>\n<p>24.6.2026 retki Paraisille, Furuvikin kartanon opastus ja\u00a0&#8221;Tietokirjailija, Bryggman-s\u00e4\u00e4ti\u00f6n asiamies Mikko Laaksonen esittelee Vanhan Malmin puutalot, Paraisten keskiaikaisen kirkon sek\u00e4 Erik Bryggmanin suunnittelemat Paraisten siunauskappelin (1930) ja Malmin koulun (1950-1955)&#8221;. Malmin kouluun sis\u00e4\u00e4np\u00e4\u00e4sy ei ole viel\u00e4 100\u00a0 varmaa.\u00a0L\u00e4ht\u00f6 Kaskenkatu 5 klo 9.15. Ajamme Furuvikiiin ja sielt\u00e4 Paraisille lounaalle, jonka j\u00e4lkeen 2 h k\u00e4velykierros Mikko Laaksosen kanssa. Kierros loppuu n.\u00a0 klo 15.00 ja t\u00e4m\u00e4n j\u00e4lkeen on vapaata. Paraisilta p\u00e4\u00e4see f\u00f6li bussilla pois, t\u00e4m\u00e4n jokainen maksaa itse.Retkip\u00e4iv\u00e4n hinta: 40 \u20ac.\u00a0Sitovat ilm. viim. 20.5.2026<\/p>\n<p>1.7.2026 retki Gullkronaan. Retken hinta 83 \u20ac. Lis\u00e4tiedot phkirjasto (at) <a href=\"http:\/\/mail.com\">mail.com<\/a><\/p>\n<p class=\"x_MsoNormal\">su 2.8.2026 klo 18.00 LEAD! Saraste &amp; Cargill\u00a0 (TMJ), Turun konserttitalo, Liput 53 \u20ac.<\/p>\n<p class=\"x_MsoNormal\">la 8.8.2026 klo 18.00 Islannin ja Suomen vuoret (TMJ), Turun konserttitalo. lippu 53 \u20ac.<\/p>\n<p>To 13.8. klo 21 Martinkirkossa YLIOPPILASKUNNAN LAULAJAT: HYV\u00c4STI YST\u00c4V\u00c4T, liput 36,00<\/p>\n<p>La 15.8. klo 13 Arkkipiispantalossa, ARKKIPIISPAN KOTIKONSERTTI, Liput 36,00<\/p>\n<p>ke 26.8.2026 Taideretki M\u00e4ntt\u00e4\u00e4n. Serlachius museo ( Anish Kapoor) ja M\u00e4nt\u00e4n Kuvataideviikot. L\u00e4ht\u00f6 klo 9.00 (Kaskenkatu 5) ja saavumme samaan paikkaan n klo 21.30 Retki maksaa 65 \u20ac museokortilla ja mik\u00e4li ei ole museokorttia, hinta on 70 \u20ac ( sis. sis p\u00e4\u00e4syt opastukset, lounaan ja matkan). Sitovat ilm. viim. 15.7.2026<\/p>\n<p class=\"x_MsoNormal\">pe 11.9.2026 klo 18.00 TFO 1952, Turun konserttitalo, liput 25,50 el\u00e4kel\u00e4iset.<\/p>\n<p>pe 2.10.2026 klo 18.30 GUTENBERG! MUSIKAALI Linnateatterissa. Liput 42 \u20ac.<\/p>\n<p>la 26.9.2026 klo 13.30 Ensimm\u00e4inen nainen, Turun Kaupunginteatteri. Liput 39 \u20ac peruslippu ja 37 \u20ac el\u00e4kel\u00e4inen.<\/p>\n<p class=\"x_MsoNormal\">pe 9.10.2026 klo 18.00 TFO Oodi Ilolle, Turun konserttitalo, liput 36,50\u00a0peruslippu, 30,50 el\u00e4kel\u00e4inen<\/p>\n<p>la 7.11.2026 matkaamme Tampereelle.Tampereen Ty\u00f6v\u00e4en Teatterissa esitet\u00e4\u00e4n PIRKKO SAISION KIRJAAN PERUSTUVA PASSIO. L\u00e4ht\u00f6 Kaskenkatu 5 klo 9.00. Sy\u00f6mme matkalla buffetlounaan. Esitys klo 13.00, jonka j\u00e4lkeen l\u00e4hdemme kotimatkalle. Olemme Turussa n klo 18.00 Retkip\u00e4iv\u00e4n hinta max.: 90 \u20ac, sis bussimatkan, teatterilipun ja lounaan. Sitovat ilm. viim.1.101.2026<\/p>\n<p>la 13.3.2027 Turandot, Tampere-talo. Lis\u00e4tiedot syksyll\u00e4 2026<\/p>\n<p class=\"x_MsoNormal\" data-olk-copy-source=\"MessageBody\"><strong>Konsertteja Fuugassa<\/strong><\/p>\n<p class=\"x_MsoNormal\">pe 20.11.2026 klo 18.00 TFO Syleilev\u00e4 sointi. Liput paikasta riippuen 27 \u20ac &#8211; 31,50\u20ac.<\/p>\n<p class=\"x_MsoNormal\"><b>\u00a0<\/b>su<b>\u00a0<\/b>22.11.2026 klo 17.00: Robin, Atte ja Iiro. Ryhm\u00e4hinta 44,50 peruslippu, 41 el\u00e4kel\u00e4inen ja 30 opiskelija. Paikat permannolla.<\/p>\n<p>pe 11.12.2026 klo 18.00 Rajaton joulu 2026. Liput 44 \u2013 65 \u20ac<\/p>\n<p class=\"x_MsoNormal\">ke 16.12.2026 klo 18.30 Elokuva konsertti Yksin kotona. Ryhm\u00e4lippu hinta 44,60. Paikka permannolla<\/p>\n<p class=\"x_MsoNormal\">pe 18.12.2026 klo 18.00 TMJ: Vivaldi: Juditha Triumphans. Ryhm\u00e4lippu 44,50 \u20ac. Paikat permannolla.<\/p>\n<p>ti 9. 3.2027 klo 18.30 Tomas Ledin &#8211; Symphonia Politropou.\u00a0 Liput 80 &#8211; 85 \u20ac<\/p>\n<p>&nbsp;<\/p>\n<p>Lis\u00e4tiedot, ilmoittautumiset ja mahdolliset peruutuspaikat:<\/p>\n<p><a href=\"mailto:phkirjasto@gmail.com\">phkirjasto@gmail.com<\/a> tai tekstiviesti (kerro l\u00e4hett\u00e4j\u00e4n nimi) : 044 565 1167 \/ Pirjo<\/p>\n<hr \/>\n<p>&nbsp;<\/p>\n<p>Turun ty\u00f6v\u00e4enopiston opiskelijat ry. on rekister\u00f6ity opistolaisyhdistys, johon jokainen opistoon kirjoittautunut voi liitty\u00e4 ilman erillist\u00e4 j\u00e4senmaksua.<\/p>\n<p>J\u00e4senkortteja saa opiston toimistosta (Kaskenkatu 5, 2. krs). J\u00e4senkortti lunastetaan vain kerran ja se on voimassa aina, kun olet kirjoittautunut opiston opiskelijaksi.<\/p>\n<p>Opistolaisyhdistyksen kokouksissa opiskelijoilla on mahdollisuus esitt\u00e4\u00e4 opiston johdolle opinto-ohjelmaa koskevia toivomuksia ja aloitteita.<\/p>\n<p>Opistolaisyhdistyksen s\u00e4\u00e4nn\u00f6t uusittiin vuonna 2016. S\u00e4\u00e4nn\u00f6t: <a href=\"https:\/\/blog.edu.turku.fi\/tyovaenopisto\/files\/2020\/11\/Turun-Tyovaenopiston-Opiskelijat-ry-n-vahvistetut-saannot-hyvaksytty-29112016.pdf\">Turun-Tyovaenopiston-Opiskelijat-ry-n-vahvistetut-saannot-hyvaksytty-29112016<\/a>.<\/p>\n<p>Opistolaisyhdistys tiedottaa toiminnastaan pari kertaa vuodessa ilmestyv\u00e4ss\u00e4 toimintaohjelmassa, jota on jaossa opiston Kaskenkadun toimipisteess\u00e4. Lis\u00e4ksi tapahtumista tiedotetaan opistotalon ala-aulassa olevalla ilmoitustaululla.<\/p>\n<p>Tiedokas on opistolaisyhdistyksen lehti, joka ilmestyy syksyll\u00e4 ja kev\u00e4\u00e4ll\u00e4. Siihen tarkoitetut kirjoitukset voi j\u00e4tt\u00e4\u00e4 opiston toimistoon yhteystiedoilla varustettuna ja tiedotustoimikunnalle osoitettuna. Kirjoitusten sis\u00e4\u00e4nj\u00e4tt\u00f6ajat ovat 10. syyskuuta ja 10. tammikuuta menness\u00e4.<\/p>\n<p>Avaa t\u00e4st\u00e4 uusin <a href=\"https:\/\/blog.edu.turku.fi\/tyovaenopisto\/files\/2026\/01\/Tiedokas-116.pdf\">Tiedokas (116)<\/a> \u2013 kev\u00e4t 2026<\/p>\n<p>Avaa t\u00e4st\u00e4 edelt\u00e4v\u00e4 <a href=\"https:\/\/blog.edu.turku.fi\/tyovaenopisto\/files\/2025\/09\/Tiedokas-115.pdf\">Tiedokas (115)<\/a> \u2013 syksy 2025<\/p>\n<p>Tervetuloa mukaan toimintaan. Lis\u00e4tietoja voit kysy\u00e4 Pirjo Haapalalta (yhdistyksen puheenjohtaja), puh. 044 565 1167.<\/p>\n<div class=\"mt-article\">\n<p>Opistolaisyhdistyksen j\u00e4senkortti ja voimassaoleva opiston opintomaksun kuitti on pidett\u00e4v\u00e4 aina mukana kaikissa opistolaisyhdistyksen tilaisuuksissa.<\/p>\n<p>Opistolaisyhdistyksen kev\u00e4tkauden 2026 toimintaohjelma:<br \/>\n<a href=\"https:\/\/blog.edu.turku.fi\/tyovaenopisto\/files\/2026\/01\/toim-ohj-tekst-K2026.pdf\">toim-ohj-tekst-K2026<\/a>\u00a0ja <a href=\"https:\/\/blog.edu.turku.fi\/tyovaenopisto\/files\/2026\/02\/K2026-ohjelma.pdf\">K2026-ohjelma<\/a><\/p>\n<p>Tervetuloa mukaan toimintaan!<\/p>\n<\/div>\n","protected":false},"excerpt":{"rendered":"<p>Opistolaisyhdistyksen s\u00e4\u00e4nt\u00f6m\u00e4\u00e4r\u00e4inen kev\u00e4tkokous Torstaina 26.3.2026 Opistotalossa, Kaskenkatu 5, 5. kerroksen auditorio klo 17.30 kahvit Caf\u00e9 Dominicissa klo 18.00 Helena Rautala kertoo, millaista oli k\u00e4\u00e4nn\u00f6sty\u00f6 Euroopan Parlamentissa. klo 18.30 opistolaisyhdistyksen kev\u00e4tkokous Kokouksen asialistalla ovat s\u00e4\u00e4nt\u00f6m\u00e4\u00e4r\u00e4iset asiat, mm. vuoden 2025 toimintakertomuksen ja tilien hyv\u00e4ksyminen. Voit my\u00f6s esitt\u00e4\u00e4 toiveita ja palautetta opistolaisyhdistykselle. Tarjoilun vuoksi pyyd\u00e4mme ilmoittautumaan kokoukseen viimeist\u00e4\u00e4n &hellip; <a href=\"https:\/\/blog.edu.turku.fi\/tyovaenopisto\/opistoinfo\/opistolaisyhdistys\/\" class=\"more-link\">Jatka lukemista<span class=\"screen-reader-text\"> &#8221;Opistolaisyhdistys&#8221;<\/span><\/a><\/p>\n","protected":false},"author":2817,"featured_media":0,"parent":29,"menu_order":0,"comment_status":"closed","ping_status":"closed","template":"","meta":{"footnotes":""},"class_list":["post-120","page","type-page","status-publish","hentry"],"_links":{"self":[{"href":"https:\/\/blog.edu.turku.fi\/tyovaenopisto\/wp-json\/wp\/v2\/pages\/120","targetHints":{"allow":["GET"]}}],"collection":[{"href":"https:\/\/blog.edu.turku.fi\/tyovaenopisto\/wp-json\/wp\/v2\/pages"}],"about":[{"href":"https:\/\/blog.edu.turku.fi\/tyovaenopisto\/wp-json\/wp\/v2\/types\/page"}],"author":[{"embeddable":true,"href":"https:\/\/blog.edu.turku.fi\/tyovaenopisto\/wp-json\/wp\/v2\/users\/2817"}],"replies":[{"embeddable":true,"href":"https:\/\/blog.edu.turku.fi\/tyovaenopisto\/wp-json\/wp\/v2\/comments?post=120"}],"version-history":[{"count":212,"href":"https:\/\/blog.edu.turku.fi\/tyovaenopisto\/wp-json\/wp\/v2\/pages\/120\/revisions"}],"predecessor-version":[{"id":4650,"href":"https:\/\/blog.edu.turku.fi\/tyovaenopisto\/wp-json\/wp\/v2\/pages\/120\/revisions\/4650"}],"up":[{"embeddable":true,"href":"https:\/\/blog.edu.turku.fi\/tyovaenopisto\/wp-json\/wp\/v2\/pages\/29"}],"wp:attachment":[{"href":"https:\/\/blog.edu.turku.fi\/tyovaenopisto\/wp-json\/wp\/v2\/media?parent=120"}],"curies":[{"name":"wp","href":"https:\/\/api.w.org\/{rel}","templated":true}]}}