{"id":111,"date":"2020-03-26T12:16:45","date_gmt":"2020-03-26T10:16:45","guid":{"rendered":"https:\/\/blog.edu.turku.fi\/tyovaenopisto\/?page_id=111"},"modified":"2025-08-07T11:40:36","modified_gmt":"2025-08-07T08:40:36","slug":"rehtorin-tervehdys","status":"publish","type":"page","link":"https:\/\/blog.edu.turku.fi\/tyovaenopisto\/rehtorin-tervehdys\/","title":{"rendered":"Rehtorin tervehdys"},"content":{"rendered":"<h2>T\u00e4r\u00e4ytet\u00e4\u00e4n syyskausi k\u00e4yntiin!<\/h2>\n<p>Kes\u00e4 on takana ja innokkuus uusiin oppeihin edess\u00e4! T\u00e4m\u00e4 opisto, jo 117 vuoden ik\u00e4\u00e4n ehtineen\u00e4, on j\u00e4lleen pist\u00e4nyt parastaan ja tarjoaa mit\u00e4 monipuolisemman ja uusia oppeja tulvillaan olevan kurssitarjonnan. Uskallan jopa sanoa, ett\u00e4 sit\u00e4 mit\u00e4 meilt\u00e4 ei l\u00f6ydy, ei taideta tarvitakaan.<\/p>\n<p>Kursseja on tarjolla tiukasta puurtamisesta aina leppoisampaan opiskelutahtiin, on lyhytkestoista ja pitk\u00e4\u00e4, sis\u00e4ll\u00f6lt\u00e4\u00e4n vaativaa tai kevytt\u00e4. Opiskellaan et\u00e4n\u00e4 tai hybridin\u00e4, mutta eniten ihan perinteisesti paikan p\u00e4\u00e4ll\u00e4. Kurssien toteutukselle variaatioita on monia, varmasti se oma tapa opiskella l\u00f6ytyy jokaiselle.<\/p>\n<p>Oppia on monenlaista, ongelmaksi muodostuu ehk\u00e4 kurssivalinnan vaikeus, kun tarjonnan runsaus on niin valtava. Opiskelun lomassa, siin\u00e4 sivussa, saa my\u00f6s muita hy\u00f6tyj\u00e4. Kohtaa mukavia opistolaisia, taitavia opettajia ja p\u00e4\u00e4see osaksi ryhm\u00e4\u00e4, jossa opiskelu on mieluisaa. Moni kurssilainen sanookin henkisen p\u00e4\u00e4oman ja muiden opiskelijoiden kohtaamisen olevan l\u00e4hes yht\u00e4 t\u00e4rke\u00e4\u00e4 kuin itse opittavan asia. Pullakahvit ala-aulan kahvilassa kruunaavat viel\u00e4 koko opiskelukerran.<\/p>\n<p>Me emme huolehdi vain opiskelijoiden tiedon m\u00e4\u00e4r\u00e4n kasvusta, vaan meille on t\u00e4rke\u00e4\u00e4 my\u00f6s niin fyysisen-, kuin henkisenkin hyvinvoinnin lis\u00e4\u00e4minen kaupunkilaisille. Meid\u00e4n p\u00e4\u00e4teht\u00e4v\u00e4n\u00e4mme on tarjota elinik\u00e4ist\u00e4 oppimista tai toisella termill\u00e4 jatkuvaa oppimista, mahdollisimman matalalla kynnyksell\u00e4 ja niin edullisilla hinnoilla, ett\u00e4 jokainen voisi opetukseen osallistua. Ty\u00f6v\u00e4enopiston opiskelijam\u00e4\u00e4r\u00e4t ovat jatkaneet kasvua edellisvuosista ja talouden tuomista supistuksista huolimatta koulutusta tarjotaan enemm\u00e4n, kuin koskaan aikaisemmin opiston historiassa.<\/p>\n<p>Kev\u00e4\u00e4ll\u00e4 Turun kaupungin taholta uurastettiin kovasti organisaatiouudistuksen parissa. Kasvatus- ja opetus kohdistettiin erityisesti lapsille ja nuorille, jolloin Ty\u00f6v\u00e4enopiston paikka organisaatiossa oli ihmettelyn alla, me kun olemme aikuisoppilaitos. Opistoissa, meill\u00e4 ja Arbiksessa, k\u00e4y vuodessa nyt jo yli 20 000 kurssilaista, joten ihan pienest\u00e4 ryhm\u00e4st\u00e4 opiskelijoita ei aikuiskoulutuksessa ole kyse. Uudessa organisaatiossa j\u00e4imme lopulta opetuksen kanssa samaan kokonaisuuteen ja olemme nyt osana lukiokoulutuksen palvelualuetta. Hyv\u00e4 n\u00e4in.<\/p>\n<p>Nyt aloitamme hymyss\u00e4 suin uuden lukuvuoden ja toivotamme kaikki tervetulleiksi oppimaan uutta, l\u00e4mminhenkiseen opiston ilmapiiriin!<\/p>\n<p>Intoa puhkuen,<br \/>\nSanna Orusmaa, rehtori<\/p>\n<p><img loading=\"lazy\" decoding=\"async\" class=\"alignnone size-large wp-image-2490\" src=\"https:\/\/blog.edu.turku.fi\/tyovaenopisto\/files\/2023\/06\/SannaO-2023-kuvaaja-Ella-Orusmaa-300x392.jpg\" alt=\"\" width=\"300\" height=\"392\" srcset=\"https:\/\/blog.edu.turku.fi\/tyovaenopisto\/files\/2023\/06\/SannaO-2023-kuvaaja-Ella-Orusmaa.jpg 300w, https:\/\/blog.edu.turku.fi\/tyovaenopisto\/files\/2023\/06\/SannaO-2023-kuvaaja-Ella-Orusmaa-230x300.jpg 230w\" sizes=\"auto, (max-width: 300px) 85vw, 300px\" \/><\/p>\n<p><strong>Sanna Orusmaa<\/strong>,<br \/>\nrehtori<\/p>\n","protected":false},"excerpt":{"rendered":"<p>T\u00e4r\u00e4ytet\u00e4\u00e4n syyskausi k\u00e4yntiin! Kes\u00e4 on takana ja innokkuus uusiin oppeihin edess\u00e4! T\u00e4m\u00e4 opisto, jo 117 vuoden ik\u00e4\u00e4n ehtineen\u00e4, on j\u00e4lleen pist\u00e4nyt parastaan ja tarjoaa mit\u00e4 monipuolisemman ja uusia oppeja tulvillaan olevan kurssitarjonnan. Uskallan jopa sanoa, ett\u00e4 sit\u00e4 mit\u00e4 meilt\u00e4 ei l\u00f6ydy, ei taideta tarvitakaan. Kursseja on tarjolla tiukasta puurtamisesta aina leppoisampaan opiskelutahtiin, on lyhytkestoista ja &hellip; <a href=\"https:\/\/blog.edu.turku.fi\/tyovaenopisto\/rehtorin-tervehdys\/\" class=\"more-link\">Jatka lukemista<span class=\"screen-reader-text\"> &#8221;Rehtorin tervehdys&#8221;<\/span><\/a><\/p>\n","protected":false},"author":2817,"featured_media":0,"parent":0,"menu_order":0,"comment_status":"closed","ping_status":"closed","template":"","meta":{"footnotes":""},"class_list":["post-111","page","type-page","status-publish","hentry"],"_links":{"self":[{"href":"https:\/\/blog.edu.turku.fi\/tyovaenopisto\/wp-json\/wp\/v2\/pages\/111","targetHints":{"allow":["GET"]}}],"collection":[{"href":"https:\/\/blog.edu.turku.fi\/tyovaenopisto\/wp-json\/wp\/v2\/pages"}],"about":[{"href":"https:\/\/blog.edu.turku.fi\/tyovaenopisto\/wp-json\/wp\/v2\/types\/page"}],"author":[{"embeddable":true,"href":"https:\/\/blog.edu.turku.fi\/tyovaenopisto\/wp-json\/wp\/v2\/users\/2817"}],"replies":[{"embeddable":true,"href":"https:\/\/blog.edu.turku.fi\/tyovaenopisto\/wp-json\/wp\/v2\/comments?post=111"}],"version-history":[{"count":9,"href":"https:\/\/blog.edu.turku.fi\/tyovaenopisto\/wp-json\/wp\/v2\/pages\/111\/revisions"}],"predecessor-version":[{"id":4091,"href":"https:\/\/blog.edu.turku.fi\/tyovaenopisto\/wp-json\/wp\/v2\/pages\/111\/revisions\/4091"}],"wp:attachment":[{"href":"https:\/\/blog.edu.turku.fi\/tyovaenopisto\/wp-json\/wp\/v2\/media?parent=111"}],"curies":[{"name":"wp","href":"https:\/\/api.w.org\/{rel}","templated":true}]}}