{"id":102,"date":"2020-03-26T12:15:44","date_gmt":"2020-03-26T10:15:44","guid":{"rendered":"https:\/\/blog.edu.turku.fi\/tyovaenopisto\/?page_id=102"},"modified":"2026-02-24T10:01:27","modified_gmt":"2026-02-24T08:01:27","slug":"henkilokunta","status":"publish","type":"page","link":"https:\/\/blog.edu.turku.fi\/tyovaenopisto\/henkilokunta\/","title":{"rendered":"Henkil\u00f6kunta"},"content":{"rendered":"<h2>Rehtori<\/h2>\n<p><strong>Sanna Orusmaa<\/strong>, FM, rehtori<br \/>\n044 907 4732<br \/>\netunimi.sukunimi@edu.turku.fi<\/p>\n<h2>Tiimivastaavat ja tiimit<a name=\"tiimikoordinaattorit\"><\/a><a name=\"tiimivastaavat\"><\/a><\/h2>\n<p>Oppiainetiimit vastaavat tiimivastaavien johdolla eri oppiaineryhmien opetuksen k\u00e4yt\u00e4nn\u00f6n suunnittelusta, joten niille voi tehd\u00e4 ehdotuksia uusista kursseista. Kurssisuunnittelulomakkeet l\u00f6ytyv\u00e4t\u00a0 t\u00e4\u00e4lt\u00e4: <a href=\"https:\/\/blog.edu.turku.fi\/tyovaenopisto\/opettajille-ja-luennoitsijoille\/#lomakkeet\">Opettajille ja luennoitsijoille<\/a> &gt; lomakkeet.<\/p>\n<p><strong>Liiketiimi<\/strong>\u00a0 (jooga, liikunta, tanssi, musiikki, merenkulku ja n\u00e4ytt\u00e4m\u00f6taide)<br \/>\nSusanna T\u00f6rnstr\u00f6m, FM, tilavastaava<br \/>\n044 907 4730<br \/>\netunimi.sukunimi@edu.turku.fi<\/p>\n<p><strong>Kielitiimi <\/strong>(vieraat kielet)<br \/>\nSusanna T\u00f6rnstr\u00f6m, FM, tilavastaava<br \/>\n044 907 4730<br \/>\netunimi.sukunimi@edu.turku.fi<\/p>\n<p><strong>Suomi<\/strong><br \/>\nMarina Kolomainen, FM<br \/>\n044 445 7858<br \/>\netunimi.sukunimi@edu.turku.fi<\/p>\n<p>Milla Lastusaari, FM<br \/>\n040 658 8189<br \/>\netunimi.sukunimi@edu.turku.fi<\/p>\n<p><strong>Taidetiimi <\/strong>(kuvataide ja keramiikka)\u00a0<strong><br \/>\n<\/strong>Merja Ylitalo, TaM, AmO, n\u00e4yttelyvastaava<br \/>\n040 568 7807<br \/>\netunimi.sukunimi@edu.turku.fi<\/p>\n<p><strong>Taitotiimi<\/strong> (k\u00e4den taidot, tietotekniikka, luonto ja retkeily, askartelu, sanataide ja kirjallisuus, kotitalous, filosofia, historia, psykologia ja luonnontieteet)<br \/>\nJesse Peltomaan sijaisena 13.1.\u201322.4.2026 Susanna T\u00f6rnstr\u00f6m<br \/>\n044 907 4730<br \/>\netunimi.sukunimi@edu.turku.fi<\/p>\n<p><strong>Erityistukea tarvitsevien opetus<br \/>\n<\/strong>Susanna T\u00f6rnstr\u00f6m, FM, tilavastaava<br \/>\n044 907 4730<br \/>\netunimi.sukunimi@edu.turku.fi<\/p>\n<p>&nbsp;<\/p>\n<h2>Opettajat<\/h2>\n<p><strong>Jesse Peltomaa<\/strong>, KM, vapaalla 13.1.\u201322.4.2026<br \/>\nSijaisena Susanna T\u00f6rnstr\u00f6m.<\/p>\n<p><strong>Susanna T\u00f6rnstr\u00f6m<\/strong>, FM (espanja)<br \/>\n044 907 4730<br \/>\netunimi.sukunimi@edu.turku.fi<\/p>\n<p><strong>Merja Ylitalo<\/strong>, TaM (maalaus, piirustus ja jooga)<br \/>\n040 568 7807<br \/>\netunimi.sukunimi@edu.turku.fi<\/p>\n<p><strong>Milla Lastusaari<\/strong>, FM (suomen kieli)<br \/>\n040 658 8189<br \/>\netunimi.sukunimi@edu.turku.fi<\/p>\n<p><strong>Marina Kolomainen<\/strong>, FM (suomen kieli)<br \/>\n044 445 7858<br \/>\netunimi.sukunimi@edu.turku.fi<\/p>\n<h2>Muu henkil\u00f6kunta<\/h2>\n<p><strong>Tuovi Haaponiemi<\/strong>, toimistosihteeri (palkat, tilavaraukset)<br \/>\n040 668 2382<br \/>\netunimi.sukunimi@edu.turku.fi<\/p>\n<p><strong>Heli Nyyss\u00f6l\u00e4<\/strong>, opistosihteeri<br \/>\n044 902 4939<br \/>\netunimi.sukunimi@edu.turku.fi<\/p>\n<p><strong>Mika Tammenkoski<\/strong>, viestint\u00e4suunnittelija, turvallisuusvastaava, TVT-vastaava<br \/>\n044 907 2038<br \/>\netunimi.sukunimi@edu.turku.fi<\/p>\n<p>&nbsp;<\/p>\n<p><strong>Kiinteist\u00f6nhoitaja<\/strong>, Alltime<br \/>\n050 310 1635<\/p>\n<p><strong>Vahtimestari<\/strong>, X-Sec<br \/>\n050 432 3674<\/p>\n<p>&nbsp;<\/p>\n","protected":false},"excerpt":{"rendered":"<p>Rehtori Sanna Orusmaa, FM, rehtori 044 907 4732 etunimi.sukunimi@edu.turku.fi Tiimivastaavat ja tiimit Oppiainetiimit vastaavat tiimivastaavien johdolla eri oppiaineryhmien opetuksen k\u00e4yt\u00e4nn\u00f6n suunnittelusta, joten niille voi tehd\u00e4 ehdotuksia uusista kursseista. Kurssisuunnittelulomakkeet l\u00f6ytyv\u00e4t\u00a0 t\u00e4\u00e4lt\u00e4: Opettajille ja luennoitsijoille &gt; lomakkeet. Liiketiimi\u00a0 (jooga, liikunta, tanssi, musiikki, merenkulku ja n\u00e4ytt\u00e4m\u00f6taide) Susanna T\u00f6rnstr\u00f6m, FM, tilavastaava 044 907 4730 etunimi.sukunimi@edu.turku.fi Kielitiimi (vieraat kielet) &hellip; <a href=\"https:\/\/blog.edu.turku.fi\/tyovaenopisto\/henkilokunta\/\" class=\"more-link\">Jatka lukemista<span class=\"screen-reader-text\"> &#8221;Henkil\u00f6kunta&#8221;<\/span><\/a><\/p>\n","protected":false},"author":2817,"featured_media":0,"parent":0,"menu_order":0,"comment_status":"closed","ping_status":"closed","template":"","meta":{"footnotes":""},"class_list":["post-102","page","type-page","status-publish","hentry"],"_links":{"self":[{"href":"https:\/\/blog.edu.turku.fi\/tyovaenopisto\/wp-json\/wp\/v2\/pages\/102","targetHints":{"allow":["GET"]}}],"collection":[{"href":"https:\/\/blog.edu.turku.fi\/tyovaenopisto\/wp-json\/wp\/v2\/pages"}],"about":[{"href":"https:\/\/blog.edu.turku.fi\/tyovaenopisto\/wp-json\/wp\/v2\/types\/page"}],"author":[{"embeddable":true,"href":"https:\/\/blog.edu.turku.fi\/tyovaenopisto\/wp-json\/wp\/v2\/users\/2817"}],"replies":[{"embeddable":true,"href":"https:\/\/blog.edu.turku.fi\/tyovaenopisto\/wp-json\/wp\/v2\/comments?post=102"}],"version-history":[{"count":71,"href":"https:\/\/blog.edu.turku.fi\/tyovaenopisto\/wp-json\/wp\/v2\/pages\/102\/revisions"}],"predecessor-version":[{"id":4538,"href":"https:\/\/blog.edu.turku.fi\/tyovaenopisto\/wp-json\/wp\/v2\/pages\/102\/revisions\/4538"}],"wp:attachment":[{"href":"https:\/\/blog.edu.turku.fi\/tyovaenopisto\/wp-json\/wp\/v2\/media?parent=102"}],"curies":[{"name":"wp","href":"https:\/\/api.w.org\/{rel}","templated":true}]}}