{"id":35,"date":"2015-04-20T16:30:09","date_gmt":"2015-04-20T13:30:09","guid":{"rendered":"https:\/\/blog.edu.turku.fi\/turunseudunetarengas\/?page_id=35"},"modified":"2025-06-12T09:44:25","modified_gmt":"2025-06-12T06:44:25","slug":"yleista","status":"publish","type":"page","link":"https:\/\/blog.edu.turku.fi\/turunseudunetarengas\/","title":{"rendered":"Yleist\u00e4"},"content":{"rendered":"<p>&nbsp;<\/p>\n<p style=\"text-align: left\">Turun seudun toisen asteen et\u00e4- ja verkko-opetusrenkaaseen kuuluvat Turun, Halikon, Kaarinan, Laitilan, Liedon, Myn\u00e4m\u00e4en, Nousiaisten, Naantalin, Paimion, Paraisten, Raision, Elisenvaaran ja Salon lukiot sek\u00e4 Turun ammatti-instituutti. Opintojaksot ovat p\u00e4\u00e4s\u00e4\u00e4nt\u00f6isesti normaaleja lukion opintojaksoja. Kaikki soveltavatkin opintojaksot ovat laajuudeltaan lukion opintojaksoja vastaavia. Opintojaksoille osallistuminen on maksutonta et\u00e4renkaaseen kuuluvien oppilaitosten opiskelijoille.<\/p>\n<p style=\"text-align: left\"><b>Verkko-opintojaksot<\/b> opiskellaan kokonaan verkossa. Opiskelussa k\u00e4ytet\u00e4\u00e4n opetusalusta Moodlea. Opintojaksoon voi liitty\u00e4 my\u00f6s tapaamisia. Tarkempia ohjeita saat suoraan opettajalta. Yhteydenpito opettajiin tapahtuu s\u00e4hk\u00f6postilla.<\/p>\n<p style=\"text-align: left\">Japanin ja kiinan opintojaksot, jotka ovat et\u00e4renkaan tarjonnassa, j\u00e4rjestet\u00e4\u00e4n l\u00e4hiopetuksena Turun iltalukiossa, Eskelinkatu 4. Turun seudun et\u00e4renkaaseen kuuluvien oppilaitosten opiskelijat voivat osallistua n\u00e4ille opintojaksoille maksutta.<\/p>\n<p><span style=\"color: #ffffff\">.<\/span><\/p>\n<div class=\"x_elementToProof\"><strong>Et\u00e4renkaan periodit:<\/strong><b data-olk-copy-source=\"MessageBody\"><br \/>\n<\/b>I periodi 7.8.2025 \u2013 30.9.2025<br \/>\nII periodi 1.10.2025 \u2013 27.11.2025<br \/>\nIII periodi 28.11.2025 \u2013 3.2.2026<br \/>\nIV periodi 4.2.2026 \u2013 2.4.2026<br \/>\nV periodi 7.4.2026 \u2013 30.5.2026<\/div>\n<div><span style=\"color: #ffffff\">.<\/span><\/div>\n<div class=\"x_elementToProof\"><strong>Opintojaksoille ilmoittaudutaan l\u00e4hett\u00e4m\u00e4ll\u00e4 opettajalle s\u00e4hk\u00f6postia<\/strong><br \/>\n<strong>seuraaviin p\u00e4iviin menness\u00e4:<\/strong><br \/>\nI periodi 7.8.2025<br \/>\nII periodi 24.9.2025<br \/>\nIII periodi 21.11.2025<br \/>\nIV periodi 23.1.2026<br \/>\nV periodi 31.3.2026<\/div>\n<div><span style=\"color: #ffffff\">.\u00a0<\/span><\/div>\n<div class=\"x_elementToProof\">Verkko-opintojaksojen osallistujam\u00e4\u00e4r\u00e4 on rajallinen. Ilmoittaudu ajoissa, sill\u00e4 opintojakso voi t\u00e4ytty\u00e4 nopeastikin.<\/div>\n<div><span style=\"color: #ffffff\">.<\/span><\/div>\n<div class=\"x_elementToProof\"><strong>Et\u00e4renkaan koordinaattori<\/strong>\u00a0on Turun iltalukion rehtori Sami Peltonen, (sami.peltonen@edu.turku.fi). H\u00e4n neuvoo et\u00e4renkaaseen liittyviss\u00e4 yleisiss\u00e4 asioissa. Kukin opettaja on opintojaksonsa paras asiantuntija.<\/div>\n<div><span style=\"color: #ffffff\">.<\/span><\/div>\n<div class=\"x_elementToProof\"><strong>Et\u00e4renkaan johtoryhm\u00e4\u00e4n<\/strong> kuuluvat rehtori Anett Blom (Nousiaisten lukio), rehtori Sami Peltonen (Turun iltalukio, puheenjohtaja), apulaisrehtori Juho Airola (Kerttulin lukio), rehtori Juha-Markus Koistinen (Turun Suomalaisen Yhteiskoulun lukio) ja suunnittelija Milla M\u00e4ntt\u00e4ri (Turun kaupunki).<\/div>\n<div><span style=\"color: #ffffff\">.<\/span><\/div>\n<div class=\"x_elementToProof\">Johtoryhm\u00e4 kehitt\u00e4\u00e4 alueellista verkko-opetusta.<\/div>\n<div><span style=\"color: #ffffff\">.<\/span><\/div>\n<div class=\"x_elementToProof\"><strong>Et\u00e4renkaan Moodle-tuki<\/strong>\u00a0Milla M\u00e4ntt\u00e4ri<b> <\/b>auttaa Moodlea koskevissa ongelmissa. Ota yhteytt\u00e4 s\u00e4hk\u00f6postitse milla.manttari@turku.fi.<\/div>\n<div class=\"x_elementToProof\"><span style=\"color: #ffffff\">.<\/span><\/div>\n<div id=\"x_Signature\" class=\"x_elementToProof\">\n<div class=\"x_elementToProof\"><span style=\"color: #ffffff\">.<\/span><\/div>\n<\/div>\n<p>&nbsp;<\/p>\n<p>&nbsp;<\/p>\n<p>&nbsp;<\/p>\n<p>&nbsp;<\/p>\n","protected":false},"excerpt":{"rendered":"<p>&nbsp; Turun seudun toisen asteen et\u00e4- ja verkko-opetusrenkaaseen kuuluvat Turun, Halikon, Kaarinan, Laitilan, Liedon, Myn\u00e4m\u00e4en, Nousiaisten, Naantalin, Paimion, Paraisten, Raision, Elisenvaaran ja Salon lukiot sek\u00e4 Turun ammatti-instituutti. Opintojaksot ovat p\u00e4\u00e4s\u00e4\u00e4nt\u00f6isesti normaaleja lukion opintojaksoja. Kaikki soveltavatkin opintojaksot ovat laajuudeltaan lukion opintojaksoja &hellip; <a href=\"https:\/\/blog.edu.turku.fi\/turunseudunetarengas\/\">Lue loppuun <span class=\"meta-nav\">&rarr;<\/span><\/a><\/p>\n","protected":false},"author":1229,"featured_media":0,"parent":0,"menu_order":0,"comment_status":"closed","ping_status":"closed","template":"","meta":{"footnotes":""},"class_list":["post-35","page","type-page","status-publish","hentry"],"_links":{"self":[{"href":"https:\/\/blog.edu.turku.fi\/turunseudunetarengas\/wp-json\/wp\/v2\/pages\/35","targetHints":{"allow":["GET"]}}],"collection":[{"href":"https:\/\/blog.edu.turku.fi\/turunseudunetarengas\/wp-json\/wp\/v2\/pages"}],"about":[{"href":"https:\/\/blog.edu.turku.fi\/turunseudunetarengas\/wp-json\/wp\/v2\/types\/page"}],"author":[{"embeddable":true,"href":"https:\/\/blog.edu.turku.fi\/turunseudunetarengas\/wp-json\/wp\/v2\/users\/1229"}],"replies":[{"embeddable":true,"href":"https:\/\/blog.edu.turku.fi\/turunseudunetarengas\/wp-json\/wp\/v2\/comments?post=35"}],"version-history":[{"count":46,"href":"https:\/\/blog.edu.turku.fi\/turunseudunetarengas\/wp-json\/wp\/v2\/pages\/35\/revisions"}],"predecessor-version":[{"id":1109,"href":"https:\/\/blog.edu.turku.fi\/turunseudunetarengas\/wp-json\/wp\/v2\/pages\/35\/revisions\/1109"}],"wp:attachment":[{"href":"https:\/\/blog.edu.turku.fi\/turunseudunetarengas\/wp-json\/wp\/v2\/media?parent=35"}],"curies":[{"name":"wp","href":"https:\/\/api.w.org\/{rel}","templated":true}]}}

Yleistä

<p>&nbsp;</p>
<p style="text-align: left">Turun seudun toisen asteen etä- ja verkko-opetusrenkaaseen kuuluvat Turun, Halikon, Kaarinan, Laitilan, Liedon, Mynämäen, Nousiaisten, Naantalin, Paimion, Paraisten, Raision, Elisenvaaran ja Salon lukiot sekä Turun ammatti-instituutti. Opintojaksot ovat pääsääntöisesti normaaleja lukion opintojaksoja. Kaikki soveltavatkin opintojaksot ovat laajuudeltaan lukion opintojaksoja vastaavia. Opintojaksoille osallistuminen on maksutonta etärenkaaseen kuuluvien oppilaitosten opiskelijoille.</p>
<p style="text-align: left"><b>Verkko-opintojaksot</b> opiskellaan kokonaan verkossa. Opiskelussa käytetään opetusalusta Moodlea. Opintojaksoon voi liittyä myös tapaamisia. Tarkempia ohjeita saat suoraan opettajalta. Yhteydenpito opettajiin tapahtuu sähköpostilla.</p>
<p style="text-align: left">Japanin ja kiinan opintojaksot, jotka ovat etärenkaan tarjonnassa, järjestetään lähiopetuksena Turun iltalukiossa, Eskelinkatu 4. Turun seudun etärenkaaseen kuuluvien oppilaitosten opiskelijat voivat osallistua näille opintojaksoille maksutta.</p>
<p><span style="color: #ffffff">.</span></p>
<div class="x_elementToProof"><strong>Etärenkaan periodit:</strong><b data-olk-copy-source="MessageBody"><br />
</b>I periodi 7.8.2025 – 30.9.2025<br />
II periodi 1.10.2025 – 27.11.2025<br />
III periodi 28.11.2025 – 3.2.2026<br />
IV periodi 4.2.2026 – 2.4.2026<br />
V periodi 7.4.2026 – 30.5.2026</div>
<div><span style="color: #ffffff">.</span></div>
<div class="x_elementToProof"><strong>Opintojaksoille ilmoittaudutaan lähettämällä opettajalle sähköpostia</strong><br />
<strong>seuraaviin päiviin mennessä:</strong><br />
I periodi 7.8.2025<br />
II periodi 24.9.2025<br />
III periodi 21.11.2025<br />
IV periodi 23.1.2026<br />
V periodi 31.3.2026</div>
<div><span style="color: #ffffff">. </span></div>
<div class="x_elementToProof">Verkko-opintojaksojen osallistujamäärä on rajallinen. Ilmoittaudu ajoissa, sillä opintojakso voi täyttyä nopeastikin.</div>
<div><span style="color: #ffffff">.</span></div>
<div class="x_elementToProof"><strong>Etärenkaan koordinaattori</strong> on Turun iltalukion rehtori Sami Peltonen, (sami.peltonen@edu.turku.fi). Hän neuvoo etärenkaaseen liittyvissä yleisissä asioissa. Kukin opettaja on opintojaksonsa paras asiantuntija.</div>
<div><span style="color: #ffffff">.</span></div>
<div class="x_elementToProof"><strong>Etärenkaan johtoryhmään</strong> kuuluvat rehtori Anett Blom (Nousiaisten lukio), rehtori Sami Peltonen (Turun iltalukio, puheenjohtaja), apulaisrehtori Juho Airola (Kerttulin lukio), rehtori Juha-Markus Koistinen (Turun Suomalaisen Yhteiskoulun lukio) ja suunnittelija Milla Mänttäri (Turun kaupunki).</div>
<div><span style="color: #ffffff">.</span></div>
<div class="x_elementToProof">Johtoryhmä kehittää alueellista verkko-opetusta.</div>
<div><span style="color: #ffffff">.</span></div>
<div class="x_elementToProof"><strong>Etärenkaan Moodle-tuki</strong> Milla Mänttäri<b> </b>auttaa Moodlea koskevissa ongelmissa. Ota yhteyttä sähköpostitse milla.manttari@turku.fi.</div>
<div class="x_elementToProof"><span style="color: #ffffff">.</span></div>
<div id="x_Signature" class="x_elementToProof">
<div class="x_elementToProof"><span style="color: #ffffff">.</span></div>
</div>
<p>&nbsp;</p>
<p>&nbsp;</p>
<p>&nbsp;</p>
<p>&nbsp;</p>

<p>&nbsp; Turun seudun toisen asteen etä- ja verkko-opetusrenkaaseen kuuluvat Turun, Halikon, Kaarinan, Laitilan, Liedon, Mynämäen, Nousiaisten, Naantalin, Paimion, Paraisten, Raision, Elisenvaaran ja Salon lukiot sekä Turun ammatti-instituutti. Opintojaksot ovat pääsääntöisesti normaaleja lukion opintojaksoja. Kaikki soveltavatkin opintojaksot ovat laajuudeltaan lukion opintojaksoja &hellip; <a href="https://blog.edu.turku.fi/turunseudunetarengas/">Lue loppuun <span class="meta-nav">&rarr;</span></a></p>
