{"id":173,"date":"2015-05-23T21:10:16","date_gmt":"2015-05-23T18:10:16","guid":{"rendered":"https:\/\/blog.edu.turku.fi\/turunseudunetarengas\/?page_id=173"},"modified":"2025-12-01T16:08:27","modified_gmt":"2025-12-01T14:08:27","slug":"muut-kurssit","status":"publish","type":"page","link":"https:\/\/blog.edu.turku.fi\/turunseudunetarengas\/muut-kurssit\/","title":{"rendered":"Muut kurssit"},"content":{"rendered":"<p>&nbsp;<\/p>\n<p><strong>HYGI Hygieniakurssi<\/strong><\/p>\n<p>koulukohtainen verkkokurssi<br \/>\nperiodi 2<br \/>\nuusi ops<br \/>\n2 op<\/p>\n<p><a href=\"mailto:paivi.laaksonen-reuna@edu.turku.fi\" target=\"_blank\" rel=\"noopener\">paivi.laaksonen-reuna@edu.turku.fi<\/a><br \/>\n<a href=\"http:\/\/www.turkuai.fi\/\">Turun ammatti-instituutti<\/a><\/p>\n<p>&nbsp;<\/p>\n<p><strong>MUUT Min\u00e4n matkalla (psykologia ja kuvataide)<br \/>\n<\/strong><\/p>\n<p>koulukohtainen verkkokurssi<br \/>\nperiodi 4<br \/>\nuusi ops<br \/>\n2 op<\/p>\n<p>Saija Hongisto-Peltomaa ja Heidi Str\u00f6m<br \/>\n<a href=\"mailto:saija.hongisto-peltomaa@kaarina.fi\" target=\"_blank\" rel=\"noopener\">saija.hongisto-peltomaa@kaarina.fi<\/a><br \/>\n<a href=\"https:\/\/kaarinanlukio.fi\/\" target=\"_blank\" rel=\"noopener\">Kaarinan lukio<\/a><\/p>\n<p>&nbsp;<\/p>\n<p><strong>TO2 Hyvinvointiosaaminen<\/strong><\/p>\n<p>koulukohtainen verkkokurssi<br \/>\nperiodi 5<br \/>\nuusi ops<br \/>\n2 op<\/p>\n<p>Opintojakson tarkoituksena on syvent\u00e4\u00e4 muissa oppiaineissa ja lukion erilaisissa teemap\u00e4iviss\u00e4 syntynytt\u00e4 osaamista. Tarkoitus on, ett\u00e4 hyvinvointiosaamisen opintojaksolla tehd\u00e4\u00e4n erilaisia k\u00e4yt\u00e4nn\u00f6nl\u00e4heisi\u00e4 ja oppiainerajat ylitt\u00e4vi\u00e4 teht\u00e4vi\u00e4 ja kokeiluja. N\u00e4iden teht\u00e4vien tarkoitus on sek\u00e4 auttaa opiskelijaa tunnistamaan omaa hyvinvointiaan tukevia ja yll\u00e4pit\u00e4vi\u00e4 asioita, antaa uusia ideoita oman hyvinvoinnin parantamiseen ett\u00e4 antaa mahdollisuus erilaisiin yhteis\u00f6llisyytt\u00e4 lis\u00e4\u00e4viin ty\u00f6skentelytapoihin.<\/p>\n<p><a href=\"mailto:heini.kelosaari@somero.fi\" target=\"_blank\" rel=\"noopener\">heini.kelosaari@somero.fi<\/a><br \/>\n<a href=\"https:\/\/www.someronlukio.fi\/\" target=\"_blank\" rel=\"noopener\">Someron lukio<\/a><\/p>\n<p>&nbsp;<\/p>\n","protected":false},"excerpt":{"rendered":"<p>&nbsp; HYGI Hygieniakurssi koulukohtainen verkkokurssi periodi 2 uusi ops 2 op paivi.laaksonen-reuna@edu.turku.fi Turun ammatti-instituutti &nbsp; MUUT Min\u00e4n matkalla (psykologia ja kuvataide) koulukohtainen verkkokurssi periodi 4 uusi ops 2 op Saija Hongisto-Peltomaa ja Heidi Str\u00f6m saija.hongisto-peltomaa@kaarina.fi Kaarinan lukio &nbsp; TO2 Hyvinvointiosaaminen &hellip; <a href=\"https:\/\/blog.edu.turku.fi\/turunseudunetarengas\/muut-kurssit\/\">Lue loppuun <span class=\"meta-nav\">&rarr;<\/span><\/a><\/p>\n","protected":false},"author":1229,"featured_media":0,"parent":0,"menu_order":0,"comment_status":"closed","ping_status":"closed","template":"","meta":{"footnotes":""},"class_list":["post-173","page","type-page","status-publish","hentry"],"_links":{"self":[{"href":"https:\/\/blog.edu.turku.fi\/turunseudunetarengas\/wp-json\/wp\/v2\/pages\/173","targetHints":{"allow":["GET"]}}],"collection":[{"href":"https:\/\/blog.edu.turku.fi\/turunseudunetarengas\/wp-json\/wp\/v2\/pages"}],"about":[{"href":"https:\/\/blog.edu.turku.fi\/turunseudunetarengas\/wp-json\/wp\/v2\/types\/page"}],"author":[{"embeddable":true,"href":"https:\/\/blog.edu.turku.fi\/turunseudunetarengas\/wp-json\/wp\/v2\/users\/1229"}],"replies":[{"embeddable":true,"href":"https:\/\/blog.edu.turku.fi\/turunseudunetarengas\/wp-json\/wp\/v2\/comments?post=173"}],"version-history":[{"count":55,"href":"https:\/\/blog.edu.turku.fi\/turunseudunetarengas\/wp-json\/wp\/v2\/pages\/173\/revisions"}],"predecessor-version":[{"id":1147,"href":"https:\/\/blog.edu.turku.fi\/turunseudunetarengas\/wp-json\/wp\/v2\/pages\/173\/revisions\/1147"}],"wp:attachment":[{"href":"https:\/\/blog.edu.turku.fi\/turunseudunetarengas\/wp-json\/wp\/v2\/media?parent=173"}],"curies":[{"name":"wp","href":"https:\/\/api.w.org\/{rel}","templated":true}]}}