{"id":169,"date":"2015-05-23T20:46:03","date_gmt":"2015-05-23T17:46:03","guid":{"rendered":"https:\/\/blog.edu.turku.fi\/turunseudunetarengas\/?page_id=169"},"modified":"2025-10-06T13:08:28","modified_gmt":"2025-10-06T10:08:28","slug":"yhteiskuntaoppi-yh","status":"publish","type":"page","link":"https:\/\/blog.edu.turku.fi\/turunseudunetarengas\/yhteiskuntaoppi-yh\/","title":{"rendered":"Yhteiskuntaoppi YH"},"content":{"rendered":"<div>\n<p><strong>YH 3 Suomi, Eurooppa ja muuttuva maailma<\/strong><\/p>\n<\/div>\n<div>\n<p>Kurssin aikana perehdyt\u00e4\u00e4n Euroopan unionin toimintaan sek\u00e4 Suomen ulko- ja turvallisuuspolitiikkaan. Kurssi suoritetaan tekem\u00e4ll\u00e4 viikoittain palautettava teht\u00e4v\u00e4paketti. Kurssin arvosana m\u00e4\u00e4r\u00e4ytyy kurssin lopulla teht\u00e4vien kokeiden perusteella. Toinen osa kokeesta tehd\u00e4\u00e4n Moodlessa ja toinen osa kokeesta suoritetaan abitti-kokeena omassa koulussa.<\/p>\n<\/div>\n<div>\n<p>pakollinen verkkokurssi<br \/>\nperiodi 4<br \/>\nuusi ops<br \/>\n2 op<\/p>\n<\/div>\n<div>\n<p><a id=\"LPlnkOWAae514da8-0b5e-e29c-12b3-40c2a50c7280\" title=\"mailto:liisa.lehtiranta@edu.salo.fi\" href=\"mailto:liisa.lehtiranta@edu.salo.fi\" target=\"_blank\" rel=\"noopener\" data-linkindex=\"0\">liisa.lehtiranta@edu.salo.fi<\/a><\/p>\n<\/div>\n<h2><span style=\"color: #ffffff\">.<\/span><\/h2>\n<h2><strong>YH 4 Lakitieto<\/strong><\/h2>\n<p>syvent\u00e4v\u00e4 verkko-opintojakso<br \/>\nperiodi 2<br \/>\nuusi ops<br \/>\n2 op<\/p>\n<p>Opintojaksolla perehdyt\u00e4\u00e4n Suomen oikeusj\u00e4rjestyksen ja oikeudenk\u00e4yt\u00f6n perusasioihin. Tutustutaan t\u00e4rkeimpiin oikeudellisiin sopimuksiin ja tiedon l\u00e4hteisiin sek\u00e4 paneudutaan tavanomaisten oikeusasioiden hoitamiseen.<\/p>\n<p>Oppikirjana Jokaisen oikeustieto (Sanoma Pro, 34. (uusin) painos)<\/p>\n<p>Kurssialustana Moodle<\/p>\n<p><a href=\"mailto:aino.hallamurto@poytya.fi\" target=\"_blank\" rel=\"noopener\"><span data-olk-copy-source=\"MessageBody\">aino.hallamurto@poytya.fi<\/span><\/a><br \/>\n<a href=\"https:\/\/www.poytya.fi\/varhaiskasvatus-ja-koulutus\/lukio\/\">Elisenvaaran lukio <\/a><\/p>\n<h2><span style=\"color: #ffffff\">.<\/span><\/h2>\n<h2>YH 5 Sijoittaminen<\/h2>\n<p>koulukohtainen verkkokurssi<br \/>\nperiodi 4<br \/>\nuusi ops<br \/>\n2 op<\/p>\n<p><a href=\"mailto:pasi.rauhala@laitila.fi\" target=\"_blank\" rel=\"noopener\">pasi.rauhala@laitila.fi<\/a><br \/>\n<a href=\"https:\/\/www.laitila.fi\/palvelut\/opetus\/lukiokoulutus\/\" target=\"_blank\" rel=\"noopener\">Laitilan lukio<\/a><\/p>\n<h2><span style=\"color: #ffffff\">.<\/span><\/h2>\n<h2>YH 6 Ymp\u00e4rist\u00f6politiikka<\/h2>\n<p>koulukohtainen verkkokurssi<br \/>\nperiodi 3<br \/>\nuusi ops<br \/>\n2 op<\/p>\n<p>Opintojakso on yhteiskuntaopin valinnaisia opintoja. Opintojaksolla k\u00e4sitell\u00e4\u00e4n ymp\u00e4rist\u00f6politiikkaa ja mahdollisuuksia vaikuttaa ilmastonmuutokseen ja luontokadon pys\u00e4ytt\u00e4miseen. Keskeisi\u00e4 sis\u00e4lt\u00f6j\u00e4 ovat muun muassa: ymp\u00e4rist\u00f6historia, ymp\u00e4rist\u00f6lains\u00e4\u00e4d\u00e4nt\u00f6, ymp\u00e4rist\u00f6teknologia, ilmastosopimukset, talous- ja ymp\u00e4rist\u00f6asiat, paikallinen ymp\u00e4rist\u00f6toiminta, Suomen ja EU:n ymp\u00e4rist\u00f6politiikka sek\u00e4 poliittisten puolueiden ymp\u00e4rist\u00f6tavoitteet. Teht\u00e4v\u00e4t painottuvat ajankohtaisiin aiheisiin. Opintojaksolla on yhtym\u00e4kohtia maantieteen ja biologian opetuksen kanssa. Opiskelu tapahtuu verkko-opetuksena Moodle-oppimisalustalla. Opintojakso koostuu seitsem\u00e4st\u00e4 viikkoteht\u00e4v\u00e4st\u00e4 ja lopputestist\u00e4. Arvioinnin perustana ovat verkkoteht\u00e4v\u00e4t ja verkossa teht\u00e4v\u00e4 lopputesti.<\/p>\n<p>Opintojakso alkaa <span style=\"color: #ff0000\">?<\/span> ja suoritukset tulee olla tehtyn\u00e4 <span style=\"color: #ff0000\">?<\/span>. (Opiskelu tapahtuu p\u00e4\u00e4osin lukion 3. jakson aikana) Kurssi ilmoittaudutaan s\u00e4hk\u00f6postilla <span style=\"color: #ff0000\">?<\/span> menness\u00e4 osoitteeseen markus.jarvinen@utu.fi (Opintojaksolle otetaan 20 lukiolaista).<\/p>\n<p><a href=\"mailto:markus.jarvinen@utu.fi\">markus.jarvinen@utu.fi<\/a><br \/>\n<a href=\"http:\/\/www.utu.fi\/fi\/yksikot\/tnk\/lukio\/Sivut\/home.aspx\" target=\"_blank\" rel=\"noopener noreferrer\">Turun normaalikoulun lukio<\/a><\/p>\n<p>&nbsp;<\/p>\n<p><span data-ccp-props=\"{&quot;201341983&quot;:0,&quot;335559739&quot;:160,&quot;335559740&quot;:259}\">\u00a0<\/span><\/p>\n<p>&nbsp;<\/p>\n","protected":false},"excerpt":{"rendered":"<p>YH 3 Suomi, Eurooppa ja muuttuva maailma Kurssin aikana perehdyt\u00e4\u00e4n Euroopan unionin toimintaan sek\u00e4 Suomen ulko- ja turvallisuuspolitiikkaan. Kurssi suoritetaan tekem\u00e4ll\u00e4 viikoittain palautettava teht\u00e4v\u00e4paketti. Kurssin arvosana m\u00e4\u00e4r\u00e4ytyy kurssin lopulla teht\u00e4vien kokeiden perusteella. Toinen osa kokeesta tehd\u00e4\u00e4n Moodlessa ja toinen osa &hellip; <a href=\"https:\/\/blog.edu.turku.fi\/turunseudunetarengas\/yhteiskuntaoppi-yh\/\">Lue loppuun <span class=\"meta-nav\">&rarr;<\/span><\/a><\/p>\n","protected":false},"author":1229,"featured_media":0,"parent":0,"menu_order":0,"comment_status":"closed","ping_status":"closed","template":"","meta":{"footnotes":""},"class_list":["post-169","page","type-page","status-publish","hentry"],"_links":{"self":[{"href":"https:\/\/blog.edu.turku.fi\/turunseudunetarengas\/wp-json\/wp\/v2\/pages\/169","targetHints":{"allow":["GET"]}}],"collection":[{"href":"https:\/\/blog.edu.turku.fi\/turunseudunetarengas\/wp-json\/wp\/v2\/pages"}],"about":[{"href":"https:\/\/blog.edu.turku.fi\/turunseudunetarengas\/wp-json\/wp\/v2\/types\/page"}],"author":[{"embeddable":true,"href":"https:\/\/blog.edu.turku.fi\/turunseudunetarengas\/wp-json\/wp\/v2\/users\/1229"}],"replies":[{"embeddable":true,"href":"https:\/\/blog.edu.turku.fi\/turunseudunetarengas\/wp-json\/wp\/v2\/comments?post=169"}],"version-history":[{"count":32,"href":"https:\/\/blog.edu.turku.fi\/turunseudunetarengas\/wp-json\/wp\/v2\/pages\/169\/revisions"}],"predecessor-version":[{"id":1140,"href":"https:\/\/blog.edu.turku.fi\/turunseudunetarengas\/wp-json\/wp\/v2\/pages\/169\/revisions\/1140"}],"wp:attachment":[{"href":"https:\/\/blog.edu.turku.fi\/turunseudunetarengas\/wp-json\/wp\/v2\/media?parent=169"}],"curies":[{"name":"wp","href":"https:\/\/api.w.org\/{rel}","templated":true}]}}