{"id":111,"date":"2015-05-23T17:55:07","date_gmt":"2015-05-23T14:55:07","guid":{"rendered":"https:\/\/blog.edu.turku.fi\/turunseudunetarengas\/?page_id=111"},"modified":"2026-08-27T17:31:43","modified_gmt":"2026-08-27T14:31:43","slug":"filosofia-fi","status":"publish","type":"page","link":"https:\/\/blog.edu.turku.fi\/turunseudunetarengas\/filosofia-fi\/","title":{"rendered":"Filosofia FI"},"content":{"rendered":"<p><strong data-olk-copy-source=\"MessageBody\">FI 4 Totuus\u00a0<\/strong><\/p>\n<p>syvent\u00e4v\u00e4 verkkokurssi<br \/>\nperiodi 3<br \/>\n2 op<\/p>\n<p>Opintojaksolla syvennyt\u00e4\u00e4n filosofisiin teorioihin tiedosta, totuudesta, kielest\u00e4, todellisuuden luonteesta ja tieteest\u00e4, opitaan arvioimaan tieteellisen tutkimuksen, p\u00e4\u00e4ttelyn ja selitt\u00e4misen luonnetta sek\u00e4 muodostetaan kokonaiskuva olio-, olemis- ja tiet\u00e4miskysymysten filosofianhistoriallisesta kehityksest\u00e4. Opintojaksolla ty\u00f6skennell\u00e4\u00e4n viikkokohtaisten kirjallisten metafysiikan, tietoteorian ja tieteenfilosofian teht\u00e4vien parissa. Niiden pohjalta tehd\u00e4\u00e4n\u00a0kokoava loppukoe.<\/p>\n<p>Ilmoittautuminen 25.11.2026 menness\u00e4.<\/p>\n<p>Perttu Ollila<\/p>\n<p><span data-olk-copy-source=\"MessageBody\"><a title=\"mailto:perttu.ollila@turunsteinerkoulu.fi\" href=\"mailto:perttu.ollila@turunsteinerkoulu.fi\" target=\"_blank\" rel=\"noopener\" data-linkindex=\"0\">perttu.ollila@turunsteinerkoulu.fi<\/a><\/span><\/p>\n<p><a href=\"https:\/\/turunsteinerkoulu.fi\/\" target=\"_blank\" rel=\"noopener\">Turun Steiner-koulu<\/a><\/p>\n<p>&nbsp;<\/p>\n","protected":false},"excerpt":{"rendered":"<p>FI 4 Totuus\u00a0 syvent\u00e4v\u00e4 verkkokurssi periodi 3 2 op Opintojaksolla syvennyt\u00e4\u00e4n filosofisiin teorioihin tiedosta, totuudesta, kielest\u00e4, todellisuuden luonteesta ja tieteest\u00e4, opitaan arvioimaan tieteellisen tutkimuksen, p\u00e4\u00e4ttelyn ja selitt\u00e4misen luonnetta sek\u00e4 muodostetaan kokonaiskuva olio-, olemis- ja tiet\u00e4miskysymysten filosofianhistoriallisesta kehityksest\u00e4. Opintojaksolla ty\u00f6skennell\u00e4\u00e4n viikkokohtaisten &hellip; <a href=\"https:\/\/blog.edu.turku.fi\/turunseudunetarengas\/filosofia-fi\/\">Lue loppuun <span class=\"meta-nav\">&rarr;<\/span><\/a><\/p>\n","protected":false},"author":1229,"featured_media":0,"parent":0,"menu_order":0,"comment_status":"closed","ping_status":"closed","template":"","meta":{"footnotes":""},"class_list":["post-111","page","type-page","status-publish","hentry"],"_links":{"self":[{"href":"https:\/\/blog.edu.turku.fi\/turunseudunetarengas\/wp-json\/wp\/v2\/pages\/111","targetHints":{"allow":["GET"]}}],"collection":[{"href":"https:\/\/blog.edu.turku.fi\/turunseudunetarengas\/wp-json\/wp\/v2\/pages"}],"about":[{"href":"https:\/\/blog.edu.turku.fi\/turunseudunetarengas\/wp-json\/wp\/v2\/types\/page"}],"author":[{"embeddable":true,"href":"https:\/\/blog.edu.turku.fi\/turunseudunetarengas\/wp-json\/wp\/v2\/users\/1229"}],"replies":[{"embeddable":true,"href":"https:\/\/blog.edu.turku.fi\/turunseudunetarengas\/wp-json\/wp\/v2\/comments?post=111"}],"version-history":[{"count":23,"href":"https:\/\/blog.edu.turku.fi\/turunseudunetarengas\/wp-json\/wp\/v2\/pages\/111\/revisions"}],"predecessor-version":[{"id":1218,"href":"https:\/\/blog.edu.turku.fi\/turunseudunetarengas\/wp-json\/wp\/v2\/pages\/111\/revisions\/1218"}],"wp:attachment":[{"href":"https:\/\/blog.edu.turku.fi\/turunseudunetarengas\/wp-json\/wp\/v2\/media?parent=111"}],"curies":[{"name":"wp","href":"https:\/\/api.w.org\/{rel}","templated":true}]}}

<p><strong data-olk-copy-source="MessageBody">FI 4 Totuus </strong></p>
<p>syventävä verkkokurssi<br />
periodi 3<br />
2 op</p>
<p>Opintojaksolla syvennytään filosofisiin teorioihin tiedosta, totuudesta, kielestä, todellisuuden luonteesta ja tieteestä, opitaan arvioimaan tieteellisen tutkimuksen, päättelyn ja selittämisen luonnetta sekä muodostetaan kokonaiskuva olio-, olemis- ja tietämiskysymysten filosofianhistoriallisesta kehityksestä. Opintojaksolla työskennellään viikkokohtaisten kirjallisten metafysiikan, tietoteorian ja tieteenfilosofian tehtävien parissa. Niiden pohjalta tehdään kokoava loppukoe.</p>
<p>Ilmoittautuminen 25.11.2026 mennessä.</p>
<p>Perttu Ollila</p>
<p><span data-olk-copy-source="MessageBody"><a title="mailto:perttu.ollila@turunsteinerkoulu.fi" href="mailto:perttu.ollila@turunsteinerkoulu.fi" target="_blank" rel="noopener" data-linkindex="0">perttu.ollila@turunsteinerkoulu.fi</a></span></p>
<p><a href="https://turunsteinerkoulu.fi/" target="_blank" rel="noopener">Turun Steiner-koulu</a></p>
<p>&nbsp;</p>

<p>FI 4 Totuus  syventävä verkkokurssi periodi 3 2 op Opintojaksolla syvennytään filosofisiin teorioihin tiedosta, totuudesta, kielestä, todellisuuden luonteesta ja tieteestä, opitaan arvioimaan tieteellisen tutkimuksen, päättelyn ja selittämisen luonnetta sekä muodostetaan kokonaiskuva olio-, olemis- ja tietämiskysymysten filosofianhistoriallisesta kehityksestä. Opintojaksolla työskennellään viikkokohtaisten &hellip; <a href="https://blog.edu.turku.fi/turunseudunetarengas/filosofia-fi/">Lue loppuun <span class="meta-nav">&rarr;</span></a></p>
