{"id":902,"date":"2014-01-14T09:40:22","date_gmt":"2014-01-14T07:40:22","guid":{"rendered":"https:\/\/blog.edu.turku.fi\/turunklassillinenlukio\/?page_id=902"},"modified":"2019-06-11T13:38:33","modified_gmt":"2019-06-11T10:38:33","slug":"rooma-kerho","status":"publish","type":"page","link":"https:\/\/blog.edu.turku.fi\/turunklassillinenlukio\/kansainvalinen-toiminta\/rooma-kerho\/","title":{"rendered":"Rooma-kerho"},"content":{"rendered":"<p>Rooma-kerho tekee vuosittain opintomatkan Roomaan. Matkalle voi p\u00e4\u00e4st\u00e4 mukaan klassillisen lukion opiskelija, joka osallistuu aktiivisesti kerhon toimintaan. Rooma-kerho on tarkoitettu kaikille klassillisen lukion opiskelijoille. Tervetuloa mukaan!<\/p>\n<p>Aikaisempien matkojen matkakertomuksia voit lukea verkkoledest\u00e4mme <a href=\"https:\/\/blog.edu.turku.fi\/klassillinenverkkolehti\/\">\u00c4lli\u00e4 ja illi\u00e4<\/a>!<\/p>\n<p><a href=\"https:\/\/blog.edu.turku.fi\/turunklassillinenlukio\/files\/2014\/01\/2271.jpg\"><img loading=\"lazy\" decoding=\"async\" class=\"alignnone wp-image-916\" src=\"https:\/\/blog.edu.turku.fi\/turunklassillinenlukio\/files\/2014\/01\/2271-300x225.jpg\" alt=\"\" width=\"200\" height=\"150\" srcset=\"https:\/\/blog.edu.turku.fi\/turunklassillinenlukio\/files\/2014\/01\/2271-300x225.jpg 300w, https:\/\/blog.edu.turku.fi\/turunklassillinenlukio\/files\/2014\/01\/2271.jpg 1024w\" sizes=\"auto, (max-width: 200px) 100vw, 200px\" \/>\u00a0<\/a><a href=\"https:\/\/blog.edu.turku.fi\/turunklassillinenlukio\/files\/2014\/01\/2731.jpg\"><img loading=\"lazy\" decoding=\"async\" class=\"alignnone wp-image-917\" src=\"https:\/\/blog.edu.turku.fi\/turunklassillinenlukio\/files\/2014\/01\/2731-300x225.jpg\" alt=\"\" width=\"200\" height=\"150\" srcset=\"https:\/\/blog.edu.turku.fi\/turunklassillinenlukio\/files\/2014\/01\/2731-300x225.jpg 300w, https:\/\/blog.edu.turku.fi\/turunklassillinenlukio\/files\/2014\/01\/2731.jpg 1024w\" sizes=\"auto, (max-width: 200px) 100vw, 200px\" \/><\/a><\/p>\n<div id=\"attachment_903\" style=\"width: 210px\" class=\"wp-caption alignnone\"><a href=\"https:\/\/blog.edu.turku.fi\/turunklassillinenlukio\/files\/2014\/01\/098.jpg\"><img loading=\"lazy\" decoding=\"async\" aria-describedby=\"caption-attachment-903\" class=\" wp-image-903\" src=\"https:\/\/blog.edu.turku.fi\/turunklassillinenlukio\/files\/2014\/01\/098-300x225.jpg\" alt=\"\" width=\"200\" height=\"150\" srcset=\"https:\/\/blog.edu.turku.fi\/turunklassillinenlukio\/files\/2014\/01\/098-300x225.jpg 300w, https:\/\/blog.edu.turku.fi\/turunklassillinenlukio\/files\/2014\/01\/098-1024x768.jpg 1024w, https:\/\/blog.edu.turku.fi\/turunklassillinenlukio\/files\/2014\/01\/098.jpg 2048w\" sizes=\"auto, (max-width: 200px) 100vw, 200px\" \/><\/a><p id=\"caption-attachment-903\" class=\"wp-caption-text\">N\u00e4kym\u00e4 Pietarin kirkon katolta Pietarin kirkon aukiolle.<\/p><\/div>\n","protected":false},"excerpt":{"rendered":"<p>Rooma-kerho tekee vuosittain opintomatkan Roomaan. Matkalle voi p\u00e4\u00e4st\u00e4 mukaan klassillisen lukion opiskelija, joka osallistuu aktiivisesti kerhon toimintaan. Rooma-kerho on tarkoitettu kaikille klassillisen lukion opiskelijoille. Tervetuloa mukaan! Aikaisempien matkojen matkakertomuksia voit lukea verkkoledest\u00e4mme \u00c4lli\u00e4 ja illi\u00e4! \u00a0<\/p>\n","protected":false},"author":416,"featured_media":0,"parent":876,"menu_order":0,"comment_status":"closed","ping_status":"closed","template":"","meta":{"footnotes":""},"class_list":["post-902","page","type-page","status-publish","hentry"],"_links":{"self":[{"href":"https:\/\/blog.edu.turku.fi\/turunklassillinenlukio\/wp-json\/wp\/v2\/pages\/902","targetHints":{"allow":["GET"]}}],"collection":[{"href":"https:\/\/blog.edu.turku.fi\/turunklassillinenlukio\/wp-json\/wp\/v2\/pages"}],"about":[{"href":"https:\/\/blog.edu.turku.fi\/turunklassillinenlukio\/wp-json\/wp\/v2\/types\/page"}],"author":[{"embeddable":true,"href":"https:\/\/blog.edu.turku.fi\/turunklassillinenlukio\/wp-json\/wp\/v2\/users\/416"}],"replies":[{"embeddable":true,"href":"https:\/\/blog.edu.turku.fi\/turunklassillinenlukio\/wp-json\/wp\/v2\/comments?post=902"}],"version-history":[{"count":8,"href":"https:\/\/blog.edu.turku.fi\/turunklassillinenlukio\/wp-json\/wp\/v2\/pages\/902\/revisions"}],"predecessor-version":[{"id":4748,"href":"https:\/\/blog.edu.turku.fi\/turunklassillinenlukio\/wp-json\/wp\/v2\/pages\/902\/revisions\/4748"}],"up":[{"embeddable":true,"href":"https:\/\/blog.edu.turku.fi\/turunklassillinenlukio\/wp-json\/wp\/v2\/pages\/876"}],"wp:attachment":[{"href":"https:\/\/blog.edu.turku.fi\/turunklassillinenlukio\/wp-json\/wp\/v2\/media?parent=902"}],"curies":[{"name":"wp","href":"https:\/\/api.w.org\/{rel}","templated":true}]}}