{"id":805,"date":"2013-12-12T18:42:20","date_gmt":"2013-12-12T16:42:20","guid":{"rendered":"https:\/\/blog.edu.turku.fi\/turunklassillinenlukio\/?page_id=805"},"modified":"2019-06-11T12:15:02","modified_gmt":"2019-06-11T09:15:02","slug":"opinnot","status":"publish","type":"page","link":"https:\/\/blog.edu.turku.fi\/turunklassillinenlukio\/opinnot\/","title":{"rendered":"Opinnot"},"content":{"rendered":"<ul>\n<li><a href=\"https:\/\/blog.edu.turku.fi\/turunklassillinenlukio\/opinnot\/lukio-opintojen-valmistuminen\/\">Lukio-opintojen valmistuminen<\/a><\/li>\n<li><a href=\"https:\/\/blog.edu.turku.fi\/turunklassillinenlukio\/opinnot\/lukuvuosi-2019-2020\/\">Lukuvuosi 2019-2020<\/a><\/li>\n<li><a href=\"https:\/\/blog.edu.turku.fi\/turunklassillinenlukio\/opinnot\/ohjeita-sahkoiseen-opiskeluun\/\">Ohjeita s\u00e4hk\u00f6iseen opiskeluun<\/a><\/li>\n<li><a href=\"https:\/\/blog.edu.turku.fi\/turunklassillinenlukio\/opinnot\/steam-kurssit-lukuvuonna-2019-2020\/\">STEAM-kurssit lukuvuonna 2019-2020<\/a><\/li>\n<li><a href=\"https:\/\/blog.edu.turku.fi\/turunklassillinenlukio\/opinnot\/tuomo\/\">TuOMO &#8211; Tutoriaalinen Oppimisymp\u00e4rist\u00f6 lyhyen Matematiikan Opettamiseen<\/a><\/li>\n<li><a href=\"https:\/\/blog.edu.turku.fi\/turunklassillinenlukio\/opinnot\/arvot\/\">Turun klassillisen lukion arvot ja toiminta-ajatus<\/a><\/li>\n<li><a href=\"https:\/\/blog.edu.turku.fi\/turunklassillinenlukio\/opinnot\/lataa-microsoft-office-tuotteet-maksutta-omalle-koneellesi\/\">Lataa Microsoft Office-tuotteet maksutta omalle koneellesi<\/a><\/li>\n<li><a href=\"https:\/\/blog.edu.turku.fi\/turunklassillinenlukio\/opinnot\/oppiaineet-ja-lyhenteet\/\">Oppiaineet ja lyhenteet<\/a><\/li>\n<li><a href=\"https:\/\/blog.edu.turku.fi\/turunklassillinenlukio\/opinnot\/hyvinvointiopinnot\/\">Hyvinvointi ja osallisuus<\/a><\/li>\n<li><a href=\"https:\/\/blog.edu.turku.fi\/turunklassillinenlukio\/opinnot\/lukion-ulkopuolella-suoritetut-kurssit\/\">Lukion ulkopuolella suoritetut kurssit<\/a><\/li>\n<li><a href=\"https:\/\/blog.edu.turku.fi\/turunklassillinenlukio\/opinnot\/opiskelun-tuki\/\">Opiskelun tuki<\/a><\/li>\n<\/ul>\n<p>&nbsp;<\/p>\n","protected":false},"excerpt":{"rendered":"<p>Lukio-opintojen valmistuminen Lukuvuosi 2019-2020 Ohjeita s\u00e4hk\u00f6iseen opiskeluun STEAM-kurssit lukuvuonna 2019-2020 TuOMO &#8211; Tutoriaalinen Oppimisymp\u00e4rist\u00f6 lyhyen Matematiikan Opettamiseen Turun klassillisen lukion arvot ja toiminta-ajatus Lataa Microsoft Office-tuotteet maksutta omalle koneellesi Oppiaineet ja lyhenteet Hyvinvointi ja osallisuus Lukion ulkopuolella suoritetut kurssit Opiskelun &hellip; <a href=\"https:\/\/blog.edu.turku.fi\/turunklassillinenlukio\/opinnot\/\">Lue loppuun <span class=\"meta-nav\">&rarr;<\/span><\/a><\/p>\n","protected":false},"author":723,"featured_media":0,"parent":0,"menu_order":3,"comment_status":"closed","ping_status":"closed","template":"","meta":{"footnotes":""},"class_list":["post-805","page","type-page","status-publish","hentry"],"_links":{"self":[{"href":"https:\/\/blog.edu.turku.fi\/turunklassillinenlukio\/wp-json\/wp\/v2\/pages\/805","targetHints":{"allow":["GET"]}}],"collection":[{"href":"https:\/\/blog.edu.turku.fi\/turunklassillinenlukio\/wp-json\/wp\/v2\/pages"}],"about":[{"href":"https:\/\/blog.edu.turku.fi\/turunklassillinenlukio\/wp-json\/wp\/v2\/types\/page"}],"author":[{"embeddable":true,"href":"https:\/\/blog.edu.turku.fi\/turunklassillinenlukio\/wp-json\/wp\/v2\/users\/723"}],"replies":[{"embeddable":true,"href":"https:\/\/blog.edu.turku.fi\/turunklassillinenlukio\/wp-json\/wp\/v2\/comments?post=805"}],"version-history":[{"count":19,"href":"https:\/\/blog.edu.turku.fi\/turunklassillinenlukio\/wp-json\/wp\/v2\/pages\/805\/revisions"}],"predecessor-version":[{"id":4725,"href":"https:\/\/blog.edu.turku.fi\/turunklassillinenlukio\/wp-json\/wp\/v2\/pages\/805\/revisions\/4725"}],"wp:attachment":[{"href":"https:\/\/blog.edu.turku.fi\/turunklassillinenlukio\/wp-json\/wp\/v2\/media?parent=805"}],"curies":[{"name":"wp","href":"https:\/\/api.w.org\/{rel}","templated":true}]}}