{"id":478,"date":"2013-11-14T15:15:13","date_gmt":"2013-11-14T13:15:13","guid":{"rendered":"https:\/\/blog.edu.turku.fi\/turunklassillinenlukio\/?page_id=478"},"modified":"2016-06-14T10:49:00","modified_gmt":"2016-06-14T07:49:00","slug":"nuoriruno2013","status":"publish","type":"page","link":"https:\/\/blog.edu.turku.fi\/turunklassillinenlukio\/tapahtumat\/tapahtumia-menneilta-vuosilta\/nuoriruno2013\/","title":{"rendered":"Nuori runo -tapahtuma 8.11.2013"},"content":{"rendered":"<p>Nuori runo &#8211; runoviikon tapahtuma oli ilmaisuluokassamme 8. marraskuuta 2013. Esiintym\u00e4ss\u00e4 Juhana Herttuan lukion entiset opiskelijat Klaus Maunuksela, Veera Kivij\u00e4rvi ja Susinukke Kosola. Tapahtumassa oli my\u00f6s oman lukiomme nuoria runoilijoita, n\u00e4yttelij\u00e4nty\u00f6 2 -kurssin runoesitys ja open miciss\u00e4 esiintyi seitsem\u00e4n oman koulumme esikoisrunoilijaa. Hieno tapahtuma!<\/p>\n\n","protected":false},"excerpt":{"rendered":"<p>Nuori runo &#8211; runoviikon tapahtuma oli ilmaisuluokassamme 8. marraskuuta 2013. Esiintym\u00e4ss\u00e4 Juhana Herttuan lukion entiset opiskelijat Klaus Maunuksela, Veera Kivij\u00e4rvi ja Susinukke Kosola. Tapahtumassa oli my\u00f6s oman lukiomme nuoria runoilijoita, n\u00e4yttelij\u00e4nty\u00f6 2 -kurssin runoesitys ja open miciss\u00e4 esiintyi seitsem\u00e4n oman &hellip; <a href=\"https:\/\/blog.edu.turku.fi\/turunklassillinenlukio\/tapahtumat\/tapahtumia-menneilta-vuosilta\/nuoriruno2013\/\">Lue loppuun <span class=\"meta-nav\">&rarr;<\/span><\/a><\/p>\n","protected":false},"author":416,"featured_media":0,"parent":2448,"menu_order":17,"comment_status":"closed","ping_status":"closed","template":"","meta":{"footnotes":""},"class_list":["post-478","page","type-page","status-publish","hentry"],"_links":{"self":[{"href":"https:\/\/blog.edu.turku.fi\/turunklassillinenlukio\/wp-json\/wp\/v2\/pages\/478","targetHints":{"allow":["GET"]}}],"collection":[{"href":"https:\/\/blog.edu.turku.fi\/turunklassillinenlukio\/wp-json\/wp\/v2\/pages"}],"about":[{"href":"https:\/\/blog.edu.turku.fi\/turunklassillinenlukio\/wp-json\/wp\/v2\/types\/page"}],"author":[{"embeddable":true,"href":"https:\/\/blog.edu.turku.fi\/turunklassillinenlukio\/wp-json\/wp\/v2\/users\/416"}],"replies":[{"embeddable":true,"href":"https:\/\/blog.edu.turku.fi\/turunklassillinenlukio\/wp-json\/wp\/v2\/comments?post=478"}],"version-history":[{"count":2,"href":"https:\/\/blog.edu.turku.fi\/turunklassillinenlukio\/wp-json\/wp\/v2\/pages\/478\/revisions"}],"predecessor-version":[{"id":2512,"href":"https:\/\/blog.edu.turku.fi\/turunklassillinenlukio\/wp-json\/wp\/v2\/pages\/478\/revisions\/2512"}],"up":[{"embeddable":true,"href":"https:\/\/blog.edu.turku.fi\/turunklassillinenlukio\/wp-json\/wp\/v2\/pages\/2448"}],"wp:attachment":[{"href":"https:\/\/blog.edu.turku.fi\/turunklassillinenlukio\/wp-json\/wp\/v2\/media?parent=478"}],"curies":[{"name":"wp","href":"https:\/\/api.w.org\/{rel}","templated":true}]}}