{"id":4491,"date":"2019-03-20T10:34:01","date_gmt":"2019-03-20T08:34:01","guid":{"rendered":"https:\/\/blog.edu.turku.fi\/turunklassillinenlukio\/?page_id=4491"},"modified":"2019-03-20T10:34:01","modified_gmt":"2019-03-20T08:34:01","slug":"minna-canthin-ja-tasa-arvonpaivan-ohjelmaa-turun-paakirjastossa-viikolla-12","status":"publish","type":"page","link":"https:\/\/blog.edu.turku.fi\/turunklassillinenlukio\/tapahtumat\/tapahtumia-lukuvuodelta-2018-2019\/minna-canthin-ja-tasa-arvonpaivan-ohjelmaa-turun-paakirjastossa-viikolla-12\/","title":{"rendered":"Minna Canthin ja tasa-arvonp\u00e4iv\u00e4n ohjelmaa turun p\u00e4\u00e4kirjastossa viikolla 12"},"content":{"rendered":"<p>Klassillisen lukion opiskelijat ovat ty\u00f6st\u00e4neet ohjelmaa\u00a0p\u00e4\u00e4kirjastoon Minna Canthin ja tasa-arvon p\u00e4iv\u00e4n (19.3.) hengess\u00e4. N\u00e4ht\u00e4v\u00e4n\u00e4 on sek\u00e4 videota ett\u00e4 valokuvia. Videossa on tietoa ja tulkintoja Canthin el\u00e4m\u00e4nvaiheista ja\u00a0h\u00e4nen teoksistaan.\u00a0Samalla voit \u00a0kuunnella lukudraamat\u00a0 n\u00e4ytelmien Anna Liisa ja Ty\u00f6miehen katkelmista\u00a0sek\u00e4 el\u00e4yty\u00e4 Kauppa-Lopon kohtaloon sit\u00e4 k\u00e4sittelev\u00e4ss\u00e4 animaatiossa. N\u00e4yttely on avoinna t\u00e4m\u00e4n viikon. Viikon varrella opiskelijat tuottavat my\u00f6s materiaalia kirjaston nuortenosaston eli Stoorin blogiin ja Instagramiin.<br \/>\n<a href=\"https:\/\/blog.edu.turku.fi\/turunklassillinenlukio\/files\/2019\/03\/kirjastocanth-web.jpg\"><img loading=\"lazy\" decoding=\"async\" class=\"alignnone size-medium wp-image-4492\" src=\"https:\/\/blog.edu.turku.fi\/turunklassillinenlukio\/files\/2019\/03\/kirjastocanth-web-300x199.jpg\" alt=\"\" width=\"300\" height=\"199\" srcset=\"https:\/\/blog.edu.turku.fi\/turunklassillinenlukio\/files\/2019\/03\/kirjastocanth-web-300x199.jpg 300w, https:\/\/blog.edu.turku.fi\/turunklassillinenlukio\/files\/2019\/03\/kirjastocanth-web.jpg 986w\" sizes=\"auto, (max-width: 300px) 100vw, 300px\" \/><\/a><\/p>\n","protected":false},"excerpt":{"rendered":"<p>Klassillisen lukion opiskelijat ovat ty\u00f6st\u00e4neet ohjelmaa\u00a0p\u00e4\u00e4kirjastoon Minna Canthin ja tasa-arvon p\u00e4iv\u00e4n (19.3.) hengess\u00e4. N\u00e4ht\u00e4v\u00e4n\u00e4 on sek\u00e4 videota ett\u00e4 valokuvia. Videossa on tietoa ja tulkintoja Canthin el\u00e4m\u00e4nvaiheista ja\u00a0h\u00e4nen teoksistaan.\u00a0Samalla voit \u00a0kuunnella lukudraamat\u00a0 n\u00e4ytelmien Anna Liisa ja Ty\u00f6miehen katkelmista\u00a0sek\u00e4 el\u00e4yty\u00e4 Kauppa-Lopon kohtaloon &hellip; <a href=\"https:\/\/blog.edu.turku.fi\/turunklassillinenlukio\/tapahtumat\/tapahtumia-lukuvuodelta-2018-2019\/minna-canthin-ja-tasa-arvonpaivan-ohjelmaa-turun-paakirjastossa-viikolla-12\/\">Lue loppuun <span class=\"meta-nav\">&rarr;<\/span><\/a><\/p>\n","protected":false},"author":1368,"featured_media":0,"parent":4061,"menu_order":0,"comment_status":"closed","ping_status":"closed","template":"","meta":{"footnotes":""},"class_list":["post-4491","page","type-page","status-publish","hentry"],"_links":{"self":[{"href":"https:\/\/blog.edu.turku.fi\/turunklassillinenlukio\/wp-json\/wp\/v2\/pages\/4491","targetHints":{"allow":["GET"]}}],"collection":[{"href":"https:\/\/blog.edu.turku.fi\/turunklassillinenlukio\/wp-json\/wp\/v2\/pages"}],"about":[{"href":"https:\/\/blog.edu.turku.fi\/turunklassillinenlukio\/wp-json\/wp\/v2\/types\/page"}],"author":[{"embeddable":true,"href":"https:\/\/blog.edu.turku.fi\/turunklassillinenlukio\/wp-json\/wp\/v2\/users\/1368"}],"replies":[{"embeddable":true,"href":"https:\/\/blog.edu.turku.fi\/turunklassillinenlukio\/wp-json\/wp\/v2\/comments?post=4491"}],"version-history":[{"count":1,"href":"https:\/\/blog.edu.turku.fi\/turunklassillinenlukio\/wp-json\/wp\/v2\/pages\/4491\/revisions"}],"predecessor-version":[{"id":4493,"href":"https:\/\/blog.edu.turku.fi\/turunklassillinenlukio\/wp-json\/wp\/v2\/pages\/4491\/revisions\/4493"}],"up":[{"embeddable":true,"href":"https:\/\/blog.edu.turku.fi\/turunklassillinenlukio\/wp-json\/wp\/v2\/pages\/4061"}],"wp:attachment":[{"href":"https:\/\/blog.edu.turku.fi\/turunklassillinenlukio\/wp-json\/wp\/v2\/media?parent=4491"}],"curies":[{"name":"wp","href":"https:\/\/api.w.org\/{rel}","templated":true}]}}