{"id":4468,"date":"2019-03-07T12:05:04","date_gmt":"2019-03-07T10:05:04","guid":{"rendered":"https:\/\/blog.edu.turku.fi\/turunklassillinenlukio\/?page_id=4468"},"modified":"2019-03-07T12:05:04","modified_gmt":"2019-03-07T10:05:04","slug":"rua02-kurssilaiset-vierailevat-wamissa-5-3-2019","status":"publish","type":"page","link":"https:\/\/blog.edu.turku.fi\/turunklassillinenlukio\/tapahtumat\/tapahtumia-lukuvuodelta-2018-2019\/rua02-kurssilaiset-vierailevat-wamissa-5-3-2019\/","title":{"rendered":"RUA02-kurssilaiset vierailevat WAMissa 5.3.2019"},"content":{"rendered":"<p>RUA02-kurssin kaksi eri ryhm\u00e4\u00e4 vierailivat W\u00e4in\u00f6 Aaltosen museossa tutustumassa Salla Tyk\u00e4n n\u00e4yttelyyn, joka sis\u00e4ll\u00f6lt\u00e4\u00e4n sopi hyvin kurssin sis\u00e4lt\u00f6ihin.<\/p>\n<p>N\u00e4yttelyst\u00e4 on kerrottu WAMin asivuilla mm. seuraavaa: &#8221;N\u00e4yttelyn l\u00e4p\u00e4isevi\u00e4 teemoja ovat katse, valta ja sukupuoli. Kuka katsoo ja miten? Kuka on katseen kohde? Varhaisimmissa teoksissaan Tykk\u00e4 on k\u00e4sitellyt sukupuolittunutta katsetta. My\u00f6hemm\u00e4ss\u00e4 tuotannossaan taiteilija on pohtinut l\u00e4nsimaisen ja kolonialistisen katseen arvottavaa merkityst\u00e4 sek\u00e4 sen ongelmallisuutta.&#8221;<br \/>\n<a href=\"https:\/\/blog.edu.turku.fi\/turunklassillinenlukio\/files\/2019\/03\/IMG-20190301-WA0006.jpg\"><img loading=\"lazy\" decoding=\"async\" class=\"alignnone  wp-image-4471\" src=\"https:\/\/blog.edu.turku.fi\/turunklassillinenlukio\/files\/2019\/03\/IMG-20190301-WA0006-248x300.jpg\" alt=\"\" width=\"165\" height=\"200\" srcset=\"https:\/\/blog.edu.turku.fi\/turunklassillinenlukio\/files\/2019\/03\/IMG-20190301-WA0006-248x300.jpg 248w, https:\/\/blog.edu.turku.fi\/turunklassillinenlukio\/files\/2019\/03\/IMG-20190301-WA0006-845x1024.jpg 845w, https:\/\/blog.edu.turku.fi\/turunklassillinenlukio\/files\/2019\/03\/IMG-20190301-WA0006.jpg 1320w\" sizes=\"auto, (max-width: 165px) 100vw, 165px\" \/><\/a> <a href=\"https:\/\/blog.edu.turku.fi\/turunklassillinenlukio\/files\/2019\/03\/IMG-20190301-WA0005.jpg\"><img loading=\"lazy\" decoding=\"async\" class=\"alignnone  wp-image-4470\" src=\"https:\/\/blog.edu.turku.fi\/turunklassillinenlukio\/files\/2019\/03\/IMG-20190301-WA0005-225x300.jpg\" alt=\"\" width=\"150\" height=\"200\" srcset=\"https:\/\/blog.edu.turku.fi\/turunklassillinenlukio\/files\/2019\/03\/IMG-20190301-WA0005-225x300.jpg 225w, https:\/\/blog.edu.turku.fi\/turunklassillinenlukio\/files\/2019\/03\/IMG-20190301-WA0005-768x1024.jpg 768w, https:\/\/blog.edu.turku.fi\/turunklassillinenlukio\/files\/2019\/03\/IMG-20190301-WA0005.jpg 1200w\" sizes=\"auto, (max-width: 150px) 100vw, 150px\" \/><\/a> <a href=\"https:\/\/blog.edu.turku.fi\/turunklassillinenlukio\/files\/2019\/03\/IMG-20190301-WA0004.jpg\"><img loading=\"lazy\" decoding=\"async\" class=\"alignnone  wp-image-4469\" src=\"https:\/\/blog.edu.turku.fi\/turunklassillinenlukio\/files\/2019\/03\/IMG-20190301-WA0004-225x300.jpg\" alt=\"\" width=\"150\" height=\"200\" srcset=\"https:\/\/blog.edu.turku.fi\/turunklassillinenlukio\/files\/2019\/03\/IMG-20190301-WA0004-225x300.jpg 225w, https:\/\/blog.edu.turku.fi\/turunklassillinenlukio\/files\/2019\/03\/IMG-20190301-WA0004-768x1024.jpg 768w, https:\/\/blog.edu.turku.fi\/turunklassillinenlukio\/files\/2019\/03\/IMG-20190301-WA0004.jpg 1200w\" sizes=\"auto, (max-width: 150px) 100vw, 150px\" \/><\/a><\/p>\n","protected":false},"excerpt":{"rendered":"<p>RUA02-kurssin kaksi eri ryhm\u00e4\u00e4 vierailivat W\u00e4in\u00f6 Aaltosen museossa tutustumassa Salla Tyk\u00e4n n\u00e4yttelyyn, joka sis\u00e4ll\u00f6lt\u00e4\u00e4n sopi hyvin kurssin sis\u00e4lt\u00f6ihin. N\u00e4yttelyst\u00e4 on kerrottu WAMin asivuilla mm. seuraavaa: &#8221;N\u00e4yttelyn l\u00e4p\u00e4isevi\u00e4 teemoja ovat katse, valta ja sukupuoli. Kuka katsoo ja miten? Kuka on katseen &hellip; <a href=\"https:\/\/blog.edu.turku.fi\/turunklassillinenlukio\/tapahtumat\/tapahtumia-lukuvuodelta-2018-2019\/rua02-kurssilaiset-vierailevat-wamissa-5-3-2019\/\">Lue loppuun <span class=\"meta-nav\">&rarr;<\/span><\/a><\/p>\n","protected":false},"author":1368,"featured_media":0,"parent":4061,"menu_order":0,"comment_status":"closed","ping_status":"closed","template":"","meta":{"footnotes":""},"class_list":["post-4468","page","type-page","status-publish","hentry"],"_links":{"self":[{"href":"https:\/\/blog.edu.turku.fi\/turunklassillinenlukio\/wp-json\/wp\/v2\/pages\/4468","targetHints":{"allow":["GET"]}}],"collection":[{"href":"https:\/\/blog.edu.turku.fi\/turunklassillinenlukio\/wp-json\/wp\/v2\/pages"}],"about":[{"href":"https:\/\/blog.edu.turku.fi\/turunklassillinenlukio\/wp-json\/wp\/v2\/types\/page"}],"author":[{"embeddable":true,"href":"https:\/\/blog.edu.turku.fi\/turunklassillinenlukio\/wp-json\/wp\/v2\/users\/1368"}],"replies":[{"embeddable":true,"href":"https:\/\/blog.edu.turku.fi\/turunklassillinenlukio\/wp-json\/wp\/v2\/comments?post=4468"}],"version-history":[{"count":1,"href":"https:\/\/blog.edu.turku.fi\/turunklassillinenlukio\/wp-json\/wp\/v2\/pages\/4468\/revisions"}],"predecessor-version":[{"id":4472,"href":"https:\/\/blog.edu.turku.fi\/turunklassillinenlukio\/wp-json\/wp\/v2\/pages\/4468\/revisions\/4472"}],"up":[{"embeddable":true,"href":"https:\/\/blog.edu.turku.fi\/turunklassillinenlukio\/wp-json\/wp\/v2\/pages\/4061"}],"wp:attachment":[{"href":"https:\/\/blog.edu.turku.fi\/turunklassillinenlukio\/wp-json\/wp\/v2\/media?parent=4468"}],"curies":[{"name":"wp","href":"https:\/\/api.w.org\/{rel}","templated":true}]}}