{"id":4362,"date":"2018-12-11T12:32:25","date_gmt":"2018-12-11T10:32:25","guid":{"rendered":"https:\/\/blog.edu.turku.fi\/turunklassillinenlukio\/?page_id=4362"},"modified":"2018-12-11T12:32:48","modified_gmt":"2018-12-11T10:32:48","slug":"juha-kontturi-puhumassa-internetista-ja-tekijanoikeuksista-pe-7-12-ja-ti-11-12-2018","status":"publish","type":"page","link":"https:\/\/blog.edu.turku.fi\/turunklassillinenlukio\/tapahtumat\/tapahtumia-lukuvuodelta-2018-2019\/juha-kontturi-puhumassa-internetista-ja-tekijanoikeuksista-pe-7-12-ja-ti-11-12-2018\/","title":{"rendered":"Juha Kontturi puhumassa Internetist\u00e4 ja tekij\u00e4noikeuksista pe 7.12. ja ti 11.12.2018"},"content":{"rendered":"<div class=\"entryContent\">\n<p><span style=\"color: #000000;font-family: Calibri;font-size: medium\">Luki<a href=\"https:\/\/blog.edu.turku.fi\/turunklassillinenlukio\/files\/2018\/12\/gdpr.jpg\"><img loading=\"lazy\" decoding=\"async\" class=\"size-medium wp-image-4363 alignleft\" src=\"https:\/\/blog.edu.turku.fi\/turunklassillinenlukio\/files\/2018\/12\/gdpr-300x158.jpg\" alt=\"\" width=\"300\" height=\"158\" srcset=\"https:\/\/blog.edu.turku.fi\/turunklassillinenlukio\/files\/2018\/12\/gdpr-300x158.jpg 300w, https:\/\/blog.edu.turku.fi\/turunklassillinenlukio\/files\/2018\/12\/gdpr-1024x538.jpg 1024w, https:\/\/blog.edu.turku.fi\/turunklassillinenlukio\/files\/2018\/12\/gdpr.jpg 1200w\" sizes=\"auto, (max-width: 300px) 100vw, 300px\" \/><\/a>ollamme pidettiin luento internetist\u00e4, sen vaaroista, mahdollisuuksista ja my\u00f6s tekij\u00e4noikeuksista. Luennon piti Turun AMK:n IT-suunnittelija Juha Kontturi. Luento oli kohdistettu 1. vuoden opiskelijoille ja tarjosi ajankohtaista asiaa ja tietoa EU:n uuden tietosuoja-asetuksen vaikutuksista sosiaalisen median k\u00e4ytt\u00f6\u00f6n. <\/span><span style=\"color: #000000;font-family: Calibri;font-size: medium\">Kontturi keskittyi esityksess\u00e4\u00e4n tekij\u00e4noikeuksiin sosiaalisia medioita k\u00e4ytett\u00e4ess\u00e4, sosiaalisten medioiden tietoturvaan k\u00e4ytt\u00e4j\u00e4n n\u00e4k\u00f6kulmasta, ja siihen, mit\u00e4 tiedolle somessa tapahtuu, kuinka se siell\u00e4 levi\u00e4\u00e4 ja mit\u00e4 tietoa voi jakaa ja mit\u00e4 ei. <\/span><\/p>\n<\/div>\n","protected":false},"excerpt":{"rendered":"<p>Lukiollamme pidettiin luento internetist\u00e4, sen vaaroista, mahdollisuuksista ja my\u00f6s tekij\u00e4noikeuksista. Luennon piti Turun AMK:n IT-suunnittelija Juha Kontturi. Luento oli kohdistettu 1. vuoden opiskelijoille ja tarjosi ajankohtaista asiaa ja tietoa EU:n uuden tietosuoja-asetuksen vaikutuksista sosiaalisen median k\u00e4ytt\u00f6\u00f6n. Kontturi keskittyi esityksess\u00e4\u00e4n tekij\u00e4noikeuksiin &hellip; <a href=\"https:\/\/blog.edu.turku.fi\/turunklassillinenlukio\/tapahtumat\/tapahtumia-lukuvuodelta-2018-2019\/juha-kontturi-puhumassa-internetista-ja-tekijanoikeuksista-pe-7-12-ja-ti-11-12-2018\/\">Lue loppuun <span class=\"meta-nav\">&rarr;<\/span><\/a><\/p>\n","protected":false},"author":1368,"featured_media":0,"parent":4061,"menu_order":0,"comment_status":"closed","ping_status":"closed","template":"","meta":{"footnotes":""},"class_list":["post-4362","page","type-page","status-publish","hentry"],"_links":{"self":[{"href":"https:\/\/blog.edu.turku.fi\/turunklassillinenlukio\/wp-json\/wp\/v2\/pages\/4362","targetHints":{"allow":["GET"]}}],"collection":[{"href":"https:\/\/blog.edu.turku.fi\/turunklassillinenlukio\/wp-json\/wp\/v2\/pages"}],"about":[{"href":"https:\/\/blog.edu.turku.fi\/turunklassillinenlukio\/wp-json\/wp\/v2\/types\/page"}],"author":[{"embeddable":true,"href":"https:\/\/blog.edu.turku.fi\/turunklassillinenlukio\/wp-json\/wp\/v2\/users\/1368"}],"replies":[{"embeddable":true,"href":"https:\/\/blog.edu.turku.fi\/turunklassillinenlukio\/wp-json\/wp\/v2\/comments?post=4362"}],"version-history":[{"count":1,"href":"https:\/\/blog.edu.turku.fi\/turunklassillinenlukio\/wp-json\/wp\/v2\/pages\/4362\/revisions"}],"predecessor-version":[{"id":4364,"href":"https:\/\/blog.edu.turku.fi\/turunklassillinenlukio\/wp-json\/wp\/v2\/pages\/4362\/revisions\/4364"}],"up":[{"embeddable":true,"href":"https:\/\/blog.edu.turku.fi\/turunklassillinenlukio\/wp-json\/wp\/v2\/pages\/4061"}],"wp:attachment":[{"href":"https:\/\/blog.edu.turku.fi\/turunklassillinenlukio\/wp-json\/wp\/v2\/media?parent=4362"}],"curies":[{"name":"wp","href":"https:\/\/api.w.org\/{rel}","templated":true}]}}