{"id":4315,"date":"2018-11-20T13:30:30","date_gmt":"2018-11-20T11:30:30","guid":{"rendered":"https:\/\/blog.edu.turku.fi\/turunklassillinenlukio\/?page_id=4315"},"modified":"2018-11-20T13:30:30","modified_gmt":"2018-11-20T11:30:30","slug":"arviointiviikon-paattava-liikuntatapahtuma-3-12-2018","status":"publish","type":"page","link":"https:\/\/blog.edu.turku.fi\/turunklassillinenlukio\/tapahtumat\/tapahtumia-lukuvuodelta-2018-2019\/arviointiviikon-paattava-liikuntatapahtuma-3-12-2018\/","title":{"rendered":"Arviointiviikon p\u00e4\u00e4tt\u00e4v\u00e4 liikuntatapahtuma 3.12.2018"},"content":{"rendered":"<p>L\u00e4hde mukaan arviointiviikon p\u00e4\u00e4tt\u00e4v\u00e4\u00e4n, rentoon liikuntatapahtumaan Kupittaan palloiluhalliin <strong>maanantaina 3.12.2018 klo 13.00 \u2013 15.00<\/strong>.<\/p>\n<p>Tarjoamme sinulle maksuttoman osallistumismahdollisuuden seuraaviin liikunta-aktiviteetteihin:<\/p>\n<p><strong>Yin Yoga<br \/>\n<\/strong>Rauhallinen ja levollinen tunti, joka lis\u00e4\u00e4 notkeutta ja luo rauhaa sek\u00e4 keholle, ett\u00e4 mielelle. Tunti poistaa lihasten ja sidekudosten kireyksi\u00e4 sek\u00e4 aktivoi verenkiertoa. Saat lis\u00e4ksi mahdollisuuden rauhoittumiseen ja ajatusten rentoutumiseen.<br \/>\n&#8211; tarjolla kaksi 45 min tuokiota, joihin kumpaankin mahtuu mukaan 30 opiskelijaa<br \/>\n&#8211; paikkana <u>palloiluhallin oheisharjoittelutila<\/u><br \/>\n&#8211; I ryhm\u00e4 klo 13.10 \u2013 13.55<br \/>\n&#8211; II ryhm\u00e4 klo 14.10 \u2013 13.55<br \/>\n&#8211; varustus: l\u00e4mpim\u00e4t, joustavat liikuntavarusteet \u2013 ei tarvita sis\u00e4kenki\u00e4<br \/>\n&#8211; ohjaaja: Marianna Ylinampa<\/p>\n<p><strong>Tanssi<\/strong><br \/>\nHelppoa tanssia, hyv\u00e4\u00e4n, menev\u00e4\u00e4n musaan.<br \/>\n&#8211; tarjolla kaksi 45 min tuokiota, joihin kumpaankin mahtuu mukaan 60 opiskelijaa<br \/>\n&#8211; paikkana palloiluhalli <u>ensimm\u00e4inen lohko (nro 1)<\/u> (p\u00e4\u00e4sis\u00e4\u00e4nk\u00e4ynnin puol.), jossa alustana on parketti<br \/>\n&#8211; I ryhm\u00e4 klo 13.10 \u2013 13.55<br \/>\n&#8211; II ryhm\u00e4 klo 14.10 \u2013 14.55<br \/>\n&#8211; varustus: liikunta-asu +\u00a0 mielell\u00e4\u00e4n sis\u00e4liikuntakeng\u00e4t<\/p>\n<p>Varaa itsellesi paikka Yin Yoga- ja\/tai tanssitunnille <a href=\"https:\/\/www.lyyti.in\/Arviointiviikon_paattava_liikuntatapahtma_8550\">t\u00e4st\u00e4 linkist\u00e4<\/a><br \/>\n<strong>Tankojalkapallo<\/strong><br \/>\nHauska ja humoristinen peli, jossa jalkapallotaidot eiv\u00e4t n\u00e4yttele olennaista osaa, vaan tarvitaan yhteen hiileen puhaltamisen taitoa.<br \/>\n&#8211; ei ennakkoilmoittautumista<br \/>\n&#8211; halutessasi voit koota valmiiksi 5 hengen ryhm\u00e4n tai tule vain tapahtumapaikalle, jossa muodostetaan viiden hengen joukkueita<br \/>\n&#8211; yksi peli kest\u00e4\u00e4 vain 5 min, jonka j\u00e4lkeen pelikent\u00e4lle p\u00e4\u00e4sev\u00e4t uudet joukkueet<br \/>\n&#8211; tuloksia ei lasketa<br \/>\n&#8211; voit pelata useammissakin kokoonpanoissa<br \/>\n&#8211; paikkana puolet palloiluhallin <u>keskimm\u00e4isest\u00e4 lohkosta (nro 2)<\/u>, jossa alustana on parketti<br \/>\n&#8211; varustus: liikunta-asu + sis\u00e4pelikeng\u00e4t<\/p>\n<p><strong>Koripallo<br \/>\n<\/strong>Vapaata pelailua katukoriksen s\u00e4\u00e4nn\u00f6in ja\/tai koripallon heittely\u00e4 koreihin.<br \/>\n&#8211; kentt\u00e4valvoja paikalla<br \/>\n&#8211; ei ohjattua toimintaa<br \/>\n&#8211; ei ennakkoilmoittautumista<br \/>\n&#8211; paikkana puolet palloiluhallin <u>keskimm\u00e4isest\u00e4 lohkosta (nro 2)<\/u>, jossa alustana on parketti<br \/>\n&#8211; varustus: liikunta-asu + sis\u00e4pelikeng\u00e4t<\/p>\n<p><strong>Salibandy\/s\u00e4hly<\/strong><br \/>\nVapaata pelailua, vapaasti muodostetuin joukkuein.<br \/>\n&#8211; kentt\u00e4valvoja paikalla<br \/>\n&#8211; peliaika max. 10 min, jonka j\u00e4lkeen uudet joukkueet kent\u00e4lle<br \/>\n&#8211; ei tuomaria paikalla \u2013 herrasmiespeli\u00e4<br \/>\n&#8211; paikkana palloiluhallin <u>taimmainen lohko (nro 3),<\/u> jossa alustana on muovimatto<br \/>\n&#8211; varustus: liikunta-asu + sis\u00e4pelikeng\u00e4t<\/p>\n<p><strong>\u00a0<\/strong><strong>T\u00e4rke\u00e4t\u00e4 tiet\u00e4\u00e4!<\/strong><br \/>\n&#8211; Pukuhuoneita ei lukita, joten ota arvotavarat mukaasi salitilaan\/oheisharjoittelutilaan!<br \/>\n&#8211; Kyseess\u00e4 on koulujen liikuntatapahtuma, joten alkoholin ja nuuskan k\u00e4ytt\u00f6 sek\u00e4 tupakointi on palloiluhallin tiloissa ehdottomasti kielletty\u00e4!<br \/>\n&#8211; Palloiluhallin v\u00e4litt\u00f6m\u00e4ss\u00e4 l\u00e4heisyydess\u00e4 on hyvin v\u00e4h\u00e4n autojen pys\u00e4k\u00f6intipaikkoja, joten pys\u00e4k\u00f6i suosiolla autosi Kupittaan isolle pys\u00e4k\u00f6intialueelle (Veritas -stadionin vieress\u00e4). Suosi julkista liikennett\u00e4 tai tule jalan\/polkupy\u00f6r\u00e4ll\u00e4!<\/p>\n<p>&nbsp;<\/p>\n<p>&nbsp;<\/p>\n","protected":false},"excerpt":{"rendered":"<p>L\u00e4hde mukaan arviointiviikon p\u00e4\u00e4tt\u00e4v\u00e4\u00e4n, rentoon liikuntatapahtumaan Kupittaan palloiluhalliin maanantaina 3.12.2018 klo 13.00 \u2013 15.00. Tarjoamme sinulle maksuttoman osallistumismahdollisuuden seuraaviin liikunta-aktiviteetteihin: Yin Yoga Rauhallinen ja levollinen tunti, joka lis\u00e4\u00e4 notkeutta ja luo rauhaa sek\u00e4 keholle, ett\u00e4 mielelle. Tunti poistaa lihasten ja &hellip; <a href=\"https:\/\/blog.edu.turku.fi\/turunklassillinenlukio\/tapahtumat\/tapahtumia-lukuvuodelta-2018-2019\/arviointiviikon-paattava-liikuntatapahtuma-3-12-2018\/\">Lue loppuun <span class=\"meta-nav\">&rarr;<\/span><\/a><\/p>\n","protected":false},"author":1368,"featured_media":0,"parent":4061,"menu_order":0,"comment_status":"closed","ping_status":"closed","template":"","meta":{"footnotes":""},"class_list":["post-4315","page","type-page","status-publish","hentry"],"_links":{"self":[{"href":"https:\/\/blog.edu.turku.fi\/turunklassillinenlukio\/wp-json\/wp\/v2\/pages\/4315","targetHints":{"allow":["GET"]}}],"collection":[{"href":"https:\/\/blog.edu.turku.fi\/turunklassillinenlukio\/wp-json\/wp\/v2\/pages"}],"about":[{"href":"https:\/\/blog.edu.turku.fi\/turunklassillinenlukio\/wp-json\/wp\/v2\/types\/page"}],"author":[{"embeddable":true,"href":"https:\/\/blog.edu.turku.fi\/turunklassillinenlukio\/wp-json\/wp\/v2\/users\/1368"}],"replies":[{"embeddable":true,"href":"https:\/\/blog.edu.turku.fi\/turunklassillinenlukio\/wp-json\/wp\/v2\/comments?post=4315"}],"version-history":[{"count":1,"href":"https:\/\/blog.edu.turku.fi\/turunklassillinenlukio\/wp-json\/wp\/v2\/pages\/4315\/revisions"}],"predecessor-version":[{"id":4316,"href":"https:\/\/blog.edu.turku.fi\/turunklassillinenlukio\/wp-json\/wp\/v2\/pages\/4315\/revisions\/4316"}],"up":[{"embeddable":true,"href":"https:\/\/blog.edu.turku.fi\/turunklassillinenlukio\/wp-json\/wp\/v2\/pages\/4061"}],"wp:attachment":[{"href":"https:\/\/blog.edu.turku.fi\/turunklassillinenlukio\/wp-json\/wp\/v2\/media?parent=4315"}],"curies":[{"name":"wp","href":"https:\/\/api.w.org\/{rel}","templated":true}]}}