{"id":4281,"date":"2018-11-19T09:55:54","date_gmt":"2018-11-19T07:55:54","guid":{"rendered":"https:\/\/blog.edu.turku.fi\/turunklassillinenlukio\/?page_id=4281"},"modified":"2018-11-22T14:07:35","modified_gmt":"2018-11-22T12:07:35","slug":"etydi-kurssilaisten-esitykset-wamissa-ti-20-11-2018","status":"publish","type":"page","link":"https:\/\/blog.edu.turku.fi\/turunklassillinenlukio\/tapahtumat\/tapahtumia-lukuvuodelta-2018-2019\/etydi-kurssilaisten-esitykset-wamissa-ti-20-11-2018\/","title":{"rendered":"Etydi-kurssilaisten esitykset WAMissa 20.11.2018"},"content":{"rendered":"<p>Etydi-kurssin ty\u00f6t esitettiin W\u00e4in\u00f6 Aaltosen museossa tiistaina 20.11.2018 klo 10.00 alkaen. Esitykset suunniteltiin liittym\u00e4\u00e4n WAMin Sis\u00e4llissota-n\u00e4yttelyyn ja ne saatiin esitt\u00e4\u00e4 Hodhayfa Salihin upean teoksen &#8221;Out yourself in their place&#8221; edess\u00e4. Opiskelijoiden eritt\u00e4in keksi\u00e4itten ideoiden pohjalta valmistui 3m hyvin erilaista esityst\u00e4, joissa sis\u00e4llissotaa k\u00e4siteltiin perinteisen sis\u00e4llissota-ajattelun lis\u00e4ksi mm. mielen sis\u00e4llissotana ja verissolujen sis\u00e4llissotana. Esitykset oli mahdollista n\u00e4hd\u00e4 my\u00f6s koululla pe 23.11. liikuntasalissa.<\/p>\n<p>T\u00e4ss\u00e4 lyhyet esitysluonnehdinnat:<\/p>\n<p><strong>JANNE JA HELMI<\/strong><\/p>\n<p>Yhteiskunta vai rakkaus?<\/p>\n<p>Kaksi nuorta rakastuu, mutta miten\u00a0k\u00e4y sodan syttyess\u00e4,\u00a0kun ollaan eri puolilla? Kumpi voittaa, rakkaus vai oman joukon arvomaailma?<\/p>\n<p>Niin pienen hetken rakkaus on lumivalkoinen, vaikka sit\u00e4 kuvataankin monesti punaisena.<\/p>\n<p>Iida Blomqvist, Senni K\u00e4rkk\u00e4inen, Eveliina Nieminen, Tiara Visser (Erika Jukarainen, Asta Lehtovaara)<\/p>\n<p><a href=\"https:\/\/blog.edu.turku.fi\/turunklassillinenlukio\/files\/2018\/11\/kuva2.jpg\"><img loading=\"lazy\" decoding=\"async\" class=\"alignnone size-medium wp-image-4295\" src=\"https:\/\/blog.edu.turku.fi\/turunklassillinenlukio\/files\/2018\/11\/kuva2-300x170.jpg\" alt=\"\" width=\"300\" height=\"170\" srcset=\"https:\/\/blog.edu.turku.fi\/turunklassillinenlukio\/files\/2018\/11\/kuva2-300x170.jpg 300w, https:\/\/blog.edu.turku.fi\/turunklassillinenlukio\/files\/2018\/11\/kuva2-1024x580.jpg 1024w, https:\/\/blog.edu.turku.fi\/turunklassillinenlukio\/files\/2018\/11\/kuva2.jpg 1272w\" sizes=\"auto, (max-width: 300px) 100vw, 300px\" \/><\/a> <a href=\"https:\/\/blog.edu.turku.fi\/turunklassillinenlukio\/files\/2018\/11\/kuva1.jpg\"><img loading=\"lazy\" decoding=\"async\" class=\"alignnone size-medium wp-image-4294\" src=\"https:\/\/blog.edu.turku.fi\/turunklassillinenlukio\/files\/2018\/11\/kuva1-300x170.jpg\" alt=\"\" width=\"300\" height=\"170\" srcset=\"https:\/\/blog.edu.turku.fi\/turunklassillinenlukio\/files\/2018\/11\/kuva1-300x170.jpg 300w, https:\/\/blog.edu.turku.fi\/turunklassillinenlukio\/files\/2018\/11\/kuva1-1024x580.jpg 1024w, https:\/\/blog.edu.turku.fi\/turunklassillinenlukio\/files\/2018\/11\/kuva1.jpg 1272w\" sizes=\"auto, (max-width: 300px) 100vw, 300px\" \/><\/a><\/p>\n<p><strong>SIS\u00c4IST\u00c4 SOTAA<\/strong><\/p>\n<p>El\u00e4mme maailmassa, jossa omana itsen\u00e4\u00e4n olemisestakin on joskus taisteltava. &#8221;Omana itsen\u00e4&#8221; on kokoelma tarinoita, joiden yhteisvoimalla yksil\u00f6t saavat vihdoin rohkeuden olla omia itsej\u00e4\u00e4n.<\/p>\n<p>Taika Heinonen, Kia Puusa, Mari Pylkk\u00e4nen, Ella Rantapere (Linda Eenil\u00e4, Roosa Py\u00f6li)<\/p>\n<p><a href=\"https:\/\/blog.edu.turku.fi\/turunklassillinenlukio\/files\/2018\/11\/kuva3.jpg\"><img loading=\"lazy\" decoding=\"async\" class=\"alignnone size-medium wp-image-4296\" src=\"https:\/\/blog.edu.turku.fi\/turunklassillinenlukio\/files\/2018\/11\/kuva3-170x300.jpg\" alt=\"\" width=\"170\" height=\"300\" srcset=\"https:\/\/blog.edu.turku.fi\/turunklassillinenlukio\/files\/2018\/11\/kuva3-170x300.jpg 170w, https:\/\/blog.edu.turku.fi\/turunklassillinenlukio\/files\/2018\/11\/kuva3-580x1024.jpg 580w, https:\/\/blog.edu.turku.fi\/turunklassillinenlukio\/files\/2018\/11\/kuva3.jpg 720w\" sizes=\"auto, (max-width: 170px) 100vw, 170px\" \/><\/a> <a href=\"https:\/\/blog.edu.turku.fi\/turunklassillinenlukio\/files\/2018\/11\/kuva4.jpg\"><img loading=\"lazy\" decoding=\"async\" class=\"alignnone size-medium wp-image-4308\" src=\"https:\/\/blog.edu.turku.fi\/turunklassillinenlukio\/files\/2018\/11\/kuva4-170x300.jpg\" alt=\"\" width=\"170\" height=\"300\" srcset=\"https:\/\/blog.edu.turku.fi\/turunklassillinenlukio\/files\/2018\/11\/kuva4-170x300.jpg 170w, https:\/\/blog.edu.turku.fi\/turunklassillinenlukio\/files\/2018\/11\/kuva4-580x1024.jpg 580w, https:\/\/blog.edu.turku.fi\/turunklassillinenlukio\/files\/2018\/11\/kuva4.jpg 720w\" sizes=\"auto, (max-width: 170px) 100vw, 170px\" \/><\/a><\/p>\n<p><strong>SAIRAALAN PIENI SOTILAS <\/strong><\/p>\n<p>Miten voitetaan sota, jossa vastapuolella on oma kehosi? Miten voitetaan sota, kun sotatanner on suonissasi virtaava veri? Ent\u00e4 miten voitetaan sota, jossa sotilaina ovat pienet verisolusi? SAIRAALAN PIENI SOTILAS kertoo tarinaa el\u00e4m\u00e4n yl\u00e4- ja alam\u00e4ist\u00e4, sis\u00e4lt\u00e4 kumpuavista unelmista, sek\u00e4 \u00e4\u00e4rimm\u00e4isen urheuden l\u00f6yt\u00e4misest\u00e4 itsest\u00e4.<\/p>\n<p>Eme Aho, Linda Eenil\u00e4, Enja Kanervavuori, Emma Maunu, Roosa Py\u00f6li (Kia Puusa, Ella Rantapere, Mari Pylkk\u00e4nen)<\/p>\n<p><a href=\"https:\/\/blog.edu.turku.fi\/turunklassillinenlukio\/files\/2018\/11\/kuva5.jpg\"><img loading=\"lazy\" decoding=\"async\" class=\"alignnone size-medium wp-image-4309\" src=\"https:\/\/blog.edu.turku.fi\/turunklassillinenlukio\/files\/2018\/11\/kuva5-170x300.jpg\" alt=\"\" width=\"170\" height=\"300\" srcset=\"https:\/\/blog.edu.turku.fi\/turunklassillinenlukio\/files\/2018\/11\/kuva5-170x300.jpg 170w, https:\/\/blog.edu.turku.fi\/turunklassillinenlukio\/files\/2018\/11\/kuva5-580x1024.jpg 580w, https:\/\/blog.edu.turku.fi\/turunklassillinenlukio\/files\/2018\/11\/kuva5.jpg 720w\" sizes=\"auto, (max-width: 170px) 100vw, 170px\" \/><\/a> <a href=\"https:\/\/blog.edu.turku.fi\/turunklassillinenlukio\/files\/2018\/11\/kuva6.jpg\"><img loading=\"lazy\" decoding=\"async\" class=\"alignnone size-medium wp-image-4310\" src=\"https:\/\/blog.edu.turku.fi\/turunklassillinenlukio\/files\/2018\/11\/kuva6-170x300.jpg\" alt=\"\" width=\"170\" height=\"300\" srcset=\"https:\/\/blog.edu.turku.fi\/turunklassillinenlukio\/files\/2018\/11\/kuva6-170x300.jpg 170w, https:\/\/blog.edu.turku.fi\/turunklassillinenlukio\/files\/2018\/11\/kuva6-580x1024.jpg 580w, https:\/\/blog.edu.turku.fi\/turunklassillinenlukio\/files\/2018\/11\/kuva6.jpg 720w\" sizes=\"auto, (max-width: 170px) 100vw, 170px\" \/><\/a><\/p>\n","protected":false},"excerpt":{"rendered":"<p>Etydi-kurssin ty\u00f6t esitettiin W\u00e4in\u00f6 Aaltosen museossa tiistaina 20.11.2018 klo 10.00 alkaen. Esitykset suunniteltiin liittym\u00e4\u00e4n WAMin Sis\u00e4llissota-n\u00e4yttelyyn ja ne saatiin esitt\u00e4\u00e4 Hodhayfa Salihin upean teoksen &#8221;Out yourself in their place&#8221; edess\u00e4. Opiskelijoiden eritt\u00e4in keksi\u00e4itten ideoiden pohjalta valmistui 3m hyvin erilaista esityst\u00e4, &hellip; <a href=\"https:\/\/blog.edu.turku.fi\/turunklassillinenlukio\/tapahtumat\/tapahtumia-lukuvuodelta-2018-2019\/etydi-kurssilaisten-esitykset-wamissa-ti-20-11-2018\/\">Lue loppuun <span class=\"meta-nav\">&rarr;<\/span><\/a><\/p>\n","protected":false},"author":1368,"featured_media":0,"parent":4061,"menu_order":0,"comment_status":"closed","ping_status":"closed","template":"","meta":{"footnotes":""},"class_list":["post-4281","page","type-page","status-publish","hentry"],"_links":{"self":[{"href":"https:\/\/blog.edu.turku.fi\/turunklassillinenlukio\/wp-json\/wp\/v2\/pages\/4281","targetHints":{"allow":["GET"]}}],"collection":[{"href":"https:\/\/blog.edu.turku.fi\/turunklassillinenlukio\/wp-json\/wp\/v2\/pages"}],"about":[{"href":"https:\/\/blog.edu.turku.fi\/turunklassillinenlukio\/wp-json\/wp\/v2\/types\/page"}],"author":[{"embeddable":true,"href":"https:\/\/blog.edu.turku.fi\/turunklassillinenlukio\/wp-json\/wp\/v2\/users\/1368"}],"replies":[{"embeddable":true,"href":"https:\/\/blog.edu.turku.fi\/turunklassillinenlukio\/wp-json\/wp\/v2\/comments?post=4281"}],"version-history":[{"count":5,"href":"https:\/\/blog.edu.turku.fi\/turunklassillinenlukio\/wp-json\/wp\/v2\/pages\/4281\/revisions"}],"predecessor-version":[{"id":4320,"href":"https:\/\/blog.edu.turku.fi\/turunklassillinenlukio\/wp-json\/wp\/v2\/pages\/4281\/revisions\/4320"}],"up":[{"embeddable":true,"href":"https:\/\/blog.edu.turku.fi\/turunklassillinenlukio\/wp-json\/wp\/v2\/pages\/4061"}],"wp:attachment":[{"href":"https:\/\/blog.edu.turku.fi\/turunklassillinenlukio\/wp-json\/wp\/v2\/media?parent=4281"}],"curies":[{"name":"wp","href":"https:\/\/api.w.org\/{rel}","templated":true}]}}