{"id":4235,"date":"2018-11-05T09:36:30","date_gmt":"2018-11-05T07:36:30","guid":{"rendered":"https:\/\/blog.edu.turku.fi\/turunklassillinenlukio\/?page_id=4235"},"modified":"2018-11-05T09:36:30","modified_gmt":"2018-11-05T07:36:30","slug":"kauhugalleria-2-3-11-2018","status":"publish","type":"page","link":"https:\/\/blog.edu.turku.fi\/turunklassillinenlukio\/tapahtumat\/tapahtumia-lukuvuodelta-2018-2019\/kauhugalleria-2-3-11-2018\/","title":{"rendered":"Kauhugalleria 2.-3.11.2018"},"content":{"rendered":"<p dir=\"ltr\">Klassillisen opiskelijat toteuttivat el\u00e4mysteatterin keinoin kaksi erilaista kierrosta koulun kellaritiloissa. Isommat ja rohkeammat k\u00e4vij\u00e4t kokivat todella karmivan aikamatkan kierroksella, jonka ik\u00e4suositus oli noin kymmenvuotiaasta yl\u00f6sp\u00e4in. Pienemm\u00e4t vieraat p\u00e4\u00e4siv\u00e4t osaksi satumaista salapoliisiseikkailua.<\/p>\n<p dir=\"ltr\">Frankenstein-juhlavuoden kunniaksi kierrokset oli ideoitu hullu tiedemies -teeman ymp\u00e4rille. Mary Shelleyn kauhuklassikon julkaisusta tuli t\u00e4n\u00e4 vuonna kuluneeksi kaksisataa vuotta.<\/p>\n<p dir=\"ltr\">Kierrosten lis\u00e4ksi koululta l\u00f6ytyi kahvila, kasvomaalausta, kirppis ja muuta toimintaa Halloween-hengess\u00e4. Perheet, aikuiset, nuoret ja lapset, kaikki olivat tervetulleita tapahtumaan ja k\u00e4vij\u00f6it\u00e4 riittikin todella mukavasti, l\u00e4hes 300 kierroksille osallistunutta k\u00e4vij\u00e4\u00e4! Lis\u00e4ksi perjantaina koulun oma v\u00e4ki otti varasl\u00e4hd\u00f6n tapahtumaan ja kierroksille osallistui jo kenraaliharjoitusp\u00e4iv\u00e4n\u00e4 reilut 200 opiskelijaa.<\/p>\n<p dir=\"ltr\">Kauhugalleria on opiskelijoiden itse suunnittelema ja toteuttama jo perinteeksi muodostunut projekti ja osa tapahtumatuotantokurssia. Koko tapahtuman tuotto menee lyhent\u00e4m\u00e4tt\u00f6m\u00e4n\u00e4 Nen\u00e4p\u00e4iv\u00e4-ker\u00e4ykseen.<br \/>\n<a href=\"https:\/\/blog.edu.turku.fi\/turunklassillinenlukio\/files\/2018\/11\/kauhugalleria-1024x768.jpg\"><img loading=\"lazy\" decoding=\"async\" class=\"alignnone size-medium wp-image-4236\" src=\"https:\/\/blog.edu.turku.fi\/turunklassillinenlukio\/files\/2018\/11\/kauhugalleria-1024x768-300x225.jpg\" alt=\"\" width=\"300\" height=\"225\" srcset=\"https:\/\/blog.edu.turku.fi\/turunklassillinenlukio\/files\/2018\/11\/kauhugalleria-1024x768-300x225.jpg 300w, https:\/\/blog.edu.turku.fi\/turunklassillinenlukio\/files\/2018\/11\/kauhugalleria-1024x768.jpg 1024w\" sizes=\"auto, (max-width: 300px) 100vw, 300px\" \/><\/a><\/p>\n<p dir=\"ltr\">Suurkiitos kaikille tapahtumaa j\u00e4rjest\u00e4neille ja tapahtumaan osallistuneille! Ensi vuonna taas tavataan!<\/p>\n","protected":false},"excerpt":{"rendered":"<p>Klassillisen opiskelijat toteuttivat el\u00e4mysteatterin keinoin kaksi erilaista kierrosta koulun kellaritiloissa. Isommat ja rohkeammat k\u00e4vij\u00e4t kokivat todella karmivan aikamatkan kierroksella, jonka ik\u00e4suositus oli noin kymmenvuotiaasta yl\u00f6sp\u00e4in. Pienemm\u00e4t vieraat p\u00e4\u00e4siv\u00e4t osaksi satumaista salapoliisiseikkailua. Frankenstein-juhlavuoden kunniaksi kierrokset oli ideoitu hullu tiedemies -teeman ymp\u00e4rille. &hellip; <a href=\"https:\/\/blog.edu.turku.fi\/turunklassillinenlukio\/tapahtumat\/tapahtumia-lukuvuodelta-2018-2019\/kauhugalleria-2-3-11-2018\/\">Lue loppuun <span class=\"meta-nav\">&rarr;<\/span><\/a><\/p>\n","protected":false},"author":1368,"featured_media":0,"parent":4061,"menu_order":0,"comment_status":"closed","ping_status":"closed","template":"","meta":{"footnotes":""},"class_list":["post-4235","page","type-page","status-publish","hentry"],"_links":{"self":[{"href":"https:\/\/blog.edu.turku.fi\/turunklassillinenlukio\/wp-json\/wp\/v2\/pages\/4235","targetHints":{"allow":["GET"]}}],"collection":[{"href":"https:\/\/blog.edu.turku.fi\/turunklassillinenlukio\/wp-json\/wp\/v2\/pages"}],"about":[{"href":"https:\/\/blog.edu.turku.fi\/turunklassillinenlukio\/wp-json\/wp\/v2\/types\/page"}],"author":[{"embeddable":true,"href":"https:\/\/blog.edu.turku.fi\/turunklassillinenlukio\/wp-json\/wp\/v2\/users\/1368"}],"replies":[{"embeddable":true,"href":"https:\/\/blog.edu.turku.fi\/turunklassillinenlukio\/wp-json\/wp\/v2\/comments?post=4235"}],"version-history":[{"count":1,"href":"https:\/\/blog.edu.turku.fi\/turunklassillinenlukio\/wp-json\/wp\/v2\/pages\/4235\/revisions"}],"predecessor-version":[{"id":4237,"href":"https:\/\/blog.edu.turku.fi\/turunklassillinenlukio\/wp-json\/wp\/v2\/pages\/4235\/revisions\/4237"}],"up":[{"embeddable":true,"href":"https:\/\/blog.edu.turku.fi\/turunklassillinenlukio\/wp-json\/wp\/v2\/pages\/4061"}],"wp:attachment":[{"href":"https:\/\/blog.edu.turku.fi\/turunklassillinenlukio\/wp-json\/wp\/v2\/media?parent=4235"}],"curies":[{"name":"wp","href":"https:\/\/api.w.org\/{rel}","templated":true}]}}