{"id":4179,"date":"2018-10-11T10:45:28","date_gmt":"2018-10-11T07:45:28","guid":{"rendered":"https:\/\/blog.edu.turku.fi\/turunklassillinenlukio\/?page_id=4179"},"modified":"2018-10-31T13:15:49","modified_gmt":"2018-10-31T11:15:49","slug":"jani-lyden-unicefilta-vierailee-koulussamme-10-10-2018","status":"publish","type":"page","link":"https:\/\/blog.edu.turku.fi\/turunklassillinenlukio\/tapahtumat\/tapahtumia-lukuvuodelta-2018-2019\/jani-lyden-unicefilta-vierailee-koulussamme-10-10-2018\/","title":{"rendered":"Jani Lyd\u00e9n Unicefilta vierailee koulussamme 10.10.2018"},"content":{"rendered":"<p>Koulumme opiskelijakunta j\u00e4rjesti koulullemme Unicef-luennon ja -k\u00e4velyn. Unicefilta n. tunnin mittaista luento tuli pit\u00e4m\u00e4\u00e4n Jani Lyd\u00e9n. Esitys k\u00e4sitteli Unicefin toimintaa, kest\u00e4v\u00e4\u00e4 kehityst\u00e4 ja Unicef-k\u00e4vely\u00e4.<\/p>\n<p>Kuuntelemaan p\u00e4\u00e4si muutamia ryhmi\u00e4 kursseilta, joiden aiheita luennon sis\u00e4lt\u00f6 kosketti. Esimerkiksi GE1-kurssi sai mielenkiintoista n\u00e4k\u00f6kulmaa kest\u00e4v\u00e4\u00e4n kehitykseen, ja \u00c4I7-kurssilla luentoa analysoitiin j\u00e4lkeenp\u00e4in vaikuttavana puheena. Lydenin luento innosti opiskelijoita ja opettajia juuri ennen perinteeksi muodostunutta opiskelijakunnan hallituksen j\u00e4rjest\u00e4m\u00e4\u00e4 Unicef-k\u00e4vely\u00e4, joka j\u00e4rjestettiin seuraavalla tunnilla. Esitys p\u00e4\u00e4ttyi tansanialaista saippuaa k\u00e4sittelev\u00e4\u00e4n elokuvaan.<\/p>\n<p>Eritt\u00e4in ajankohtaisiin aiheisiin pureutunut esitys sai sek\u00e4 opettajien ett\u00e4 opiskelijoiden kiitokset.<\/p>\n<p><a href=\"https:\/\/blog.edu.turku.fi\/turunklassillinenlukio\/files\/2018\/10\/Unicef-k\u00e4vely.jpg\"><img loading=\"lazy\" decoding=\"async\" class=\" wp-image-4180 alignleft\" src=\"https:\/\/blog.edu.turku.fi\/turunklassillinenlukio\/files\/2018\/10\/Unicef-k\u00e4vely-205x300.jpg\" alt=\"\" width=\"128\" height=\"187\" srcset=\"https:\/\/blog.edu.turku.fi\/turunklassillinenlukio\/files\/2018\/10\/Unicef-k\u00e4vely-205x300.jpg 205w, https:\/\/blog.edu.turku.fi\/turunklassillinenlukio\/files\/2018\/10\/Unicef-k\u00e4vely.jpg 307w\" sizes=\"auto, (max-width: 128px) 100vw, 128px\" \/><\/a>Opiskelijakunta lahjoitti Unicef-k\u00e4velyst\u00e4 euron jokaisesta k\u00e4velyyn osallistuneesta lukiomme opiskelijasta ker\u00e4ykseen. Kokonaistuotoksi tuli 808 euroa!<\/p>\n<p>L\u00e4mpim\u00e4t kiitokset opiskelijakunnan hallitukselle j\u00e4rjestelyist\u00e4 ja &#8221;sponsorina&#8221; toimimisesta!<\/p>\n","protected":false},"excerpt":{"rendered":"<p>Koulumme opiskelijakunta j\u00e4rjesti koulullemme Unicef-luennon ja -k\u00e4velyn. Unicefilta n. tunnin mittaista luento tuli pit\u00e4m\u00e4\u00e4n Jani Lyd\u00e9n. Esitys k\u00e4sitteli Unicefin toimintaa, kest\u00e4v\u00e4\u00e4 kehityst\u00e4 ja Unicef-k\u00e4vely\u00e4. Kuuntelemaan p\u00e4\u00e4si muutamia ryhmi\u00e4 kursseilta, joiden aiheita luennon sis\u00e4lt\u00f6 kosketti. Esimerkiksi GE1-kurssi sai mielenkiintoista n\u00e4k\u00f6kulmaa kest\u00e4v\u00e4\u00e4n &hellip; <a href=\"https:\/\/blog.edu.turku.fi\/turunklassillinenlukio\/tapahtumat\/tapahtumia-lukuvuodelta-2018-2019\/jani-lyden-unicefilta-vierailee-koulussamme-10-10-2018\/\">Lue loppuun <span class=\"meta-nav\">&rarr;<\/span><\/a><\/p>\n","protected":false},"author":1368,"featured_media":0,"parent":4061,"menu_order":0,"comment_status":"closed","ping_status":"closed","template":"","meta":{"footnotes":""},"class_list":["post-4179","page","type-page","status-publish","hentry"],"_links":{"self":[{"href":"https:\/\/blog.edu.turku.fi\/turunklassillinenlukio\/wp-json\/wp\/v2\/pages\/4179","targetHints":{"allow":["GET"]}}],"collection":[{"href":"https:\/\/blog.edu.turku.fi\/turunklassillinenlukio\/wp-json\/wp\/v2\/pages"}],"about":[{"href":"https:\/\/blog.edu.turku.fi\/turunklassillinenlukio\/wp-json\/wp\/v2\/types\/page"}],"author":[{"embeddable":true,"href":"https:\/\/blog.edu.turku.fi\/turunklassillinenlukio\/wp-json\/wp\/v2\/users\/1368"}],"replies":[{"embeddable":true,"href":"https:\/\/blog.edu.turku.fi\/turunklassillinenlukio\/wp-json\/wp\/v2\/comments?post=4179"}],"version-history":[{"count":5,"href":"https:\/\/blog.edu.turku.fi\/turunklassillinenlukio\/wp-json\/wp\/v2\/pages\/4179\/revisions"}],"predecessor-version":[{"id":4225,"href":"https:\/\/blog.edu.turku.fi\/turunklassillinenlukio\/wp-json\/wp\/v2\/pages\/4179\/revisions\/4225"}],"up":[{"embeddable":true,"href":"https:\/\/blog.edu.turku.fi\/turunklassillinenlukio\/wp-json\/wp\/v2\/pages\/4061"}],"wp:attachment":[{"href":"https:\/\/blog.edu.turku.fi\/turunklassillinenlukio\/wp-json\/wp\/v2\/media?parent=4179"}],"curies":[{"name":"wp","href":"https:\/\/api.w.org\/{rel}","templated":true}]}}