{"id":4104,"date":"2018-09-18T12:30:20","date_gmt":"2018-09-18T09:30:20","guid":{"rendered":"https:\/\/blog.edu.turku.fi\/turunklassillinenlukio\/?page_id=4104"},"modified":"2018-09-18T12:30:20","modified_gmt":"2018-09-18T09:30:20","slug":"ministeri-anne-mari-virolainen-vieraili-koulullamme-17-9-2018","status":"publish","type":"page","link":"https:\/\/blog.edu.turku.fi\/turunklassillinenlukio\/tapahtumat\/tapahtumia-lukuvuodelta-2018-2019\/ministeri-anne-mari-virolainen-vieraili-koulullamme-17-9-2018\/","title":{"rendered":"Ministeri Anne-Mari Virolainen vieraili koulullamme 17.9.2018"},"content":{"rendered":"<p><span id=\"fbPhotoSnowliftCaption\" class=\"fbPhotosPhotoCaption\"><span class=\"hasCaption\">Ulkomaankauppa- ja kehitysministeri Anne-Mari Virolainen vieraili Turun klassillisessa lukiossa 17.9. Ministerin aikataulussa oli 45 minuutin mittainen tauko ja h\u00e4n halusi k\u00e4ytt\u00e4\u00e4 sen tutustuakseen lukiolaisen arkeen koulussamme. Lukiomme opiskelijakunnan hallituksen j\u00e4sen ja Suomen lukiolaisten liiton yhteyshenkil\u00f6 Iida-Mari Mikkonen esitteli aluksi ministerille lukiolaisella k\u00e4yt\u00f6ss\u00e4 olevia s\u00e4hk\u00f6isi\u00e4 v\u00e4lineit\u00e4 ja keskusteli lukiolaisten asemasta Suomessa. T\u00e4m\u00e4n j\u00e4lkeen ministerill\u00e4 oli viel\u00e4 aikaa vierailla muutamalla oppitunnilla, mm. pitk\u00e4n matematiikan ja yhteiskuntaopin tunneilla.<br \/>\n<\/span><\/span><\/p>\n<p><a href=\"https:\/\/blog.edu.turku.fi\/turunklassillinenlukio\/files\/2018\/09\/A-M_virolainen.jpg\"><img loading=\"lazy\" decoding=\"async\" class=\"alignnone  wp-image-4105\" src=\"https:\/\/blog.edu.turku.fi\/turunklassillinenlukio\/files\/2018\/09\/A-M_virolainen-300x169.jpg\" alt=\"\" width=\"339\" height=\"191\" srcset=\"https:\/\/blog.edu.turku.fi\/turunklassillinenlukio\/files\/2018\/09\/A-M_virolainen-300x169.jpg 300w, https:\/\/blog.edu.turku.fi\/turunklassillinenlukio\/files\/2018\/09\/A-M_virolainen-1024x576.jpg 1024w, https:\/\/blog.edu.turku.fi\/turunklassillinenlukio\/files\/2018\/09\/A-M_virolainen.jpg 1992w\" sizes=\"auto, (max-width: 339px) 100vw, 339px\" \/><\/a><\/p>\n","protected":false},"excerpt":{"rendered":"<p>Ulkomaankauppa- ja kehitysministeri Anne-Mari Virolainen vieraili Turun klassillisessa lukiossa 17.9. Ministerin aikataulussa oli 45 minuutin mittainen tauko ja h\u00e4n halusi k\u00e4ytt\u00e4\u00e4 sen tutustuakseen lukiolaisen arkeen koulussamme. Lukiomme opiskelijakunnan hallituksen j\u00e4sen ja Suomen lukiolaisten liiton yhteyshenkil\u00f6 Iida-Mari Mikkonen esitteli aluksi ministerille &hellip; <a href=\"https:\/\/blog.edu.turku.fi\/turunklassillinenlukio\/tapahtumat\/tapahtumia-lukuvuodelta-2018-2019\/ministeri-anne-mari-virolainen-vieraili-koulullamme-17-9-2018\/\">Lue loppuun <span class=\"meta-nav\">&rarr;<\/span><\/a><\/p>\n","protected":false},"author":1368,"featured_media":0,"parent":4061,"menu_order":0,"comment_status":"closed","ping_status":"closed","template":"","meta":{"footnotes":""},"class_list":["post-4104","page","type-page","status-publish","hentry"],"_links":{"self":[{"href":"https:\/\/blog.edu.turku.fi\/turunklassillinenlukio\/wp-json\/wp\/v2\/pages\/4104","targetHints":{"allow":["GET"]}}],"collection":[{"href":"https:\/\/blog.edu.turku.fi\/turunklassillinenlukio\/wp-json\/wp\/v2\/pages"}],"about":[{"href":"https:\/\/blog.edu.turku.fi\/turunklassillinenlukio\/wp-json\/wp\/v2\/types\/page"}],"author":[{"embeddable":true,"href":"https:\/\/blog.edu.turku.fi\/turunklassillinenlukio\/wp-json\/wp\/v2\/users\/1368"}],"replies":[{"embeddable":true,"href":"https:\/\/blog.edu.turku.fi\/turunklassillinenlukio\/wp-json\/wp\/v2\/comments?post=4104"}],"version-history":[{"count":1,"href":"https:\/\/blog.edu.turku.fi\/turunklassillinenlukio\/wp-json\/wp\/v2\/pages\/4104\/revisions"}],"predecessor-version":[{"id":4106,"href":"https:\/\/blog.edu.turku.fi\/turunklassillinenlukio\/wp-json\/wp\/v2\/pages\/4104\/revisions\/4106"}],"up":[{"embeddable":true,"href":"https:\/\/blog.edu.turku.fi\/turunklassillinenlukio\/wp-json\/wp\/v2\/pages\/4061"}],"wp:attachment":[{"href":"https:\/\/blog.edu.turku.fi\/turunklassillinenlukio\/wp-json\/wp\/v2\/media?parent=4104"}],"curies":[{"name":"wp","href":"https:\/\/api.w.org\/{rel}","templated":true}]}}