{"id":3671,"date":"2018-01-22T12:29:01","date_gmt":"2018-01-22T10:29:01","guid":{"rendered":"https:\/\/blog.edu.turku.fi\/turunklassillinenlukio\/?page_id=3671"},"modified":"2018-01-29T10:45:01","modified_gmt":"2018-01-29T08:45:01","slug":"suomen-mestaruus-sokrates-vaittelykilpailussa-19-20-1-2018","status":"publish","type":"page","link":"https:\/\/blog.edu.turku.fi\/turunklassillinenlukio\/tapahtumat\/tapahtumia-lukuvuodelta-2017-2018\/suomen-mestaruus-sokrates-vaittelykilpailussa-19-20-1-2018\/","title":{"rendered":"Suomen mestaruus Sokrates-v\u00e4ittelykilpailussa 19.-20.1.2018"},"content":{"rendered":"<p><strong>Klassillisen joukkue vei mestaruuden Sokrates-v\u00e4ittelykilpailussa<\/strong><\/p>\n<p>Turun klassillisen lukion v\u00e4ittelyjoukkue on nuorten v\u00e4ittelyiden Suomen mestari vuosimallia 2018.<\/p>\n<p>Vuosittain Nuorten filosofiatapahtuman yhteydess\u00e4 j\u00e4rjestett\u00e4v\u00e4 Sokrates-v\u00e4ittelykilpailu k\u00e4ytiin 19.1. &#8211; 20.1. Helsingin Paasitornissa. Kisaan osallistui 27 joukkuetta ymp\u00e4ri Suomen. Turun klassillisen lukion v\u00e4ittelij\u00e4t\u00a0Aaro Burmeister, Amanda Puerto-Lichtenberg, Anniina Kankaanp\u00e4\u00e4, Akseli Rautionmaa, Anni Virtanen, Silja Mets\u00e4t\u00e4hti ja Lielan Teinil\u00e4 veiv\u00e4t kisasta kirkkaimman mitalin. Korvaamattomana taustatukena olivat my\u00f6s koko prosessin aikana apuna olleet\u00a0v\u00e4ittelykerholaiset Eemeli V\u00e4is\u00e4nen, Eetu Meri\u00f6 ja Marvell Hommy. Joukkuetta valmentaa filosofian opettaja Laura Apell.<br \/>\n<a href=\"https:\/\/blog.edu.turku.fi\/turunklassillinenlukio\/files\/2018\/01\/joukkue.jpg\"><img loading=\"lazy\" decoding=\"async\" class=\"alignnone wp-image-3675\" src=\"https:\/\/blog.edu.turku.fi\/turunklassillinenlukio\/files\/2018\/01\/joukkue-300x225.jpg\" alt=\"\" width=\"203\" height=\"152\" \/><\/a><\/p>\n<p>Klassillisen joukkue voitti kirkkaasti molemmat alkuer\u00e4ottelunsa, raivasi tiens\u00e4 v\u00e4lierist\u00e4 semifinaaliin ja lopulta finaaliin saakka. Loppuottelussa koulumme v\u00e4ittelij\u00e4t\u00a0kohtasivat Joensuun normaalikoulun lukion. Finaaliaiheeksi osui v\u00e4ite &#8221;Mahdottoman vaatiminen on hyv\u00e4 keino saada muutoksia aikaan&#8221;, ja joukkueemme p\u00e4ihitti siin\u00e4 vastustajansa vieden ykk\u00f6ssijan koko kilpailussa.<\/p>\n<p>V\u00e4ittelykerho perustettiin vasta syksyll\u00e4, ja joukkue on treenannut yhdess\u00e4 vain pari kuukautta. Mestaruus on siis todella huikea saavutus.<\/p>\n<p>Turun klassillinen lukio on ylpe\u00e4 taitavasta joukkueestaan ja onnittelee koko tiimi\u00e4 ja taustavoimia!<\/p>\n<p><strong>V\u00e4ittelyt lauantaina 20.1.<\/strong><\/p>\n<p>VI lohko<br \/>\n19. Linnankosken lukio, Porvoo<br \/>\n20. Kouvolan yhteislyseo<br \/>\n21. Tampereen yliopiston normaalikoulun lukio<\/p>\n<p>klo\u00a0 10-11<br \/>\nLinnankosken lukio \u2013 Kouvolan yhteislyseo \u00a0(302). <strong>Tulos 2-1<\/strong><br \/>\nTuomarit: Paul Nyman, Erik Inberg, Rosa Kaimio<br \/>\nPj: Leila Kiviluoma<\/p>\n<p>klo \u00a012-13<br \/>\nTampereen yliopiston normaalikoulun lukio \u2013 Linnankosken lukio (302). <strong>Tulos 1-2<\/strong><br \/>\nTuomarit: Mikko Leinonen, Joonas Mustonen, \u00a0Erik Inberg<br \/>\nPj: Tuovi P\u00e4\u00e4kk\u00f6nen<\/p>\n<p>klo 14-15<br \/>\nTampereen yliopiston normaalikoulun lukio \u2013 Kouvolan yhteislyseo (303). <strong>Tulos 2-1<\/strong><br \/>\nTuomarit: Annie Talvisto, Minna-Kerttu Vienola ja Maria H\u00e4meen-Anttila<br \/>\nPj: Minna Kujala<\/p>\n<p>VII lohko<br \/>\n22. Salon lukio<br \/>\n23. Luostarivuoren lukio, Turku<br \/>\n24.\u00a0Rovaniemen lyseonpuiston lukio<\/p>\n<p>klo 11-12<br \/>\nSalon lukio \u2013 Rovaniemen lyseonpuiston lukio (302). <strong>Tulos 1-2<\/strong><br \/>\nTuomarit: Joonas Mustonen, Henrik Sawela, Mikko Leinonen<br \/>\nPj: Salomo Juupaluoma<\/p>\n<p>klo 12 -13<br \/>\nLuostarivuoren lukio \u2013 Salon lukio \u00a0(303.<strong>Tulos 1-2<\/strong><br \/>\nTuomarit: Emilia Kukkola, Minna-Kerttu Vienola ja Maria H\u00e4meen-Anttila<br \/>\nPJ: Matti Taneli<\/p>\n<p>klo 14 -15<br \/>\nRovaniemen lyseonpuiston lukio\u00a0\u2013 Luostarivuoren lukio (304) <strong>Tulos 1-2<\/strong><br \/>\nTuomarit: Niko Lempa, Erik Inberg, Joonas Mustonen<br \/>\nPj: Merja Salo<\/p>\n<p>VIII lohko<br \/>\n25. Turun klassillinen lukio<br \/>\n26. Turun lyseo<br \/>\n27. Raision lyseo<\/p>\n<p>klo 11-12<br \/>\nTurun klassillinen lukio \u2013 Raision lyseo (303). <strong>Tulos 2-1<\/strong><br \/>\nTuomarit: Annie Talvisto, Kuisma Keskinen, Ninna Salminen<br \/>\nPj: Laura Apell<\/p>\n<p>klo 12-13<br \/>\nTurun lyseo \u2013 Turun klassillinen lukio (304). <strong>Tulos 1-2<\/strong><br \/>\nTuomarit: Katri H\u00e4meenniemi,Erkki Koskim\u00e4ki, Henrik Sawela<br \/>\nPj: Jaakko Lindfors<\/p>\n<p>klo 14-15<br \/>\nTurun lyseo \u2013 Raision lyseo (302). <strong>Tulos 0-3<\/strong><br \/>\nTuomarit: Ilmari Hirvonen, Rosa Kaimio, Jami Valorinta<br \/>\nPj: Sini Taneli<\/p>\n<p><strong>\u00a0Puoliv\u00e4lier\u00e4t<\/strong><\/p>\n<p>Alkulohkojensa parhaat selviytyv\u00e4t puoliv\u00e4lieriin<\/p>\n<p>klo 10-11<br \/>\nIt\u00e4-Suomen suomalais-ven\u00e4l\u00e4inen koulu \u2013 Kulosaaren lukio. <strong>Tulos 2-1.<\/strong><br \/>\nTuomarit: Niko Lempa, Tarna Kannisto, Emilia Kukkola<br \/>\nPj: V\u00e4ittelevist\u00e4 joukkueista<\/p>\n<p>klo 10-11<br \/>\nTuusulan lukio \u2013 Helsingin normaalilyseo. <strong>Tulos 2-1<br \/>\n<\/strong>Tuomarit: Annika M\u00e4llinen, Venla Kalliokoski, Katri H\u00e4meenniemi<br \/>\nPj: V\u00e4ittelevist\u00e4 joukkueista<\/p>\n<p>klo 16-17<br \/>\nKallion lukio \u2013 Linnankosken lukio. <strong>Tulos 2-1<br \/>\n<\/strong>Tuomarit: Sini Taneli, Jaakko Lindfors, Merja Salo<br \/>\nPj: V\u00e4ittelevist\u00e4 joukkueista<\/p>\n<p>klo 16-17<br \/>\nLuostarivuoren lukio \u2013 Turun klassillinen lukio. <strong>Tulos 1-2<br \/>\n<\/strong>Tuomarit: Ilmari Hirvonen, Tarna Kannisto, Niko Lempa<br \/>\nPj: V\u00e4ittelevist\u00e4 joukkueista<\/p>\n<p><strong>V\u00e4lier\u00e4t<\/strong><\/p>\n<p>klo 13-14<br \/>\nIt\u00e4-Suomen suomalais-ven\u00e4l\u00e4inen koulu \u2013 \u00a0Tuusulan lukio\u00a0\u00a0 Tulos: <strong>2-1<br \/>\n<\/strong>Tuomarit: Matti Taneli,Jaakko Lindfors,Samuli Juupaluoma<br \/>\nPj: V\u00e4ittelevist\u00e4 joukkeista<\/p>\n<p>klo 18-19<br \/>\nKallion lukio\u00a0 \u2013 Turun klassillinen lukio. <strong>Tulos 1-2<br \/>\n<\/strong>Tuomarit: Olli Hakala, Arno Kotro, Hanna-Mari Vanhanen<br \/>\npj: V\u00e4ittelevist\u00e4 joukkueista<\/p>\n<p><strong>FINAALI<\/strong>\u00a0klo 20.30 \u2013 21.30 (Siltasaari-Sali)<br \/>\nIt\u00e4-Suomen suomalais-ven\u00e4l\u00e4inen koulu \u2013 \u00a0Turun klassillinen lukio. <strong>Tulos 1-2<br \/>\n<\/strong>Tuomarit: Ukri Pulliainen, Arno Kotro, Venla Kalliokoski<\/p>\n","protected":false},"excerpt":{"rendered":"<p>Klassillisen joukkue vei mestaruuden Sokrates-v\u00e4ittelykilpailussa Turun klassillisen lukion v\u00e4ittelyjoukkue on nuorten v\u00e4ittelyiden Suomen mestari vuosimallia 2018. Vuosittain Nuorten filosofiatapahtuman yhteydess\u00e4 j\u00e4rjestett\u00e4v\u00e4 Sokrates-v\u00e4ittelykilpailu k\u00e4ytiin 19.1. &#8211; 20.1. Helsingin Paasitornissa. Kisaan osallistui 27 joukkuetta ymp\u00e4ri Suomen. Turun klassillisen lukion v\u00e4ittelij\u00e4t\u00a0Aaro Burmeister, Amanda &hellip; <a href=\"https:\/\/blog.edu.turku.fi\/turunklassillinenlukio\/tapahtumat\/tapahtumia-lukuvuodelta-2017-2018\/suomen-mestaruus-sokrates-vaittelykilpailussa-19-20-1-2018\/\">Lue loppuun <span class=\"meta-nav\">&rarr;<\/span><\/a><\/p>\n","protected":false},"author":1368,"featured_media":0,"parent":3265,"menu_order":0,"comment_status":"closed","ping_status":"closed","template":"","meta":{"footnotes":""},"class_list":["post-3671","page","type-page","status-publish","hentry"],"_links":{"self":[{"href":"https:\/\/blog.edu.turku.fi\/turunklassillinenlukio\/wp-json\/wp\/v2\/pages\/3671","targetHints":{"allow":["GET"]}}],"collection":[{"href":"https:\/\/blog.edu.turku.fi\/turunklassillinenlukio\/wp-json\/wp\/v2\/pages"}],"about":[{"href":"https:\/\/blog.edu.turku.fi\/turunklassillinenlukio\/wp-json\/wp\/v2\/types\/page"}],"author":[{"embeddable":true,"href":"https:\/\/blog.edu.turku.fi\/turunklassillinenlukio\/wp-json\/wp\/v2\/users\/1368"}],"replies":[{"embeddable":true,"href":"https:\/\/blog.edu.turku.fi\/turunklassillinenlukio\/wp-json\/wp\/v2\/comments?post=3671"}],"version-history":[{"count":4,"href":"https:\/\/blog.edu.turku.fi\/turunklassillinenlukio\/wp-json\/wp\/v2\/pages\/3671\/revisions"}],"predecessor-version":[{"id":3693,"href":"https:\/\/blog.edu.turku.fi\/turunklassillinenlukio\/wp-json\/wp\/v2\/pages\/3671\/revisions\/3693"}],"up":[{"embeddable":true,"href":"https:\/\/blog.edu.turku.fi\/turunklassillinenlukio\/wp-json\/wp\/v2\/pages\/3265"}],"wp:attachment":[{"href":"https:\/\/blog.edu.turku.fi\/turunklassillinenlukio\/wp-json\/wp\/v2\/media?parent=3671"}],"curies":[{"name":"wp","href":"https:\/\/api.w.org\/{rel}","templated":true}]}}