{"id":3517,"date":"2017-11-15T10:16:04","date_gmt":"2017-11-15T08:16:04","guid":{"rendered":"https:\/\/blog.edu.turku.fi\/turunklassillinenlukio\/?page_id=3517"},"modified":"2017-11-15T10:16:04","modified_gmt":"2017-11-15T08:16:04","slug":"illilaisten-teatterimatkoja-lukuvuonna-2017-2018","status":"publish","type":"page","link":"https:\/\/blog.edu.turku.fi\/turunklassillinenlukio\/tapahtumat\/tapahtumia-lukuvuodelta-2017-2018\/illilaisten-teatterimatkoja-lukuvuonna-2017-2018\/","title":{"rendered":"Illil\u00e4isten teatterimatkoja lukuvuonna 2017-2018"},"content":{"rendered":"<p><a href=\"https:\/\/blog.edu.turku.fi\/turunklassillinenlukio\/files\/2014\/08\/Klassillisen-logo-laakerilla_illi.jpg\"><img loading=\"lazy\" decoding=\"async\" class=\"alignnone  wp-image-3441\" src=\"https:\/\/blog.edu.turku.fi\/turunklassillinenlukio\/files\/2014\/08\/Klassillisen-logo-laakerilla_illi-300x142.jpg\" alt=\"\" width=\"226\" height=\"107\" \/><\/a><br \/>\nIlmaisulinjan opiskelijoiden useisiin teatteri-ilmaisun kursseihin kuuluu osasuorituksena teatterik\u00e4ynti tai muu vierailuk\u00e4ynti. T\u00e4n\u00e4 lukuvuonna opiskelijat ovat p\u00e4\u00e4sseet mm. seuraaviin teatterin\u00e4yt\u00f6ksiin:<\/p>\n<ul>\n<li>torstaina 21.9. kaikki 1. vuoden illi-opiskelijat tekiv\u00e4t teatterimatkan Helsingin <a href=\"http:\/\/www.q-teatteri.fi\/\">Q-teatteriin<\/a> katsomaan <em>Saara Turusen\u00a0<\/em>Tavallisuuden aave -n\u00e4ytelm\u00e4\u00e4<\/li>\n<li>tiistaina 26.9. Dramaturgia 1 -kurssilaiset olivat <a href=\"http:\/\/turunylioppilasteatteri.fi\/\">Turun ylioppilasteatterissa<\/a> katsomassa n\u00e4ytelm\u00e4n T\u00e4ydellinen p\u00e4iv\u00e4<\/li>\n<li>perjantaina N\u00e4yttelij\u00e4nty\u00f6 1 -kurssilaiset olivat <a href=\"http:\/\/teatteriakseli.fi\/\">Teatteri Akselissa<\/a> katsomassa n\u00e4ytelm\u00e4n Tohvelisankarin rouva<\/li>\n<li>torstaina 12.10 Nykyteatteri-kurssin opiskelijat olivat katsomassa <a href=\"http:\/\/www.tehdasteatteri.fi\/2015\/fi\/\">TEHDAS teatterissa<\/a> n\u00e4ytelm\u00e4n Finncycling Suomi-Perkele ja torstaina 9.11. <a href=\"https:\/\/www.turkuamk.fi\/fi\/turun-amk\/yksikot-ja-kampukset\/taideakatemia\/\">Turun ammattikorkeakoulun Taideakatemialla<\/a> vierailuk\u00e4ynnill\u00e4 ja katsomassa n\u00e4ytelm\u00e4n Nis\u00e4k\u00e4stalo<\/li>\n<li>perjantaina 10.11. Tutkivateatteri-kurssin opiskelijat olivat katsomassa <a href=\"http:\/\/www.nuoriteatteri.com\/\">Turun Nuoressa Teatterissa<\/a> n\u00e4ytelm\u00e4n Sairaan kaunis maailma<\/li>\n<li>keskiviikkona 22.11. Luova kirjoittaminen -kurssilaiset osallistuivat <a href=\"http:\/\/teatteri.turku.fi\/\">Turun Kaupunginteatterin<\/a> Sopukassa j\u00e4rjestettyyn n\u00e4ytelm\u00e4kirjailijoiden yleis\u00f6tilaisuuteen<\/li>\n<\/ul>\n","protected":false},"excerpt":{"rendered":"<p>Ilmaisulinjan opiskelijoiden useisiin teatteri-ilmaisun kursseihin kuuluu osasuorituksena teatterik\u00e4ynti tai muu vierailuk\u00e4ynti. T\u00e4n\u00e4 lukuvuonna opiskelijat ovat p\u00e4\u00e4sseet mm. seuraaviin teatterin\u00e4yt\u00f6ksiin: torstaina 21.9. kaikki 1. vuoden illi-opiskelijat tekiv\u00e4t teatterimatkan Helsingin Q-teatteriin katsomaan Saara Turusen\u00a0Tavallisuuden aave -n\u00e4ytelm\u00e4\u00e4 tiistaina 26.9. Dramaturgia 1 -kurssilaiset olivat &hellip; <a href=\"https:\/\/blog.edu.turku.fi\/turunklassillinenlukio\/tapahtumat\/tapahtumia-lukuvuodelta-2017-2018\/illilaisten-teatterimatkoja-lukuvuonna-2017-2018\/\">Lue loppuun <span class=\"meta-nav\">&rarr;<\/span><\/a><\/p>\n","protected":false},"author":1368,"featured_media":0,"parent":3265,"menu_order":0,"comment_status":"closed","ping_status":"closed","template":"","meta":{"footnotes":""},"class_list":["post-3517","page","type-page","status-publish","hentry"],"_links":{"self":[{"href":"https:\/\/blog.edu.turku.fi\/turunklassillinenlukio\/wp-json\/wp\/v2\/pages\/3517","targetHints":{"allow":["GET"]}}],"collection":[{"href":"https:\/\/blog.edu.turku.fi\/turunklassillinenlukio\/wp-json\/wp\/v2\/pages"}],"about":[{"href":"https:\/\/blog.edu.turku.fi\/turunklassillinenlukio\/wp-json\/wp\/v2\/types\/page"}],"author":[{"embeddable":true,"href":"https:\/\/blog.edu.turku.fi\/turunklassillinenlukio\/wp-json\/wp\/v2\/users\/1368"}],"replies":[{"embeddable":true,"href":"https:\/\/blog.edu.turku.fi\/turunklassillinenlukio\/wp-json\/wp\/v2\/comments?post=3517"}],"version-history":[{"count":1,"href":"https:\/\/blog.edu.turku.fi\/turunklassillinenlukio\/wp-json\/wp\/v2\/pages\/3517\/revisions"}],"predecessor-version":[{"id":3518,"href":"https:\/\/blog.edu.turku.fi\/turunklassillinenlukio\/wp-json\/wp\/v2\/pages\/3517\/revisions\/3518"}],"up":[{"embeddable":true,"href":"https:\/\/blog.edu.turku.fi\/turunklassillinenlukio\/wp-json\/wp\/v2\/pages\/3265"}],"wp:attachment":[{"href":"https:\/\/blog.edu.turku.fi\/turunklassillinenlukio\/wp-json\/wp\/v2\/media?parent=3517"}],"curies":[{"name":"wp","href":"https:\/\/api.w.org\/{rel}","templated":true}]}}