{"id":3510,"date":"2017-11-13T09:54:03","date_gmt":"2017-11-13T07:54:03","guid":{"rendered":"https:\/\/blog.edu.turku.fi\/turunklassillinenlukio\/?page_id=3510"},"modified":"2017-11-13T09:55:16","modified_gmt":"2017-11-13T07:55:16","slug":"tyyn-kehitysyhteistyosiipi-vierailulla-30-10-2017","status":"publish","type":"page","link":"https:\/\/blog.edu.turku.fi\/turunklassillinenlukio\/tapahtumat\/tapahtumia-lukuvuodelta-2017-2018\/tyyn-kehitysyhteistyosiipi-vierailulla-30-10-2017\/","title":{"rendered":"TYY:n Kehitysyhteisty\u00f6siipi vierailulla 30.10.2017"},"content":{"rendered":"<p>Maantieteen ykk\u00f6skursseilla k\u00e4vi vieraita Turun yliopiston Oppilaskunnan Kehitysyhteisty\u00f6siivest\u00e4. Paikalla olivat siiven puheenjohtaja Heidi Saarinen sek\u00e4 j\u00e4senet Karoliina Kuusela ja Rume Siemuri. Aiheena heill\u00e4 oli kest\u00e4v\u00e4 kehitys ja ymp\u00e4rist\u00f6ongelmat, erityisesti muovin vaikutukset ekosysteemeihin sek\u00e4 teollisuus- ett\u00e4 kehitysmaissa. Vierailijat esitteliv\u00e4t my\u00f6s keinoja v\u00e4hent\u00e4\u00e4 muovij\u00e4tett\u00e4 esim. kierr\u00e4tt\u00e4m\u00e4ll\u00e4.<br \/>\n<a href=\"https:\/\/blog.edu.turku.fi\/turunklassillinenlukio\/files\/2017\/11\/kehitysyhteistyosiipi.jpg\"><img loading=\"lazy\" decoding=\"async\" class=\"size-medium wp-image-3512 alignright\" src=\"https:\/\/blog.edu.turku.fi\/turunklassillinenlukio\/files\/2017\/11\/kehitysyhteistyosiipi-300x101.jpg\" alt=\"\" width=\"300\" height=\"101\" srcset=\"https:\/\/blog.edu.turku.fi\/turunklassillinenlukio\/files\/2017\/11\/kehitysyhteistyosiipi-300x101.jpg 300w, https:\/\/blog.edu.turku.fi\/turunklassillinenlukio\/files\/2017\/11\/kehitysyhteistyosiipi.jpg 770w\" sizes=\"auto, (max-width: 300px) 100vw, 300px\" \/><\/a>Kehitysyhteisty\u00f6siipi ty\u00f6skentelee osana kehitysyhteisty\u00f6sektoria ja edist\u00e4\u00e4 YK:n kest\u00e4v\u00e4n kehityksen tavoitteita ylioppilaskunnassa. Siipi ty\u00f6skentelee TYYn kehitysyhteisty\u00f6hankkeiden parissa, osallistuu tulevaisuuden kehitysyhteisty\u00f6kohteiden valintaan ja kokonaisuuden suunnitteluun. Siipi osallistuu kehitysyhteisty\u00f6tapahtumiin ja -tempauksiin sek\u00e4 j\u00e4rjest\u00e4\u00e4 omia tapahtumia, kuten TYYn kest\u00e4v\u00e4n kehityksen viikon ja tekev\u00e4t vierailuja oppilaitoksiin, t\u00e4ll\u00e4 kertaa siis t\u00e4nne Turun klassilliseen lukioon.<\/p>\n","protected":false},"excerpt":{"rendered":"<p>Maantieteen ykk\u00f6skursseilla k\u00e4vi vieraita Turun yliopiston Oppilaskunnan Kehitysyhteisty\u00f6siivest\u00e4. Paikalla olivat siiven puheenjohtaja Heidi Saarinen sek\u00e4 j\u00e4senet Karoliina Kuusela ja Rume Siemuri. Aiheena heill\u00e4 oli kest\u00e4v\u00e4 kehitys ja ymp\u00e4rist\u00f6ongelmat, erityisesti muovin vaikutukset ekosysteemeihin sek\u00e4 teollisuus- ett\u00e4 kehitysmaissa. Vierailijat esitteliv\u00e4t my\u00f6s keinoja &hellip; <a href=\"https:\/\/blog.edu.turku.fi\/turunklassillinenlukio\/tapahtumat\/tapahtumia-lukuvuodelta-2017-2018\/tyyn-kehitysyhteistyosiipi-vierailulla-30-10-2017\/\">Lue loppuun <span class=\"meta-nav\">&rarr;<\/span><\/a><\/p>\n","protected":false},"author":1368,"featured_media":0,"parent":3265,"menu_order":0,"comment_status":"closed","ping_status":"closed","template":"","meta":{"footnotes":""},"class_list":["post-3510","page","type-page","status-publish","hentry"],"_links":{"self":[{"href":"https:\/\/blog.edu.turku.fi\/turunklassillinenlukio\/wp-json\/wp\/v2\/pages\/3510","targetHints":{"allow":["GET"]}}],"collection":[{"href":"https:\/\/blog.edu.turku.fi\/turunklassillinenlukio\/wp-json\/wp\/v2\/pages"}],"about":[{"href":"https:\/\/blog.edu.turku.fi\/turunklassillinenlukio\/wp-json\/wp\/v2\/types\/page"}],"author":[{"embeddable":true,"href":"https:\/\/blog.edu.turku.fi\/turunklassillinenlukio\/wp-json\/wp\/v2\/users\/1368"}],"replies":[{"embeddable":true,"href":"https:\/\/blog.edu.turku.fi\/turunklassillinenlukio\/wp-json\/wp\/v2\/comments?post=3510"}],"version-history":[{"count":3,"href":"https:\/\/blog.edu.turku.fi\/turunklassillinenlukio\/wp-json\/wp\/v2\/pages\/3510\/revisions"}],"predecessor-version":[{"id":3514,"href":"https:\/\/blog.edu.turku.fi\/turunklassillinenlukio\/wp-json\/wp\/v2\/pages\/3510\/revisions\/3514"}],"up":[{"embeddable":true,"href":"https:\/\/blog.edu.turku.fi\/turunklassillinenlukio\/wp-json\/wp\/v2\/pages\/3265"}],"wp:attachment":[{"href":"https:\/\/blog.edu.turku.fi\/turunklassillinenlukio\/wp-json\/wp\/v2\/media?parent=3510"}],"curies":[{"name":"wp","href":"https:\/\/api.w.org\/{rel}","templated":true}]}}