{"id":3384,"date":"2017-10-16T18:20:17","date_gmt":"2017-10-16T15:20:17","guid":{"rendered":"https:\/\/blog.edu.turku.fi\/turunklassillinenlukio\/?page_id=3384"},"modified":"2017-10-16T18:20:17","modified_gmt":"2017-10-16T15:20:17","slug":"escape-room-to-the-future-13-10-2017-kakolan-laaninvankilassa","status":"publish","type":"page","link":"https:\/\/blog.edu.turku.fi\/turunklassillinenlukio\/tapahtumat\/tapahtumia-lukuvuodelta-2017-2018\/escape-room-to-the-future-13-10-2017-kakolan-laaninvankilassa\/","title":{"rendered":"Escape room to the future 13.10.2017 Kakolan l\u00e4\u00e4ninvankilassa"},"content":{"rendered":"<p>Finland Youth Forum oli Suomen Nuorkauppakamarien j\u00e4rjest\u00e4m\u00e4 tapahtuma, joka kokosi yhteen yritysel\u00e4m\u00e4n, julkisen sektorin, j\u00e4rjest\u00f6kent\u00e4n ja politiikan tulevaisuuden lupaukset. Forumin avulla koko t\u00e4m\u00e4 ainutlaatuinen osallistujajoukko sai tilaisuuden pohtia yhdess\u00e4 vastauksia siihen, millaisilla innovaatioilla Suomi p\u00e4rj\u00e4\u00e4 seuraavan 100 vuotta alati muuttuvassa maailmassa.<\/p>\n<p><a href=\"https:\/\/blog.edu.turku.fi\/turunklassillinenlukio\/files\/2017\/10\/Escaperoomtothefuture2.jpg\"><img loading=\"lazy\" decoding=\"async\" class=\"alignnone size-medium wp-image-3385\" src=\"https:\/\/blog.edu.turku.fi\/turunklassillinenlukio\/files\/2017\/10\/Escaperoomtothefuture2-300x144.jpg\" alt=\"\" width=\"300\" height=\"144\" \/><\/a><\/p>\n<p>Forum toteutettiin Turussa, Kakolan vankilan selliosastolla teemalla Escape room to the furure. Vankilan karu ymp\u00e4rist\u00f6 loi tapahtumalle ainutkertaiset puitteet. Tapahtuman tuotoksena pyrittiin luomaan ratkaisun avaimia niin mukaan l\u00e4hteneiden innovatiivisten yritysten haasteisiin kuin my\u00f6s maailmanlaajuisiin YK:n kehitystavoitteisiin. Finland Youth Forum toteutettiin k\u00e4yt\u00e4nn\u00f6ss\u00e4 siten, ett\u00e4 vankilan selleihin oli rakennettu erilaisia teemahuoneita haasteiden ymp\u00e4rille. Uudenlaiset ideat ja ratkaisut kirjoitettiin sellien seiniin ja p\u00e4\u00e4stiin siirtym\u00e4\u00e4n seuraavaan selliin ja haasteeseen. Pelin p\u00e4\u00e4ttyess\u00e4 osallistujat kokoontuivat vankilan kirkkoon. Kaikkein sellien tuotokset tullaan kokoamaan yhteiselle alustalle, josta niit\u00e4 voidaan tarkastella ja k\u00e4yd\u00e4 l\u00e4pi.<\/p>\n<p>Lukiostamme tapahtumaan osallistui terveystiedon opsikelijoita TE02-kurssilta ja he p\u00e4\u00e4siv\u00f6t n\u00e4in j\u00e4tt\u00e4m\u00e4\u00e4n k\u00e4denj\u00e4lkens\u00e4 maailmanlaajuisiin kest\u00e4v\u00e4n kehityksen haasteisiin.<\/p>\n<p>Lis\u00e4\u00e4 tietoa tapahtumasta l\u00f6yd\u00e4t <a href=\"http:\/\/finlandyouthforum.fi\/\">t\u00e4\u00e4lt\u00e4<\/a>.<\/p>\n","protected":false},"excerpt":{"rendered":"<p>Finland Youth Forum oli Suomen Nuorkauppakamarien j\u00e4rjest\u00e4m\u00e4 tapahtuma, joka kokosi yhteen yritysel\u00e4m\u00e4n, julkisen sektorin, j\u00e4rjest\u00f6kent\u00e4n ja politiikan tulevaisuuden lupaukset. Forumin avulla koko t\u00e4m\u00e4 ainutlaatuinen osallistujajoukko sai tilaisuuden pohtia yhdess\u00e4 vastauksia siihen, millaisilla innovaatioilla Suomi p\u00e4rj\u00e4\u00e4 seuraavan 100 vuotta alati muuttuvassa &hellip; <a href=\"https:\/\/blog.edu.turku.fi\/turunklassillinenlukio\/tapahtumat\/tapahtumia-lukuvuodelta-2017-2018\/escape-room-to-the-future-13-10-2017-kakolan-laaninvankilassa\/\">Lue loppuun <span class=\"meta-nav\">&rarr;<\/span><\/a><\/p>\n","protected":false},"author":1368,"featured_media":0,"parent":3265,"menu_order":0,"comment_status":"closed","ping_status":"closed","template":"","meta":{"footnotes":""},"class_list":["post-3384","page","type-page","status-publish","hentry"],"_links":{"self":[{"href":"https:\/\/blog.edu.turku.fi\/turunklassillinenlukio\/wp-json\/wp\/v2\/pages\/3384","targetHints":{"allow":["GET"]}}],"collection":[{"href":"https:\/\/blog.edu.turku.fi\/turunklassillinenlukio\/wp-json\/wp\/v2\/pages"}],"about":[{"href":"https:\/\/blog.edu.turku.fi\/turunklassillinenlukio\/wp-json\/wp\/v2\/types\/page"}],"author":[{"embeddable":true,"href":"https:\/\/blog.edu.turku.fi\/turunklassillinenlukio\/wp-json\/wp\/v2\/users\/1368"}],"replies":[{"embeddable":true,"href":"https:\/\/blog.edu.turku.fi\/turunklassillinenlukio\/wp-json\/wp\/v2\/comments?post=3384"}],"version-history":[{"count":1,"href":"https:\/\/blog.edu.turku.fi\/turunklassillinenlukio\/wp-json\/wp\/v2\/pages\/3384\/revisions"}],"predecessor-version":[{"id":3386,"href":"https:\/\/blog.edu.turku.fi\/turunklassillinenlukio\/wp-json\/wp\/v2\/pages\/3384\/revisions\/3386"}],"up":[{"embeddable":true,"href":"https:\/\/blog.edu.turku.fi\/turunklassillinenlukio\/wp-json\/wp\/v2\/pages\/3265"}],"wp:attachment":[{"href":"https:\/\/blog.edu.turku.fi\/turunklassillinenlukio\/wp-json\/wp\/v2\/media?parent=3384"}],"curies":[{"name":"wp","href":"https:\/\/api.w.org\/{rel}","templated":true}]}}