{"id":3278,"date":"2017-09-08T13:06:10","date_gmt":"2017-09-08T10:06:10","guid":{"rendered":"https:\/\/blog.edu.turku.fi\/turunklassillinenlukio\/?page_id=3278"},"modified":"2017-09-08T13:06:21","modified_gmt":"2017-09-08T10:06:21","slug":"kun-koulu-loppuu-kiertue-koulullamme-28-8-2017","status":"publish","type":"page","link":"https:\/\/blog.edu.turku.fi\/turunklassillinenlukio\/tapahtumat\/tapahtumia-lukuvuodelta-2017-2018\/kun-koulu-loppuu-kiertue-koulullamme-28-8-2017\/","title":{"rendered":"Kun koulu loppuu -kiertue koulullamme 28.8.2017"},"content":{"rendered":"<p>Kun koulu loppuu -kiertue vieraili koulullamme maanantaina 28.8.2017.<\/p>\n<p>Tavoitteena on auttaa luokiolaisia l\u00f6yt\u00e4m\u00e4\u00e4n omat ammatilliset unelmansa ja kannustaa niiden saavuttamisessa. Kahdessa samansis\u00e4lt\u00f6isess\u00e4 tilaisuudessa kuultiin inspiroivaa asiaa ty\u00f6el\u00e4m\u00e4st\u00e4 ja yritt\u00e4jyydest\u00e4. Digitaalisessa Kun koulu loppuu -rekassa abit p\u00e4\u00e4siv\u00e4t tekem\u00e4\u00e4n itsest\u00e4\u00e4n videoesittelyn, testaamaan Duunikonetta, ideoimaan nuorten yritt\u00e4jien kanssa sek\u00e4 avaamaan omia unelmiaan.<\/p>\n","protected":false},"excerpt":{"rendered":"<p>Kun koulu loppuu -kiertue vieraili koulullamme maanantaina 28.8.2017. Tavoitteena on auttaa luokiolaisia l\u00f6yt\u00e4m\u00e4\u00e4n omat ammatilliset unelmansa ja kannustaa niiden saavuttamisessa. Kahdessa samansis\u00e4lt\u00f6isess\u00e4 tilaisuudessa kuultiin inspiroivaa asiaa ty\u00f6el\u00e4m\u00e4st\u00e4 ja yritt\u00e4jyydest\u00e4. Digitaalisessa Kun koulu loppuu -rekassa abit p\u00e4\u00e4siv\u00e4t tekem\u00e4\u00e4n itsest\u00e4\u00e4n videoesittelyn, testaamaan &hellip; <a href=\"https:\/\/blog.edu.turku.fi\/turunklassillinenlukio\/tapahtumat\/tapahtumia-lukuvuodelta-2017-2018\/kun-koulu-loppuu-kiertue-koulullamme-28-8-2017\/\">Lue loppuun <span class=\"meta-nav\">&rarr;<\/span><\/a><\/p>\n","protected":false},"author":1368,"featured_media":0,"parent":3265,"menu_order":0,"comment_status":"closed","ping_status":"closed","template":"","meta":{"footnotes":""},"class_list":["post-3278","page","type-page","status-publish","hentry"],"_links":{"self":[{"href":"https:\/\/blog.edu.turku.fi\/turunklassillinenlukio\/wp-json\/wp\/v2\/pages\/3278","targetHints":{"allow":["GET"]}}],"collection":[{"href":"https:\/\/blog.edu.turku.fi\/turunklassillinenlukio\/wp-json\/wp\/v2\/pages"}],"about":[{"href":"https:\/\/blog.edu.turku.fi\/turunklassillinenlukio\/wp-json\/wp\/v2\/types\/page"}],"author":[{"embeddable":true,"href":"https:\/\/blog.edu.turku.fi\/turunklassillinenlukio\/wp-json\/wp\/v2\/users\/1368"}],"replies":[{"embeddable":true,"href":"https:\/\/blog.edu.turku.fi\/turunklassillinenlukio\/wp-json\/wp\/v2\/comments?post=3278"}],"version-history":[{"count":1,"href":"https:\/\/blog.edu.turku.fi\/turunklassillinenlukio\/wp-json\/wp\/v2\/pages\/3278\/revisions"}],"predecessor-version":[{"id":3279,"href":"https:\/\/blog.edu.turku.fi\/turunklassillinenlukio\/wp-json\/wp\/v2\/pages\/3278\/revisions\/3279"}],"up":[{"embeddable":true,"href":"https:\/\/blog.edu.turku.fi\/turunklassillinenlukio\/wp-json\/wp\/v2\/pages\/3265"}],"wp:attachment":[{"href":"https:\/\/blog.edu.turku.fi\/turunklassillinenlukio\/wp-json\/wp\/v2\/media?parent=3278"}],"curies":[{"name":"wp","href":"https:\/\/api.w.org\/{rel}","templated":true}]}}