{"id":3267,"date":"2017-09-07T15:09:13","date_gmt":"2017-09-07T12:09:13","guid":{"rendered":"https:\/\/blog.edu.turku.fi\/turunklassillinenlukio\/?page_id=3267"},"modified":"2018-11-13T08:54:50","modified_gmt":"2018-11-13T06:54:50","slug":"anna-sofia-alitalon-edinburghin-yliopistosta-vierailulla","status":"publish","type":"page","link":"https:\/\/blog.edu.turku.fi\/turunklassillinenlukio\/tapahtumat\/tapahtumia-lukuvuodelta-2017-2018\/anna-sofia-alitalon-edinburghin-yliopistosta-vierailulla\/","title":{"rendered":"Anna-Sofia Alitalon Edinburghin yliopistosta vierailulla 31.8.2017"},"content":{"rendered":"<p>Torstaina 31.8. entinen opiskelijamme Anna-Sofia Alitalo Edinburghin yliopistosta k\u00e4vi kertomassa Rooma-kerhollemme. H\u00e4n kertoi esityksess\u00e4\u00e4n sek\u00e4 v\u00e4reist\u00e4 antiikin Roomassa ett\u00e4 opiskelusta ulkomailla! Roomakerholaiset kuuntelivat tarinoita intensiivisesti ja imiv\u00e4t tietoa itselleen tulevaa Rooman matkaa varten.<\/p>\n<p><a href=\"https:\/\/blog.edu.turku.fi\/turunklassillinenlukio\/files\/2017\/09\/Alitalo.jpg\"><img loading=\"lazy\" decoding=\"async\" class=\"alignnone wp-image-3268\" src=\"https:\/\/blog.edu.turku.fi\/turunklassillinenlukio\/files\/2017\/09\/Alitalo-300x225.jpg\" alt=\"\" width=\"379\" height=\"284\" srcset=\"https:\/\/blog.edu.turku.fi\/turunklassillinenlukio\/files\/2017\/09\/Alitalo-300x225.jpg 300w, https:\/\/blog.edu.turku.fi\/turunklassillinenlukio\/files\/2017\/09\/Alitalo.jpg 960w\" sizes=\"auto, (max-width: 379px) 100vw, 379px\" \/><\/a><\/p>\n","protected":false},"excerpt":{"rendered":"<p>Torstaina 31.8. entinen opiskelijamme Anna-Sofia Alitalo Edinburghin yliopistosta k\u00e4vi kertomassa Rooma-kerhollemme. H\u00e4n kertoi esityksess\u00e4\u00e4n sek\u00e4 v\u00e4reist\u00e4 antiikin Roomassa ett\u00e4 opiskelusta ulkomailla! Roomakerholaiset kuuntelivat tarinoita intensiivisesti ja imiv\u00e4t tietoa itselleen tulevaa Rooman matkaa varten.<\/p>\n","protected":false},"author":1368,"featured_media":0,"parent":3265,"menu_order":0,"comment_status":"closed","ping_status":"closed","template":"","meta":{"footnotes":""},"class_list":["post-3267","page","type-page","status-publish","hentry"],"_links":{"self":[{"href":"https:\/\/blog.edu.turku.fi\/turunklassillinenlukio\/wp-json\/wp\/v2\/pages\/3267","targetHints":{"allow":["GET"]}}],"collection":[{"href":"https:\/\/blog.edu.turku.fi\/turunklassillinenlukio\/wp-json\/wp\/v2\/pages"}],"about":[{"href":"https:\/\/blog.edu.turku.fi\/turunklassillinenlukio\/wp-json\/wp\/v2\/types\/page"}],"author":[{"embeddable":true,"href":"https:\/\/blog.edu.turku.fi\/turunklassillinenlukio\/wp-json\/wp\/v2\/users\/1368"}],"replies":[{"embeddable":true,"href":"https:\/\/blog.edu.turku.fi\/turunklassillinenlukio\/wp-json\/wp\/v2\/comments?post=3267"}],"version-history":[{"count":3,"href":"https:\/\/blog.edu.turku.fi\/turunklassillinenlukio\/wp-json\/wp\/v2\/pages\/3267\/revisions"}],"predecessor-version":[{"id":4279,"href":"https:\/\/blog.edu.turku.fi\/turunklassillinenlukio\/wp-json\/wp\/v2\/pages\/3267\/revisions\/4279"}],"up":[{"embeddable":true,"href":"https:\/\/blog.edu.turku.fi\/turunklassillinenlukio\/wp-json\/wp\/v2\/pages\/3265"}],"wp:attachment":[{"href":"https:\/\/blog.edu.turku.fi\/turunklassillinenlukio\/wp-json\/wp\/v2\/media?parent=3267"}],"curies":[{"name":"wp","href":"https:\/\/api.w.org\/{rel}","templated":true}]}}