{"id":2862,"date":"2016-12-12T15:00:42","date_gmt":"2016-12-12T13:00:42","guid":{"rendered":"https:\/\/blog.edu.turku.fi\/turunklassillinenlukio\/?page_id=2862"},"modified":"2016-12-12T15:00:56","modified_gmt":"2016-12-12T13:00:56","slug":"anne-frankin-nayttely-joulukuu-2016-tammikuu-2017","status":"publish","type":"page","link":"https:\/\/blog.edu.turku.fi\/turunklassillinenlukio\/tapahtumat\/tapahtumia-lukuvuodelta-2016-2017\/anne-frankin-nayttely-joulukuu-2016-tammikuu-2017\/","title":{"rendered":"Anne Frankin n\u00e4yttely joulukuu 2016 &#8211; tammikuu 2017"},"content":{"rendered":"<p>Koulumme l\u00e4hti yhteisty\u00f6kouluksi Rauhankasvatusinstituutti Ry:lle hollantilaisen Anne Frank Housen ja Helsingin kaupungin kirjaston tuottamaan &#8221;Anne Frank -historiaa nykyp\u00e4iv\u00e4lle&#8221;-n\u00e4yttelyprojektiin.\u00a0 N\u00e4yttelyprojektia hy\u00f6dynnet\u00e4\u00e4n esimerkiksi lukion historian syvent\u00e4v\u00e4n\u00e4 kurssina ja antoi oivan mahdollisuuden j\u00e4rjest\u00e4\u00e4 opiskelijoille oppiainerajat ylitt\u00e4v\u00e4\u00e4 opetusta.<\/p>\n<p>N\u00e4yttely kertoo Anne Frankin kokemuksista holokaustin aikana, ja se soveltuu hyvin osaksi lukion historian opetusta. \u00a0N\u00e4yttely ei kuitenkaan ole pelkk\u00e4\u00e4 historian tapahtumien l\u00e4pik\u00e4ymist\u00e4, vaan sen avulla pyrit\u00e4\u00e4n lis\u00e4\u00e4m\u00e4\u00e4n keskustelua edelleen ajankohtaisista monikulttuurisuuden ja yhdenvertaisuuden teemoista. N\u00e4yttelyn ytimen muodostavat lainaukset Anne Frankin p\u00e4iv\u00e4kirjasta ja valokuvat h\u00e4nen perheest\u00e4\u00e4n. Siin\u00e4 seurataan my\u00f6s muiden henkil\u00f6iden kokemuksia syrjinn\u00e4st\u00e4 ja vainosta sek\u00e4 Suomen roolia toisen maailmansodan aikana.<\/p>\n<p>T\u00e4rke\u00e4 osa n\u00e4yttelyprojektia ovat nuorten vertaisoppaiden koulutukset ja heid\u00e4n vet\u00e4m\u00e4t opastuskierrokset, jonka vuoksi projekti voidaan hyvin n\u00e4hd\u00e4 my\u00f6s osana \u00e4idinkielen ja esiintymistaitojen opetusta. Rauhankasvatusinstituutti koulutti vertaisoppaat kahden p\u00e4iv\u00e4n mittaisessa koulutuksessa. Opastukset nostavat n\u00e4yttelyst\u00e4 esiin nuoria kiinnostavia teemoja osallistavalla ja ajatuksia her\u00e4tt\u00e4v\u00e4ll\u00e4 tavalla.<\/p>\n<p>N\u00e4yttely on koulullamme joulukuun 2016 &#8211; tammikuun 2017.<\/p>\n","protected":false},"excerpt":{"rendered":"<p>Koulumme l\u00e4hti yhteisty\u00f6kouluksi Rauhankasvatusinstituutti Ry:lle hollantilaisen Anne Frank Housen ja Helsingin kaupungin kirjaston tuottamaan &#8221;Anne Frank -historiaa nykyp\u00e4iv\u00e4lle&#8221;-n\u00e4yttelyprojektiin.\u00a0 N\u00e4yttelyprojektia hy\u00f6dynnet\u00e4\u00e4n esimerkiksi lukion historian syvent\u00e4v\u00e4n\u00e4 kurssina ja antoi oivan mahdollisuuden j\u00e4rjest\u00e4\u00e4 opiskelijoille oppiainerajat ylitt\u00e4v\u00e4\u00e4 opetusta. N\u00e4yttely kertoo Anne Frankin kokemuksista holokaustin &hellip; <a href=\"https:\/\/blog.edu.turku.fi\/turunklassillinenlukio\/tapahtumat\/tapahtumia-lukuvuodelta-2016-2017\/anne-frankin-nayttely-joulukuu-2016-tammikuu-2017\/\">Lue loppuun <span class=\"meta-nav\">&rarr;<\/span><\/a><\/p>\n","protected":false},"author":1368,"featured_media":0,"parent":2711,"menu_order":0,"comment_status":"closed","ping_status":"closed","template":"","meta":{"footnotes":""},"class_list":["post-2862","page","type-page","status-publish","hentry"],"_links":{"self":[{"href":"https:\/\/blog.edu.turku.fi\/turunklassillinenlukio\/wp-json\/wp\/v2\/pages\/2862","targetHints":{"allow":["GET"]}}],"collection":[{"href":"https:\/\/blog.edu.turku.fi\/turunklassillinenlukio\/wp-json\/wp\/v2\/pages"}],"about":[{"href":"https:\/\/blog.edu.turku.fi\/turunklassillinenlukio\/wp-json\/wp\/v2\/types\/page"}],"author":[{"embeddable":true,"href":"https:\/\/blog.edu.turku.fi\/turunklassillinenlukio\/wp-json\/wp\/v2\/users\/1368"}],"replies":[{"embeddable":true,"href":"https:\/\/blog.edu.turku.fi\/turunklassillinenlukio\/wp-json\/wp\/v2\/comments?post=2862"}],"version-history":[{"count":1,"href":"https:\/\/blog.edu.turku.fi\/turunklassillinenlukio\/wp-json\/wp\/v2\/pages\/2862\/revisions"}],"predecessor-version":[{"id":2863,"href":"https:\/\/blog.edu.turku.fi\/turunklassillinenlukio\/wp-json\/wp\/v2\/pages\/2862\/revisions\/2863"}],"up":[{"embeddable":true,"href":"https:\/\/blog.edu.turku.fi\/turunklassillinenlukio\/wp-json\/wp\/v2\/pages\/2711"}],"wp:attachment":[{"href":"https:\/\/blog.edu.turku.fi\/turunklassillinenlukio\/wp-json\/wp\/v2\/media?parent=2862"}],"curies":[{"name":"wp","href":"https:\/\/api.w.org\/{rel}","templated":true}]}}